{"version":"1.0","provider_name":"CARMELITAS DESCAL\u00c7OS","provider_url":"https:\/\/www.carmelitaniscalzi.com\/pt-br\/","title":"Padre Saverio na festa da comunidade do Teresianum - CARMELITAS DESCAL\u00c7OS","type":"rich","width":600,"height":338,"html":"<blockquote class=\"wp-embedded-content\" data-secret=\"vdphfPmG8a\"><a href=\"https:\/\/www.carmelitaniscalzi.com\/pt-br\/2018\/03\/28\/padre-saverio-na-festa-comunidade-do-teresianum\/\">Padre Saverio na festa da comunidade do Teresianum<\/a><\/blockquote><iframe sandbox=\"allow-scripts\" security=\"restricted\" src=\"https:\/\/www.carmelitaniscalzi.com\/pt-br\/2018\/03\/28\/padre-saverio-na-festa-comunidade-do-teresianum\/embed\/#?secret=vdphfPmG8a\" width=\"600\" height=\"338\" title=\"&#8220;Padre Saverio na festa da comunidade do Teresianum&#8221; &#8212; CARMELITAS DESCAL\u00c7OS\" data-secret=\"vdphfPmG8a\" frameborder=\"0\" marginwidth=\"0\" marginheight=\"0\" scrolling=\"no\" class=\"wp-embedded-content\"><\/iframe><script type=\"text\/javascript\">\n\/* <![CDATA[ *\/\n\/*! This file is auto-generated *\/\n!function(d,l){\"use strict\";l.querySelector&&d.addEventListener&&\"undefined\"!=typeof URL&&(d.wp=d.wp||{},d.wp.receiveEmbedMessage||(d.wp.receiveEmbedMessage=function(e){var t=e.data;if((t||t.secret||t.message||t.value)&&!\/[^a-zA-Z0-9]\/.test(t.secret)){for(var s,r,n,a=l.querySelectorAll('iframe[data-secret=\"'+t.secret+'\"]'),o=l.querySelectorAll('blockquote[data-secret=\"'+t.secret+'\"]'),c=new RegExp(\"^https?:$\",\"i\"),i=0;i<o.length;i++)o[i].style.display=\"none\";for(i=0;i<a.length;i++)s=a[i],e.source===s.contentWindow&&(s.removeAttribute(\"style\"),\"height\"===t.message?(1e3<(r=parseInt(t.value,10))?r=1e3:~~r<200&&(r=200),s.height=r):\"link\"===t.message&&(r=new URL(s.getAttribute(\"src\")),n=new URL(t.value),c.test(n.protocol))&&n.host===r.host&&l.activeElement===s&&(d.top.location.href=t.value))}},d.addEventListener(\"message\",d.wp.receiveEmbedMessage,!1),l.addEventListener(\"DOMContentLoaded\",function(){for(var e,t,s=l.querySelectorAll(\"iframe.wp-embedded-content\"),r=0;r<s.length;r++)(t=(e=s[r]).getAttribute(\"data-secret\"))||(t=Math.random().toString(36).substring(2,12),e.src+=\"#?secret=\"+t,e.setAttribute(\"data-secret\",t)),e.contentWindow.postMessage({message:\"ready\",secret:t},\"*\")},!1)))}(window,document);\n\/\/# sourceURL=https:\/\/www.carmelitaniscalzi.com\/wp-includes\/js\/wp-embed.min.js\n\/* ]]> *\/\n<\/script>\n","thumbnail_url":"https:\/\/www.carmelitaniscalzi.com\/wp-content\/uploads\/2018\/03\/01-4.jpg","thumbnail_width":1440,"thumbnail_height":1080,"description":"Sendo Padre Antoine-Marie Zacharie Igirukwayo superior da comunidade do Teresianum, h\u00e1 alguns anos esta decidiu celebrar sua festa no dia 12 de mar\u00e7o, anivers\u00e1rio da canoniza\u00e7\u00e3o de Santa Teresa de Jesus. Este ano \u2013 396\u00ba anivers\u00e1rio de t\u00e3o grande data \u2013 a comunidade reuniu-se em sua capela para a celebra\u00e7\u00e3o da Santa Missa, presidida por [&hellip;]"}

CARMELITAS DESCALÇOS

Padre Saverio na festa da comunidade do Teresianum - CARMELITAS DESCALÇOS

<blockquote class="wp-embedded-content" data-secret="vdphfPmG8a"><a href="https://www.carmelitaniscalzi.com/pt-br/2018/03/28/padre-saverio-na-festa-comunidade-do-teresianum/">Padre Saverio na festa da comunidade do Teresianum</a></blockquote><iframe sandbox="allow-scripts" security="restricted" src="https://www.carmelitaniscalzi.com/pt-br/2018/03/28/padre-saverio-na-festa-comunidade-do-teresianum/embed/#?secret=vdphfPmG8a" width="600" height="338" title="&#8220;Padre Saverio na festa da comunidade do Teresianum&#8221; &#8212; CARMELITAS DESCALÇOS" data-secret="vdphfPmG8a" frameborder="0" marginwidth="0" marginheight="0" scrolling="no" class="wp-embedded-content"></iframe><script type="text/javascript">
/* <![CDATA[ */
/*! This file is auto-generated */
!function(d,l){"use strict";l.querySelector&&d.addEventListener&&"undefined"!=typeof URL&&(d.wp=d.wp||{},d.wp.receiveEmbedMessage||(d.wp.receiveEmbedMessage=function(e){var t=e.data;if((t||t.secret||t.message||t.value)&&!/[^a-zA-Z0-9]/.test(t.secret)){for(var s,r,n,a=l.querySelectorAll('iframe[data-secret="'+t.secret+'"]'),o=l.querySelectorAll('blockquote[data-secret="'+t.secret+'"]'),c=new RegExp("^https?:$","i"),i=0;i<o.length;i++)o[i].style.display="none";for(i=0;i<a.length;i++)s=a[i],e.source===s.contentWindow&&(s.removeAttribute("style"),"height"===t.message?(1e3<(r=parseInt(t.value,10))?r=1e3:~~r<200&&(r=200),s.height=r):"link"===t.message&&(r=new URL(s.getAttribute("src")),n=new URL(t.value),c.test(n.protocol))&&n.host===r.host&&l.activeElement===s&&(d.top.location.href=t.value))}},d.addEventListener("message",d.wp.receiveEmbedMessage,!1),l.addEventListener("DOMContentLoaded",function(){for(var e,t,s=l.querySelectorAll("iframe.wp-embedded-content"),r=0;r<s.length;r++)(t=(e=s[r]).getAttribute("data-secret"))||(t=Math.random().toString(36).substring(2,12),e.src+="#?secret="+t,e.setAttribute("data-secret",t)),e.contentWindow.postMessage({message:"ready",secret:t},"*")},!1)))}(window,document);
//# sourceURL=https://www.carmelitaniscalzi.com/wp-includes/js/wp-embed.min.js
/* ]]> */
</script>

Sendo Padre Antoine-Marie Zacharie Igirukwayo superior da comunidade do Teresianum, há alguns anos esta decidiu celebrar sua festa no dia 12 de março, aniversário da canonização de Santa Teresa de Jesus. Este ano – 396º aniversário de tão grande data – a comunidade reuniu-se em sua capela para a celebração da Santa Missa, presidida por [&hellip;]
