{"version":"1.0","provider_name":"CARMES D\u00c9CHAUX","provider_url":"https:\/\/www.carmelitaniscalzi.com\/fr\/","title":"LITURGIE DE NOTRE ORDRE - CARMES D\u00c9CHAUX","type":"rich","width":600,"height":338,"html":"<blockquote class=\"wp-embedded-content\" data-secret=\"BsyxdCkQOG\"><a href=\"https:\/\/www.carmelitaniscalzi.com\/fr\/2025\/09\/04\/liturgie-de-notre-ordre\/\">LITURGIE DE NOTRE ORDRE<\/a><\/blockquote><iframe sandbox=\"allow-scripts\" security=\"restricted\" src=\"https:\/\/www.carmelitaniscalzi.com\/fr\/2025\/09\/04\/liturgie-de-notre-ordre\/embed\/#?secret=BsyxdCkQOG\" width=\"600\" height=\"338\" title=\"\u00ab\u00a0LITURGIE DE NOTRE ORDRE\u00a0\u00bb &#8212; CARMES D\u00c9CHAUX\" data-secret=\"BsyxdCkQOG\" frameborder=\"0\" marginwidth=\"0\" marginheight=\"0\" scrolling=\"no\" class=\"wp-embedded-content\"><\/iframe><script type=\"text\/javascript\">\n\/* <![CDATA[ *\/\n\/*! This file is auto-generated *\/\n!function(d,l){\"use strict\";l.querySelector&&d.addEventListener&&\"undefined\"!=typeof URL&&(d.wp=d.wp||{},d.wp.receiveEmbedMessage||(d.wp.receiveEmbedMessage=function(e){var t=e.data;if((t||t.secret||t.message||t.value)&&!\/[^a-zA-Z0-9]\/.test(t.secret)){for(var s,r,n,a=l.querySelectorAll('iframe[data-secret=\"'+t.secret+'\"]'),o=l.querySelectorAll('blockquote[data-secret=\"'+t.secret+'\"]'),c=new RegExp(\"^https?:$\",\"i\"),i=0;i<o.length;i++)o[i].style.display=\"none\";for(i=0;i<a.length;i++)s=a[i],e.source===s.contentWindow&&(s.removeAttribute(\"style\"),\"height\"===t.message?(1e3<(r=parseInt(t.value,10))?r=1e3:~~r<200&&(r=200),s.height=r):\"link\"===t.message&&(r=new URL(s.getAttribute(\"src\")),n=new URL(t.value),c.test(n.protocol))&&n.host===r.host&&l.activeElement===s&&(d.top.location.href=t.value))}},d.addEventListener(\"message\",d.wp.receiveEmbedMessage,!1),l.addEventListener(\"DOMContentLoaded\",function(){for(var e,t,s=l.querySelectorAll(\"iframe.wp-embedded-content\"),r=0;r<s.length;r++)(t=(e=s[r]).getAttribute(\"data-secret\"))||(t=Math.random().toString(36).substring(2,12),e.src+=\"#?secret=\"+t,e.setAttribute(\"data-secret\",t)),e.contentWindow.postMessage({message:\"ready\",secret:t},\"*\")},!1)))}(window,document);\n\/\/# sourceURL=https:\/\/www.carmelitaniscalzi.com\/wp-includes\/js\/wp-embed.min.js\n\/* ]]> *\/\n<\/script>\n","thumbnail_url":"https:\/\/www.carmelitaniscalzi.com\/wp-content\/uploads\/2025\/08\/cover_liturgia_08.2025.jpg","thumbnail_width":1200,"thumbnail_height":800,"description":"Par un d\u00e9cret du 16 juillet 2025, le Dicast\u00e8re pour le Culte Divin et la Discipline des Sacrements a approuv\u00e9 l&rsquo;Editio typica altera du Proprium Missarum OCD (la \u00ab deuxi\u00e8me \u00e9dition \u00bb du \u00ab Missel du Carmel \u00bb en latin). Le nouveau texte liturgique comprend les textes complets (aussi bien ceux du Missel que ceux [&hellip;]"}

CARMES DÉCHAUX

LITURGIE DE NOTRE ORDRE - CARMES DÉCHAUX

<blockquote class="wp-embedded-content" data-secret="BsyxdCkQOG"><a href="https://www.carmelitaniscalzi.com/fr/2025/09/04/liturgie-de-notre-ordre/">LITURGIE DE NOTRE ORDRE</a></blockquote><iframe sandbox="allow-scripts" security="restricted" src="https://www.carmelitaniscalzi.com/fr/2025/09/04/liturgie-de-notre-ordre/embed/#?secret=BsyxdCkQOG" width="600" height="338" title="« LITURGIE DE NOTRE ORDRE » &#8212; CARMES DÉCHAUX" data-secret="BsyxdCkQOG" frameborder="0" marginwidth="0" marginheight="0" scrolling="no" class="wp-embedded-content"></iframe><script type="text/javascript">
/* <![CDATA[ */
/*! This file is auto-generated */
!function(d,l){"use strict";l.querySelector&&d.addEventListener&&"undefined"!=typeof URL&&(d.wp=d.wp||{},d.wp.receiveEmbedMessage||(d.wp.receiveEmbedMessage=function(e){var t=e.data;if((t||t.secret||t.message||t.value)&&!/[^a-zA-Z0-9]/.test(t.secret)){for(var s,r,n,a=l.querySelectorAll('iframe[data-secret="'+t.secret+'"]'),o=l.querySelectorAll('blockquote[data-secret="'+t.secret+'"]'),c=new RegExp("^https?:$","i"),i=0;i<o.length;i++)o[i].style.display="none";for(i=0;i<a.length;i++)s=a[i],e.source===s.contentWindow&&(s.removeAttribute("style"),"height"===t.message?(1e3<(r=parseInt(t.value,10))?r=1e3:~~r<200&&(r=200),s.height=r):"link"===t.message&&(r=new URL(s.getAttribute("src")),n=new URL(t.value),c.test(n.protocol))&&n.host===r.host&&l.activeElement===s&&(d.top.location.href=t.value))}},d.addEventListener("message",d.wp.receiveEmbedMessage,!1),l.addEventListener("DOMContentLoaded",function(){for(var e,t,s=l.querySelectorAll("iframe.wp-embedded-content"),r=0;r<s.length;r++)(t=(e=s[r]).getAttribute("data-secret"))||(t=Math.random().toString(36).substring(2,12),e.src+="#?secret="+t,e.setAttribute("data-secret",t)),e.contentWindow.postMessage({message:"ready",secret:t},"*")},!1)))}(window,document);
//# sourceURL=https://www.carmelitaniscalzi.com/wp-includes/js/wp-embed.min.js
/* ]]> */
</script>

Par un décret du 16 juillet 2025, le Dicastère pour le Culte Divin et la Discipline des Sacrements a approuvé l&rsquo;Editio typica altera du Proprium Missarum OCD (la « deuxième édition » du « Missel du Carmel » en latin). Le nouveau texte liturgique comprend les textes complets (aussi bien ceux du Missel que ceux [&hellip;]
