{"id":4644,"date":"2016-06-26T21:53:54","date_gmt":"2016-06-26T19:53:54","guid":{"rendered":"https:\/\/www.carmelitaniscalzi.com\/es\/?page_id=4644"},"modified":"2022-09-21T15:16:29","modified_gmt":"2022-09-21T13:16:29","slug":"webmaster","status":"publish","type":"curia","link":"https:\/\/www.carmelitaniscalzi.com\/es\/curia-general\/webmaster\/","title":{"rendered":"Webmaster"},"content":{"rendered":"<h3>Biograf\u00eda<\/h3>\n<p>Lorenzo Barone es un carmelita seglar de la Provincia de Italia Central. Naci\u00f3 en Roma el 5 de julio\u00a0de 1992. Entre 2001 y 2003 fue miembro del Coro de ni\u00f1os cantores de la Capilla Sixtina Vaticana\u00a0Tras haberse diplomado en el Liceo art\u00edstico \u201cAlessandro Caravillani\u201d de Roma, estudi\u00f3 en la\u00a0Academia de las Artes y las Nuevas Tecnolog\u00edas, alcanzando la cualificaci\u00f3n profesional de Gr\u00e1fico\u00a0Publicitario en 2012, Gr\u00e1fico Visualizer en 2013 y Asistente de Director art\u00edstico en 2015. Desde\u00a0hace varios a\u00f1os colabora con los carmelitas descalzos en el Centro de Espiritualidad \u201cCasa San\u00a0Silvestre\u201d en Monte Compatri (Roma). Adem\u00e1s, tiene experiencia laboral como dise\u00f1ador Web\u00a0para algunas importantes agencias publicitarias de Roma. Ha dise\u00f1ado la p\u00e1gina Web de la\u00a0Provincia de Italia Central y los murales de la exposici\u00f3n itinerante \u201cNata per Te\u201d (Nacida para Ti),\u00a0realizada por la misma Provincia en ocasi\u00f3n del V Centenario del nacimiento de S. Teresa de Jes\u00fas.<\/p>\n<h3>Actividad<\/h3>\n<p>El Webmaster se ocupa de la gesti\u00f3n de la p\u00e1gina Web de la Orden, de su puesta al d\u00eda y de su correcto funcionamiento. Adem\u00e1s, colaboraci\u00f3n el secretario para la Informaci\u00f3n en la b\u00fasqueda e intercambio cotidiano de noticias.<br \/>\nEst\u00e1 en contacto con las diferentes Provincias y circunscripciones para garantizar una comunicaci\u00f3n en tiempo real. Finalmente, a trav\u00e9s de su trabajo busca generar un espacio de intercambio de iniciativas entre las Provincias y el centro de la Orden, favoreciendo una verdadera sinergia.<\/p>\n","protected":false},"featured_media":52220,"parent":4575,"menu_order":13,"template":"","format":"standard","meta":{"_acf_changed":false,"footnotes":""},"carica_cauria":[830],"class_list":["post-4644","curia","type-curia","status-publish","format-standard","has-post-thumbnail","hentry","carica_cauria-otras"],"acf":[],"yoast_head":"<!-- This site is optimized with the Yoast SEO plugin v26.3 - https:\/\/yoast.com\/wordpress\/plugins\/seo\/ -->\n<title>Webmaster - CARMELITAS DESCALZOS<\/title>\n<meta name=\"robots\" content=\"index, follow, max-snippet:-1, max-image-preview:large, max-video-preview:-1\" \/>\n<link rel=\"canonical\" href=\"https:\/\/www.carmelitaniscalzi.com\/es\/curia-general\/webmaster\/\" \/>\n<meta property=\"og:locale\" content=\"es_ES\" \/>\n<meta property=\"og:type\" content=\"article\" \/>\n<meta property=\"og:title\" content=\"Webmaster - CARMELITAS DESCALZOS\" \/>\n<meta property=\"og:description\" content=\"Biograf\u00eda Lorenzo Barone es un carmelita seglar de la Provincia de Italia Central. Naci\u00f3 en Roma el 5 de julio\u00a0de 1992. Entre 2001 y 2003 fue miembro del Coro de ni\u00f1os cantores de la Capilla Sixtina Vaticana\u00a0Tras haberse diplomado en el Liceo art\u00edstico \u201cAlessandro Caravillani\u201d de Roma, estudi\u00f3 en la\u00a0Academia de las Artes y las [&hellip;]\" \/>\n<meta property=\"og:url\" content=\"https:\/\/www.carmelitaniscalzi.com\/es\/curia-general\/webmaster\/\" \/>\n<meta property=\"og:site_name\" content=\"CARMELITAS DESCALZOS\" \/>\n<meta property=\"article:publisher\" content=\"https:\/\/www.facebook.com\/Curia-Generalizia-Carmelitani-Scalzi-658766940887784\/\" \/>\n<meta property=\"article:modified_time\" content=\"2022-09-21T13:16:29+00:00\" \/>\n<meta property=\"og:image\" content=\"https:\/\/www.carmelitaniscalzi.com\/wp-content\/uploads\/2016\/02\/Webmaster.jpeg\" \/>\n\t<meta property=\"og:image:width\" content=\"600\" \/>\n\t<meta property=\"og:image:height\" content=\"600\" \/>\n\t<meta property=\"og:image:type\" content=\"image\/jpeg\" \/>\n<meta name=\"twitter:card\" content=\"summary_large_image\" \/>\n<meta name=\"twitter:site\" content=\"@ocdcuria\" \/>\n<meta name=\"twitter:label1\" content=\"Tiempo de lectura\" \/>\n\t<meta name=\"twitter:data1\" content=\"1 minuto\" \/>\n<script type=\"application\/ld+json\" class=\"yoast-schema-graph\">{\"@context\":\"https:\/\/schema.org\",\"@graph\":[{\"@type\":\"WebPage\",\"@id\":\"https:\/\/www.carmelitaniscalzi.com\/es\/curia-general\/webmaster\/\",\"url\":\"https:\/\/www.carmelitaniscalzi.com\/es\/curia-general\/webmaster\/\",\"name\":\"Webmaster - CARMELITAS DESCALZOS\",\"isPartOf\":{\"@id\":\"https:\/\/www.carmelitaniscalzi.com\/#website\"},\"primaryImageOfPage\":{\"@id\":\"https:\/\/www.carmelitaniscalzi.com\/es\/curia-general\/webmaster\/#primaryimage\"},\"image\":{\"@id\":\"https:\/\/www.carmelitaniscalzi.com\/es\/curia-general\/webmaster\/#primaryimage\"},\"thumbnailUrl\":\"https:\/\/www.carmelitaniscalzi.com\/wp-content\/uploads\/2016\/02\/Webmaster.jpeg\",\"datePublished\":\"2016-06-26T19:53:54+00:00\",\"dateModified\":\"2022-09-21T13:16:29+00:00\",\"breadcrumb\":{\"@id\":\"https:\/\/www.carmelitaniscalzi.com\/es\/curia-general\/webmaster\/#breadcrumb\"},\"inLanguage\":\"es\",\"potentialAction\":[{\"@type\":\"ReadAction\",\"target\":[\"https:\/\/www.carmelitaniscalzi.com\/es\/curia-general\/webmaster\/\"]}]},{\"@type\":\"ImageObject\",\"inLanguage\":\"es\",\"@id\":\"https:\/\/www.carmelitaniscalzi.com\/es\/curia-general\/webmaster\/#primaryimage\",\"url\":\"https:\/\/www.carmelitaniscalzi.com\/wp-content\/uploads\/2016\/02\/Webmaster.jpeg\",\"contentUrl\":\"https:\/\/www.carmelitaniscalzi.com\/wp-content\/uploads\/2016\/02\/Webmaster.jpeg\",\"width\":600,\"height\":600},{\"@type\":\"BreadcrumbList\",\"@id\":\"https:\/\/www.carmelitaniscalzi.com\/es\/curia-general\/webmaster\/#breadcrumb\",\"itemListElement\":[{\"@type\":\"ListItem\",\"position\":1,\"name\":\"Home\",\"item\":\"https:\/\/www.carmelitaniscalzi.com\/es\/\"},{\"@type\":\"ListItem\",\"position\":2,\"name\":\"Curia General\",\"item\":\"https:\/\/www.carmelitaniscalzi.com\/es\/curia-general\/\"},{\"@type\":\"ListItem\",\"position\":3,\"name\":\"Webmaster\"}]},{\"@type\":\"WebSite\",\"@id\":\"https:\/\/www.carmelitaniscalzi.com\/#website\",\"url\":\"https:\/\/www.carmelitaniscalzi.com\/\",\"name\":\"CARMELITANI SCALZI - Curia Generale del Carmelo Teresiano\",\"description\":\"Curia General del Carmelo Teresiano\",\"publisher\":{\"@id\":\"https:\/\/www.carmelitaniscalzi.com\/#organization\"},\"alternateName\":\"CARMELITANI SCALZI\",\"potentialAction\":[{\"@type\":\"SearchAction\",\"target\":{\"@type\":\"EntryPoint\",\"urlTemplate\":\"https:\/\/www.carmelitaniscalzi.com\/?s={search_term_string}\"},\"query-input\":{\"@type\":\"PropertyValueSpecification\",\"valueRequired\":true,\"valueName\":\"search_term_string\"}}],\"inLanguage\":\"es\"},{\"@type\":\"Organization\",\"@id\":\"https:\/\/www.carmelitaniscalzi.com\/#organization\",\"name\":\"CARMELITANI SCALZI - Curia Generale del Carmelo Teresiano\",\"url\":\"https:\/\/www.carmelitaniscalzi.com\/\",\"logo\":{\"@type\":\"ImageObject\",\"inLanguage\":\"es\",\"@id\":\"https:\/\/www.carmelitaniscalzi.com\/#\/schema\/logo\/image\/\",\"url\":\"https:\/\/www.carmelitaniscalzi.com\/wp-content\/uploads\/2025\/11\/login-logo.png\",\"contentUrl\":\"https:\/\/www.carmelitaniscalzi.com\/wp-content\/uploads\/2025\/11\/login-logo.png\",\"width\":256,\"height\":256,\"caption\":\"CARMELITANI SCALZI - Curia Generale del Carmelo Teresiano\"},\"image\":{\"@id\":\"https:\/\/www.carmelitaniscalzi.com\/#\/schema\/logo\/image\/\"},\"sameAs\":[\"https:\/\/www.facebook.com\/Curia-Generalizia-Carmelitani-Scalzi-658766940887784\/\",\"https:\/\/x.com\/ocdcuria\",\"https:\/\/www.youtube.com\/channel\/UC2J5ZL0ycOY0qBSTCLX_NGQ\/videos\",\"https:\/\/www.instagram.com\/ocdinform\/\"]}]}<\/script>\n<!-- \/ Yoast SEO plugin. -->","yoast_head_json":{"title":"Webmaster - CARMELITAS DESCALZOS","robots":{"index":"index","follow":"follow","max-snippet":"max-snippet:-1","max-image-preview":"max-image-preview:large","max-video-preview":"max-video-preview:-1"},"canonical":"https:\/\/www.carmelitaniscalzi.com\/es\/curia-general\/webmaster\/","og_locale":"es_ES","og_type":"article","og_title":"Webmaster - CARMELITAS DESCALZOS","og_description":"Biograf\u00eda Lorenzo Barone es un carmelita seglar de la Provincia de Italia Central. Naci\u00f3 en Roma el 5 de julio\u00a0de 1992. Entre 2001 y 2003 fue miembro del Coro de ni\u00f1os cantores de la Capilla Sixtina Vaticana\u00a0Tras haberse diplomado en el Liceo art\u00edstico \u201cAlessandro Caravillani\u201d de Roma, estudi\u00f3 en la\u00a0Academia de las Artes y las [&hellip;]","og_url":"https:\/\/www.carmelitaniscalzi.com\/es\/curia-general\/webmaster\/","og_site_name":"CARMELITAS DESCALZOS","article_publisher":"https:\/\/www.facebook.com\/Curia-Generalizia-Carmelitani-Scalzi-658766940887784\/","article_modified_time":"2022-09-21T13:16:29+00:00","og_image":[{"width":600,"height":600,"url":"https:\/\/www.carmelitaniscalzi.com\/wp-content\/uploads\/2016\/02\/Webmaster.jpeg","type":"image\/jpeg"}],"twitter_card":"summary_large_image","twitter_site":"@ocdcuria","twitter_misc":{"Tiempo de lectura":"1 minuto"},"schema":{"@context":"https:\/\/schema.org","@graph":[{"@type":"WebPage","@id":"https:\/\/www.carmelitaniscalzi.com\/es\/curia-general\/webmaster\/","url":"https:\/\/www.carmelitaniscalzi.com\/es\/curia-general\/webmaster\/","name":"Webmaster - CARMELITAS DESCALZOS","isPartOf":{"@id":"https:\/\/www.carmelitaniscalzi.com\/#website"},"primaryImageOfPage":{"@id":"https:\/\/www.carmelitaniscalzi.com\/es\/curia-general\/webmaster\/#primaryimage"},"image":{"@id":"https:\/\/www.carmelitaniscalzi.com\/es\/curia-general\/webmaster\/#primaryimage"},"thumbnailUrl":"https:\/\/www.carmelitaniscalzi.com\/wp-content\/uploads\/2016\/02\/Webmaster.jpeg","datePublished":"2016-06-26T19:53:54+00:00","dateModified":"2022-09-21T13:16:29+00:00","breadcrumb":{"@id":"https:\/\/www.carmelitaniscalzi.com\/es\/curia-general\/webmaster\/#breadcrumb"},"inLanguage":"es","potentialAction":[{"@type":"ReadAction","target":["https:\/\/www.carmelitaniscalzi.com\/es\/curia-general\/webmaster\/"]}]},{"@type":"ImageObject","inLanguage":"es","@id":"https:\/\/www.carmelitaniscalzi.com\/es\/curia-general\/webmaster\/#primaryimage","url":"https:\/\/www.carmelitaniscalzi.com\/wp-content\/uploads\/2016\/02\/Webmaster.jpeg","contentUrl":"https:\/\/www.carmelitaniscalzi.com\/wp-content\/uploads\/2016\/02\/Webmaster.jpeg","width":600,"height":600},{"@type":"BreadcrumbList","@id":"https:\/\/www.carmelitaniscalzi.com\/es\/curia-general\/webmaster\/#breadcrumb","itemListElement":[{"@type":"ListItem","position":1,"name":"Home","item":"https:\/\/www.carmelitaniscalzi.com\/es\/"},{"@type":"ListItem","position":2,"name":"Curia General","item":"https:\/\/www.carmelitaniscalzi.com\/es\/curia-general\/"},{"@type":"ListItem","position":3,"name":"Webmaster"}]},{"@type":"WebSite","@id":"https:\/\/www.carmelitaniscalzi.com\/#website","url":"https:\/\/www.carmelitaniscalzi.com\/","name":"CARMELITANI SCALZI - Curia Generale del Carmelo Teresiano","description":"Curia General del Carmelo Teresiano","publisher":{"@id":"https:\/\/www.carmelitaniscalzi.com\/#organization"},"alternateName":"CARMELITANI SCALZI","potentialAction":[{"@type":"SearchAction","target":{"@type":"EntryPoint","urlTemplate":"https:\/\/www.carmelitaniscalzi.com\/?s={search_term_string}"},"query-input":{"@type":"PropertyValueSpecification","valueRequired":true,"valueName":"search_term_string"}}],"inLanguage":"es"},{"@type":"Organization","@id":"https:\/\/www.carmelitaniscalzi.com\/#organization","name":"CARMELITANI SCALZI - Curia Generale del Carmelo Teresiano","url":"https:\/\/www.carmelitaniscalzi.com\/","logo":{"@type":"ImageObject","inLanguage":"es","@id":"https:\/\/www.carmelitaniscalzi.com\/#\/schema\/logo\/image\/","url":"https:\/\/www.carmelitaniscalzi.com\/wp-content\/uploads\/2025\/11\/login-logo.png","contentUrl":"https:\/\/www.carmelitaniscalzi.com\/wp-content\/uploads\/2025\/11\/login-logo.png","width":256,"height":256,"caption":"CARMELITANI SCALZI - Curia Generale del Carmelo Teresiano"},"image":{"@id":"https:\/\/www.carmelitaniscalzi.com\/#\/schema\/logo\/image\/"},"sameAs":["https:\/\/www.facebook.com\/Curia-Generalizia-Carmelitani-Scalzi-658766940887784\/","https:\/\/x.com\/ocdcuria","https:\/\/www.youtube.com\/channel\/UC2J5ZL0ycOY0qBSTCLX_NGQ\/videos","https:\/\/www.instagram.com\/ocdinform\/"]}]}},"_links":{"self":[{"href":"https:\/\/www.carmelitaniscalzi.com\/es\/wp-json\/wp\/v2\/curia\/4644","targetHints":{"allow":["GET"]}}],"collection":[{"href":"https:\/\/www.carmelitaniscalzi.com\/es\/wp-json\/wp\/v2\/curia"}],"about":[{"href":"https:\/\/www.carmelitaniscalzi.com\/es\/wp-json\/wp\/v2\/types\/curia"}],"version-history":[{"count":1,"href":"https:\/\/www.carmelitaniscalzi.com\/es\/wp-json\/wp\/v2\/curia\/4644\/revisions"}],"predecessor-version":[{"id":169936,"href":"https:\/\/www.carmelitaniscalzi.com\/es\/wp-json\/wp\/v2\/curia\/4644\/revisions\/169936"}],"up":[{"embeddable":true,"href":"https:\/\/www.carmelitaniscalzi.com\/es\/wp-json\/wp\/v2\/curia\/4575"}],"wp:featuredmedia":[{"embeddable":true,"href":"https:\/\/www.carmelitaniscalzi.com\/es\/wp-json\/wp\/v2\/media\/52220"}],"wp:attachment":[{"href":"https:\/\/www.carmelitaniscalzi.com\/es\/wp-json\/wp\/v2\/media?parent=4644"}],"wp:term":[{"taxonomy":"carica_cauria","embeddable":true,"href":"https:\/\/www.carmelitaniscalzi.com\/es\/wp-json\/wp\/v2\/carica_cauria?post=4644"}],"curies":[{"name":"wp","href":"https:\/\/api.w.org\/{rel}","templated":true}]}}

<h3>Biografía</h3>
<p>Lorenzo Barone es un carmelita seglar de la Provincia de Italia Central. Nació en Roma el 5 de julio de 1992. Entre 2001 y 2003 fue miembro del Coro de niños cantores de la Capilla Sixtina Vaticana Tras haberse diplomado en el Liceo artístico “Alessandro Caravillani” de Roma, estudió en la Academia de las Artes y las Nuevas Tecnologías, alcanzando la cualificación profesional de Gráfico Publicitario en 2012, Gráfico Visualizer en 2013 y Asistente de Director artístico en 2015. Desde hace varios años colabora con los carmelitas descalzos en el Centro de Espiritualidad “Casa San Silvestre” en Monte Compatri (Roma). Además, tiene experiencia laboral como diseñador Web para algunas importantes agencias publicitarias de Roma. Ha diseñado la página Web de la Provincia de Italia Central y los murales de la exposición itinerante “Nata per Te” (Nacida para Ti), realizada por la misma Provincia en ocasión del V Centenario del nacimiento de S. Teresa de Jesús.</p>
<h3>Actividad</h3>
<p>El Webmaster se ocupa de la gestión de la página Web de la Orden, de su puesta al día y de su correcto funcionamiento. Además, colaboración el secretario para la Información en la búsqueda e intercambio cotidiano de noticias.<br />
Está en contacto con las diferentes Provincias y circunscripciones para garantizar una comunicación en tiempo real. Finalmente, a través de su trabajo busca generar un espacio de intercambio de iniciativas entre las Provincias y el centro de la Orden, favoreciendo una verdadera sinergia.</p>

<!-- This site is optimized with the Yoast SEO plugin v26.3 - https://yoast.com/wordpress/plugins/seo/ -->
<title>Webmaster - CARMELITAS DESCALZOS</title>
<meta name="robots" content="index, follow, max-snippet:-1, max-image-preview:large, max-video-preview:-1" />
<link rel="canonical" href="https://www.carmelitaniscalzi.com/es/curia-general/webmaster/" />
<meta property="og:locale" content="es_ES" />
<meta property="og:type" content="article" />
<meta property="og:title" content="Webmaster - CARMELITAS DESCALZOS" />
<meta property="og:description" content="Biografía Lorenzo Barone es un carmelita seglar de la Provincia de Italia Central. Nació en Roma el 5 de julio de 1992. Entre 2001 y 2003 fue miembro del Coro de niños cantores de la Capilla Sixtina Vaticana Tras haberse diplomado en el Liceo artístico “Alessandro Caravillani” de Roma, estudió en la Academia de las Artes y las [&hellip;]" />
<meta property="og:url" content="https://www.carmelitaniscalzi.com/es/curia-general/webmaster/" />
<meta property="og:site_name" content="CARMELITAS DESCALZOS" />
<meta property="article:publisher" content="https://www.facebook.com/Curia-Generalizia-Carmelitani-Scalzi-658766940887784/" />
<meta property="article:modified_time" content="2022-09-21T13:16:29+00:00" />
<meta property="og:image" content="https://www.carmelitaniscalzi.com/wp-content/uploads/2016/02/Webmaster.jpeg" />
	<meta property="og:image:width" content="600" />
	<meta property="og:image:height" content="600" />
	<meta property="og:image:type" content="image/jpeg" />
<meta name="twitter:card" content="summary_large_image" />
<meta name="twitter:site" content="@ocdcuria" />
<meta name="twitter:label1" content="Tiempo de lectura" />
	<meta name="twitter:data1" content="1 minuto" />
<script type="application/ld+json" class="yoast-schema-graph">{"@context":"https://schema.org","@graph":[{"@type":"WebPage","@id":"https://www.carmelitaniscalzi.com/es/curia-general/webmaster/","url":"https://www.carmelitaniscalzi.com/es/curia-general/webmaster/","name":"Webmaster - CARMELITAS DESCALZOS","isPartOf":{"@id":"https://www.carmelitaniscalzi.com/#website"},"primaryImageOfPage":{"@id":"https://www.carmelitaniscalzi.com/es/curia-general/webmaster/#primaryimage"},"image":{"@id":"https://www.carmelitaniscalzi.com/es/curia-general/webmaster/#primaryimage"},"thumbnailUrl":"https://www.carmelitaniscalzi.com/wp-content/uploads/2016/02/Webmaster.jpeg","datePublished":"2016-06-26T19:53:54+00:00","dateModified":"2022-09-21T13:16:29+00:00","breadcrumb":{"@id":"https://www.carmelitaniscalzi.com/es/curia-general/webmaster/#breadcrumb"},"inLanguage":"es","potentialAction":[{"@type":"ReadAction","target":["https://www.carmelitaniscalzi.com/es/curia-general/webmaster/"]}]},{"@type":"ImageObject","inLanguage":"es","@id":"https://www.carmelitaniscalzi.com/es/curia-general/webmaster/#primaryimage","url":"https://www.carmelitaniscalzi.com/wp-content/uploads/2016/02/Webmaster.jpeg","contentUrl":"https://www.carmelitaniscalzi.com/wp-content/uploads/2016/02/Webmaster.jpeg","width":600,"height":600},{"@type":"BreadcrumbList","@id":"https://www.carmelitaniscalzi.com/es/curia-general/webmaster/#breadcrumb","itemListElement":[{"@type":"ListItem","position":1,"name":"Home","item":"https://www.carmelitaniscalzi.com/es/"},{"@type":"ListItem","position":2,"name":"Curia General","item":"https://www.carmelitaniscalzi.com/es/curia-general/"},{"@type":"ListItem","position":3,"name":"Webmaster"}]},{"@type":"WebSite","@id":"https://www.carmelitaniscalzi.com/#website","url":"https://www.carmelitaniscalzi.com/","name":"CARMELITANI SCALZI - Curia Generale del Carmelo Teresiano","description":"Curia General del Carmelo Teresiano","publisher":{"@id":"https://www.carmelitaniscalzi.com/#organization"},"alternateName":"CARMELITANI SCALZI","potentialAction":[{"@type":"SearchAction","target":{"@type":"EntryPoint","urlTemplate":"https://www.carmelitaniscalzi.com/?s={search_term_string}"},"query-input":{"@type":"PropertyValueSpecification","valueRequired":true,"valueName":"search_term_string"}}],"inLanguage":"es"},{"@type":"Organization","@id":"https://www.carmelitaniscalzi.com/#organization","name":"CARMELITANI SCALZI - Curia Generale del Carmelo Teresiano","url":"https://www.carmelitaniscalzi.com/","logo":{"@type":"ImageObject","inLanguage":"es","@id":"https://www.carmelitaniscalzi.com/#/schema/logo/image/","url":"https://www.carmelitaniscalzi.com/wp-content/uploads/2025/11/login-logo.png","contentUrl":"https://www.carmelitaniscalzi.com/wp-content/uploads/2025/11/login-logo.png","width":256,"height":256,"caption":"CARMELITANI SCALZI - Curia Generale del Carmelo Teresiano"},"image":{"@id":"https://www.carmelitaniscalzi.com/#/schema/logo/image/"},"sameAs":["https://www.facebook.com/Curia-Generalizia-Carmelitani-Scalzi-658766940887784/","https://x.com/ocdcuria","https://www.youtube.com/channel/UC2J5ZL0ycOY0qBSTCLX_NGQ/videos","https://www.instagram.com/ocdinform/"]}]}</script>
<!-- / Yoast SEO plugin. -->

Biografía Lorenzo Barone es un carmelita seglar de la Provincia de Italia Central. Nació en Roma el 5 de julio de 1992. Entre 2001 y 2003 fue miembro del Coro de niños cantores de la Capilla Sixtina Vaticana Tras haberse diplomado en el Liceo artístico “Alessandro Caravillani” de Roma, estudió en la Academia de las Artes y las [&hellip;]
