{"id":4642,"date":"2016-06-26T21:50:06","date_gmt":"2016-06-26T19:50:06","guid":{"rendered":"https:\/\/www.carmelitaniscalzi.com\/es\/?page_id=4642"},"modified":"2022-02-21T03:37:03","modified_gmt":"2022-02-21T02:37:03","slug":"secretario-para-la-informacion","status":"publish","type":"curia","link":"https:\/\/www.carmelitaniscalzi.com\/es\/curia-general\/secretario-para-la-informacion\/","title":{"rendered":"Secretario para la informaci\u00f3n"},"content":{"rendered":"<h3>Biograf\u00eda<\/h3>\n<p>El P. Jos\u00e9 Pereira naci\u00f3 en Bayona (Francia) el a\u00f1o 1974 e hizo su primera profesi\u00f3n en el Carmelo descalzo el a\u00f1o 2001. Ordenado sacerdote en 2007, posee la licencia en Teolog\u00eda espiritual en nuestra Facultad \u201c<em>Teresianum<\/em>\u201d de Roma. En los \u00faltimos a\u00f1os ha trabajado en las \u201cEditions du Carmel\u201d de Toulouse (Francia) como director.<\/p>\n<h3>Actividad<\/h3>\n<p>El Secretariado General para la Informaci\u00f3n aborda diferentes campos informativos y de actualidad del d\u00eda a d\u00eda de la Orden, genera materiales propios para acontecimientos especiales, coordina la relaci\u00f3n con los delegados provinciales de Comunicaci\u00f3n y prepara las noticias que deben aparecer en la web oficial de la Orden y prepara el bolet\u00edn Communicationes.<\/p>\n","protected":false},"featured_media":119864,"parent":4575,"menu_order":11,"template":"","format":"standard","meta":{"_acf_changed":false,"footnotes":""},"carica_cauria":[830],"class_list":["post-4642","curia","type-curia","status-publish","format-standard","has-post-thumbnail","hentry","carica_cauria-otras"],"acf":[],"yoast_head":"<!-- This site is optimized with the Yoast SEO plugin v26.3 - https:\/\/yoast.com\/wordpress\/plugins\/seo\/ -->\n<title>Secretario para la informaci\u00f3n - CARMELITAS DESCALZOS<\/title>\n<meta name=\"robots\" content=\"index, follow, max-snippet:-1, max-image-preview:large, max-video-preview:-1\" \/>\n<link rel=\"canonical\" href=\"https:\/\/www.carmelitaniscalzi.com\/es\/curia-general\/secretario-para-la-informacion\/\" \/>\n<meta property=\"og:locale\" content=\"es_ES\" \/>\n<meta property=\"og:type\" content=\"article\" \/>\n<meta property=\"og:title\" content=\"Secretario para la informaci\u00f3n - CARMELITAS DESCALZOS\" \/>\n<meta property=\"og:description\" content=\"Biograf\u00eda El P. Jos\u00e9 Pereira naci\u00f3 en Bayona (Francia) el a\u00f1o 1974 e hizo su primera profesi\u00f3n en el Carmelo descalzo el a\u00f1o 2001. Ordenado sacerdote en 2007, posee la licencia en Teolog\u00eda espiritual en nuestra Facultad \u201cTeresianum\u201d de Roma. En los \u00faltimos a\u00f1os ha trabajado en las \u201cEditions du Carmel\u201d de Toulouse (Francia) como [&hellip;]\" \/>\n<meta property=\"og:url\" content=\"https:\/\/www.carmelitaniscalzi.com\/es\/curia-general\/secretario-para-la-informacion\/\" \/>\n<meta property=\"og:site_name\" content=\"CARMELITAS DESCALZOS\" \/>\n<meta property=\"article:publisher\" content=\"https:\/\/www.facebook.com\/Curia-Generalizia-Carmelitani-Scalzi-658766940887784\/\" \/>\n<meta property=\"article:modified_time\" content=\"2022-02-21T02:37:03+00:00\" \/>\n<meta property=\"og:image\" content=\"https:\/\/www.carmelitaniscalzi.com\/wp-content\/uploads\/2022\/02\/Segretario_Informazione.jpg\" \/>\n\t<meta property=\"og:image:width\" content=\"600\" \/>\n\t<meta property=\"og:image:height\" content=\"600\" \/>\n\t<meta property=\"og:image:type\" content=\"image\/jpeg\" \/>\n<meta name=\"twitter:card\" content=\"summary_large_image\" \/>\n<meta name=\"twitter:site\" content=\"@ocdcuria\" \/>\n<meta name=\"twitter:label1\" content=\"Tiempo de lectura\" \/>\n\t<meta name=\"twitter:data1\" content=\"1 minuto\" \/>\n<script type=\"application\/ld+json\" class=\"yoast-schema-graph\">{\"@context\":\"https:\/\/schema.org\",\"@graph\":[{\"@type\":\"WebPage\",\"@id\":\"https:\/\/www.carmelitaniscalzi.com\/es\/curia-general\/secretario-para-la-informacion\/\",\"url\":\"https:\/\/www.carmelitaniscalzi.com\/es\/curia-general\/secretario-para-la-informacion\/\",\"name\":\"Secretario para la informaci\u00f3n - CARMELITAS DESCALZOS\",\"isPartOf\":{\"@id\":\"https:\/\/www.carmelitaniscalzi.com\/#website\"},\"primaryImageOfPage\":{\"@id\":\"https:\/\/www.carmelitaniscalzi.com\/es\/curia-general\/secretario-para-la-informacion\/#primaryimage\"},\"image\":{\"@id\":\"https:\/\/www.carmelitaniscalzi.com\/es\/curia-general\/secretario-para-la-informacion\/#primaryimage\"},\"thumbnailUrl\":\"https:\/\/www.carmelitaniscalzi.com\/wp-content\/uploads\/2022\/02\/Segretario_Informazione.jpg\",\"datePublished\":\"2016-06-26T19:50:06+00:00\",\"dateModified\":\"2022-02-21T02:37:03+00:00\",\"breadcrumb\":{\"@id\":\"https:\/\/www.carmelitaniscalzi.com\/es\/curia-general\/secretario-para-la-informacion\/#breadcrumb\"},\"inLanguage\":\"es\",\"potentialAction\":[{\"@type\":\"ReadAction\",\"target\":[\"https:\/\/www.carmelitaniscalzi.com\/es\/curia-general\/secretario-para-la-informacion\/\"]}]},{\"@type\":\"ImageObject\",\"inLanguage\":\"es\",\"@id\":\"https:\/\/www.carmelitaniscalzi.com\/es\/curia-general\/secretario-para-la-informacion\/#primaryimage\",\"url\":\"https:\/\/www.carmelitaniscalzi.com\/wp-content\/uploads\/2022\/02\/Segretario_Informazione.jpg\",\"contentUrl\":\"https:\/\/www.carmelitaniscalzi.com\/wp-content\/uploads\/2022\/02\/Segretario_Informazione.jpg\",\"width\":600,\"height\":600},{\"@type\":\"BreadcrumbList\",\"@id\":\"https:\/\/www.carmelitaniscalzi.com\/es\/curia-general\/secretario-para-la-informacion\/#breadcrumb\",\"itemListElement\":[{\"@type\":\"ListItem\",\"position\":1,\"name\":\"Home\",\"item\":\"https:\/\/www.carmelitaniscalzi.com\/es\/\"},{\"@type\":\"ListItem\",\"position\":2,\"name\":\"Curia General\",\"item\":\"https:\/\/www.carmelitaniscalzi.com\/es\/curia-general\/\"},{\"@type\":\"ListItem\",\"position\":3,\"name\":\"Secretario para la informaci\u00f3n\"}]},{\"@type\":\"WebSite\",\"@id\":\"https:\/\/www.carmelitaniscalzi.com\/#website\",\"url\":\"https:\/\/www.carmelitaniscalzi.com\/\",\"name\":\"CARMELITANI SCALZI - Curia Generale del Carmelo Teresiano\",\"description\":\"Curia General del Carmelo Teresiano\",\"publisher\":{\"@id\":\"https:\/\/www.carmelitaniscalzi.com\/#organization\"},\"alternateName\":\"CARMELITANI SCALZI\",\"potentialAction\":[{\"@type\":\"SearchAction\",\"target\":{\"@type\":\"EntryPoint\",\"urlTemplate\":\"https:\/\/www.carmelitaniscalzi.com\/?s={search_term_string}\"},\"query-input\":{\"@type\":\"PropertyValueSpecification\",\"valueRequired\":true,\"valueName\":\"search_term_string\"}}],\"inLanguage\":\"es\"},{\"@type\":\"Organization\",\"@id\":\"https:\/\/www.carmelitaniscalzi.com\/#organization\",\"name\":\"CARMELITANI SCALZI - Curia Generale del Carmelo Teresiano\",\"url\":\"https:\/\/www.carmelitaniscalzi.com\/\",\"logo\":{\"@type\":\"ImageObject\",\"inLanguage\":\"es\",\"@id\":\"https:\/\/www.carmelitaniscalzi.com\/#\/schema\/logo\/image\/\",\"url\":\"https:\/\/www.carmelitaniscalzi.com\/wp-content\/uploads\/2025\/11\/login-logo.png\",\"contentUrl\":\"https:\/\/www.carmelitaniscalzi.com\/wp-content\/uploads\/2025\/11\/login-logo.png\",\"width\":256,\"height\":256,\"caption\":\"CARMELITANI SCALZI - Curia Generale del Carmelo Teresiano\"},\"image\":{\"@id\":\"https:\/\/www.carmelitaniscalzi.com\/#\/schema\/logo\/image\/\"},\"sameAs\":[\"https:\/\/www.facebook.com\/Curia-Generalizia-Carmelitani-Scalzi-658766940887784\/\",\"https:\/\/x.com\/ocdcuria\",\"https:\/\/www.youtube.com\/channel\/UC2J5ZL0ycOY0qBSTCLX_NGQ\/videos\",\"https:\/\/www.instagram.com\/ocdinform\/\"]}]}<\/script>\n<!-- \/ Yoast SEO plugin. -->","yoast_head_json":{"title":"Secretario para la informaci\u00f3n - CARMELITAS DESCALZOS","robots":{"index":"index","follow":"follow","max-snippet":"max-snippet:-1","max-image-preview":"max-image-preview:large","max-video-preview":"max-video-preview:-1"},"canonical":"https:\/\/www.carmelitaniscalzi.com\/es\/curia-general\/secretario-para-la-informacion\/","og_locale":"es_ES","og_type":"article","og_title":"Secretario para la informaci\u00f3n - CARMELITAS DESCALZOS","og_description":"Biograf\u00eda El P. Jos\u00e9 Pereira naci\u00f3 en Bayona (Francia) el a\u00f1o 1974 e hizo su primera profesi\u00f3n en el Carmelo descalzo el a\u00f1o 2001. Ordenado sacerdote en 2007, posee la licencia en Teolog\u00eda espiritual en nuestra Facultad \u201cTeresianum\u201d de Roma. En los \u00faltimos a\u00f1os ha trabajado en las \u201cEditions du Carmel\u201d de Toulouse (Francia) como [&hellip;]","og_url":"https:\/\/www.carmelitaniscalzi.com\/es\/curia-general\/secretario-para-la-informacion\/","og_site_name":"CARMELITAS DESCALZOS","article_publisher":"https:\/\/www.facebook.com\/Curia-Generalizia-Carmelitani-Scalzi-658766940887784\/","article_modified_time":"2022-02-21T02:37:03+00:00","og_image":[{"width":600,"height":600,"url":"https:\/\/www.carmelitaniscalzi.com\/wp-content\/uploads\/2022\/02\/Segretario_Informazione.jpg","type":"image\/jpeg"}],"twitter_card":"summary_large_image","twitter_site":"@ocdcuria","twitter_misc":{"Tiempo de lectura":"1 minuto"},"schema":{"@context":"https:\/\/schema.org","@graph":[{"@type":"WebPage","@id":"https:\/\/www.carmelitaniscalzi.com\/es\/curia-general\/secretario-para-la-informacion\/","url":"https:\/\/www.carmelitaniscalzi.com\/es\/curia-general\/secretario-para-la-informacion\/","name":"Secretario para la informaci\u00f3n - CARMELITAS DESCALZOS","isPartOf":{"@id":"https:\/\/www.carmelitaniscalzi.com\/#website"},"primaryImageOfPage":{"@id":"https:\/\/www.carmelitaniscalzi.com\/es\/curia-general\/secretario-para-la-informacion\/#primaryimage"},"image":{"@id":"https:\/\/www.carmelitaniscalzi.com\/es\/curia-general\/secretario-para-la-informacion\/#primaryimage"},"thumbnailUrl":"https:\/\/www.carmelitaniscalzi.com\/wp-content\/uploads\/2022\/02\/Segretario_Informazione.jpg","datePublished":"2016-06-26T19:50:06+00:00","dateModified":"2022-02-21T02:37:03+00:00","breadcrumb":{"@id":"https:\/\/www.carmelitaniscalzi.com\/es\/curia-general\/secretario-para-la-informacion\/#breadcrumb"},"inLanguage":"es","potentialAction":[{"@type":"ReadAction","target":["https:\/\/www.carmelitaniscalzi.com\/es\/curia-general\/secretario-para-la-informacion\/"]}]},{"@type":"ImageObject","inLanguage":"es","@id":"https:\/\/www.carmelitaniscalzi.com\/es\/curia-general\/secretario-para-la-informacion\/#primaryimage","url":"https:\/\/www.carmelitaniscalzi.com\/wp-content\/uploads\/2022\/02\/Segretario_Informazione.jpg","contentUrl":"https:\/\/www.carmelitaniscalzi.com\/wp-content\/uploads\/2022\/02\/Segretario_Informazione.jpg","width":600,"height":600},{"@type":"BreadcrumbList","@id":"https:\/\/www.carmelitaniscalzi.com\/es\/curia-general\/secretario-para-la-informacion\/#breadcrumb","itemListElement":[{"@type":"ListItem","position":1,"name":"Home","item":"https:\/\/www.carmelitaniscalzi.com\/es\/"},{"@type":"ListItem","position":2,"name":"Curia General","item":"https:\/\/www.carmelitaniscalzi.com\/es\/curia-general\/"},{"@type":"ListItem","position":3,"name":"Secretario para la informaci\u00f3n"}]},{"@type":"WebSite","@id":"https:\/\/www.carmelitaniscalzi.com\/#website","url":"https:\/\/www.carmelitaniscalzi.com\/","name":"CARMELITANI SCALZI - Curia Generale del Carmelo Teresiano","description":"Curia General del Carmelo Teresiano","publisher":{"@id":"https:\/\/www.carmelitaniscalzi.com\/#organization"},"alternateName":"CARMELITANI SCALZI","potentialAction":[{"@type":"SearchAction","target":{"@type":"EntryPoint","urlTemplate":"https:\/\/www.carmelitaniscalzi.com\/?s={search_term_string}"},"query-input":{"@type":"PropertyValueSpecification","valueRequired":true,"valueName":"search_term_string"}}],"inLanguage":"es"},{"@type":"Organization","@id":"https:\/\/www.carmelitaniscalzi.com\/#organization","name":"CARMELITANI SCALZI - Curia Generale del Carmelo Teresiano","url":"https:\/\/www.carmelitaniscalzi.com\/","logo":{"@type":"ImageObject","inLanguage":"es","@id":"https:\/\/www.carmelitaniscalzi.com\/#\/schema\/logo\/image\/","url":"https:\/\/www.carmelitaniscalzi.com\/wp-content\/uploads\/2025\/11\/login-logo.png","contentUrl":"https:\/\/www.carmelitaniscalzi.com\/wp-content\/uploads\/2025\/11\/login-logo.png","width":256,"height":256,"caption":"CARMELITANI SCALZI - Curia Generale del Carmelo Teresiano"},"image":{"@id":"https:\/\/www.carmelitaniscalzi.com\/#\/schema\/logo\/image\/"},"sameAs":["https:\/\/www.facebook.com\/Curia-Generalizia-Carmelitani-Scalzi-658766940887784\/","https:\/\/x.com\/ocdcuria","https:\/\/www.youtube.com\/channel\/UC2J5ZL0ycOY0qBSTCLX_NGQ\/videos","https:\/\/www.instagram.com\/ocdinform\/"]}]}},"_links":{"self":[{"href":"https:\/\/www.carmelitaniscalzi.com\/es\/wp-json\/wp\/v2\/curia\/4642","targetHints":{"allow":["GET"]}}],"collection":[{"href":"https:\/\/www.carmelitaniscalzi.com\/es\/wp-json\/wp\/v2\/curia"}],"about":[{"href":"https:\/\/www.carmelitaniscalzi.com\/es\/wp-json\/wp\/v2\/types\/curia"}],"version-history":[{"count":1,"href":"https:\/\/www.carmelitaniscalzi.com\/es\/wp-json\/wp\/v2\/curia\/4642\/revisions"}],"predecessor-version":[{"id":119874,"href":"https:\/\/www.carmelitaniscalzi.com\/es\/wp-json\/wp\/v2\/curia\/4642\/revisions\/119874"}],"up":[{"embeddable":true,"href":"https:\/\/www.carmelitaniscalzi.com\/es\/wp-json\/wp\/v2\/curia\/4575"}],"wp:featuredmedia":[{"embeddable":true,"href":"https:\/\/www.carmelitaniscalzi.com\/es\/wp-json\/wp\/v2\/media\/119864"}],"wp:attachment":[{"href":"https:\/\/www.carmelitaniscalzi.com\/es\/wp-json\/wp\/v2\/media?parent=4642"}],"wp:term":[{"taxonomy":"carica_cauria","embeddable":true,"href":"https:\/\/www.carmelitaniscalzi.com\/es\/wp-json\/wp\/v2\/carica_cauria?post=4642"}],"curies":[{"name":"wp","href":"https:\/\/api.w.org\/{rel}","templated":true}]}}

Secretario para la información

<h3>Biografía</h3>
<p>El P. José Pereira nació en Bayona (Francia) el año 1974 e hizo su primera profesión en el Carmelo descalzo el año 2001. Ordenado sacerdote en 2007, posee la licencia en Teología espiritual en nuestra Facultad “<em>Teresianum</em>” de Roma. En los últimos años ha trabajado en las “Editions du Carmel” de Toulouse (Francia) como director.</p>
<h3>Actividad</h3>
<p>El Secretariado General para la Información aborda diferentes campos informativos y de actualidad del día a día de la Orden, genera materiales propios para acontecimientos especiales, coordina la relación con los delegados provinciales de Comunicación y prepara las noticias que deben aparecer en la web oficial de la Orden y prepara el boletín Communicationes.</p>

<!-- This site is optimized with the Yoast SEO plugin v26.3 - https://yoast.com/wordpress/plugins/seo/ -->
<title>Secretario para la información - CARMELITAS DESCALZOS</title>
<meta name="robots" content="index, follow, max-snippet:-1, max-image-preview:large, max-video-preview:-1" />
<link rel="canonical" href="https://www.carmelitaniscalzi.com/es/curia-general/secretario-para-la-informacion/" />
<meta property="og:locale" content="es_ES" />
<meta property="og:type" content="article" />
<meta property="og:title" content="Secretario para la información - CARMELITAS DESCALZOS" />
<meta property="og:description" content="Biografía El P. José Pereira nació en Bayona (Francia) el año 1974 e hizo su primera profesión en el Carmelo descalzo el año 2001. Ordenado sacerdote en 2007, posee la licencia en Teología espiritual en nuestra Facultad “Teresianum” de Roma. En los últimos años ha trabajado en las “Editions du Carmel” de Toulouse (Francia) como [&hellip;]" />
<meta property="og:url" content="https://www.carmelitaniscalzi.com/es/curia-general/secretario-para-la-informacion/" />
<meta property="og:site_name" content="CARMELITAS DESCALZOS" />
<meta property="article:publisher" content="https://www.facebook.com/Curia-Generalizia-Carmelitani-Scalzi-658766940887784/" />
<meta property="article:modified_time" content="2022-02-21T02:37:03+00:00" />
<meta property="og:image" content="https://www.carmelitaniscalzi.com/wp-content/uploads/2022/02/Segretario_Informazione.jpg" />
	<meta property="og:image:width" content="600" />
	<meta property="og:image:height" content="600" />
	<meta property="og:image:type" content="image/jpeg" />
<meta name="twitter:card" content="summary_large_image" />
<meta name="twitter:site" content="@ocdcuria" />
<meta name="twitter:label1" content="Tiempo de lectura" />
	<meta name="twitter:data1" content="1 minuto" />
<script type="application/ld+json" class="yoast-schema-graph">{"@context":"https://schema.org","@graph":[{"@type":"WebPage","@id":"https://www.carmelitaniscalzi.com/es/curia-general/secretario-para-la-informacion/","url":"https://www.carmelitaniscalzi.com/es/curia-general/secretario-para-la-informacion/","name":"Secretario para la información - CARMELITAS DESCALZOS","isPartOf":{"@id":"https://www.carmelitaniscalzi.com/#website"},"primaryImageOfPage":{"@id":"https://www.carmelitaniscalzi.com/es/curia-general/secretario-para-la-informacion/#primaryimage"},"image":{"@id":"https://www.carmelitaniscalzi.com/es/curia-general/secretario-para-la-informacion/#primaryimage"},"thumbnailUrl":"https://www.carmelitaniscalzi.com/wp-content/uploads/2022/02/Segretario_Informazione.jpg","datePublished":"2016-06-26T19:50:06+00:00","dateModified":"2022-02-21T02:37:03+00:00","breadcrumb":{"@id":"https://www.carmelitaniscalzi.com/es/curia-general/secretario-para-la-informacion/#breadcrumb"},"inLanguage":"es","potentialAction":[{"@type":"ReadAction","target":["https://www.carmelitaniscalzi.com/es/curia-general/secretario-para-la-informacion/"]}]},{"@type":"ImageObject","inLanguage":"es","@id":"https://www.carmelitaniscalzi.com/es/curia-general/secretario-para-la-informacion/#primaryimage","url":"https://www.carmelitaniscalzi.com/wp-content/uploads/2022/02/Segretario_Informazione.jpg","contentUrl":"https://www.carmelitaniscalzi.com/wp-content/uploads/2022/02/Segretario_Informazione.jpg","width":600,"height":600},{"@type":"BreadcrumbList","@id":"https://www.carmelitaniscalzi.com/es/curia-general/secretario-para-la-informacion/#breadcrumb","itemListElement":[{"@type":"ListItem","position":1,"name":"Home","item":"https://www.carmelitaniscalzi.com/es/"},{"@type":"ListItem","position":2,"name":"Curia General","item":"https://www.carmelitaniscalzi.com/es/curia-general/"},{"@type":"ListItem","position":3,"name":"Secretario para la información"}]},{"@type":"WebSite","@id":"https://www.carmelitaniscalzi.com/#website","url":"https://www.carmelitaniscalzi.com/","name":"CARMELITANI SCALZI - Curia Generale del Carmelo Teresiano","description":"Curia General del Carmelo Teresiano","publisher":{"@id":"https://www.carmelitaniscalzi.com/#organization"},"alternateName":"CARMELITANI SCALZI","potentialAction":[{"@type":"SearchAction","target":{"@type":"EntryPoint","urlTemplate":"https://www.carmelitaniscalzi.com/?s={search_term_string}"},"query-input":{"@type":"PropertyValueSpecification","valueRequired":true,"valueName":"search_term_string"}}],"inLanguage":"es"},{"@type":"Organization","@id":"https://www.carmelitaniscalzi.com/#organization","name":"CARMELITANI SCALZI - Curia Generale del Carmelo Teresiano","url":"https://www.carmelitaniscalzi.com/","logo":{"@type":"ImageObject","inLanguage":"es","@id":"https://www.carmelitaniscalzi.com/#/schema/logo/image/","url":"https://www.carmelitaniscalzi.com/wp-content/uploads/2025/11/login-logo.png","contentUrl":"https://www.carmelitaniscalzi.com/wp-content/uploads/2025/11/login-logo.png","width":256,"height":256,"caption":"CARMELITANI SCALZI - Curia Generale del Carmelo Teresiano"},"image":{"@id":"https://www.carmelitaniscalzi.com/#/schema/logo/image/"},"sameAs":["https://www.facebook.com/Curia-Generalizia-Carmelitani-Scalzi-658766940887784/","https://x.com/ocdcuria","https://www.youtube.com/channel/UC2J5ZL0ycOY0qBSTCLX_NGQ/videos","https://www.instagram.com/ocdinform/"]}]}</script>
<!-- / Yoast SEO plugin. -->

Secretario para la información - CARMELITAS DESCALZOS

Biografía El P. José Pereira nació en Bayona (Francia) el año 1974 e hizo su primera profesión en el Carmelo descalzo el año 2001. Ordenado sacerdote en 2007, posee la licencia en Teología espiritual en nuestra Facultad “Teresianum” de Roma. En los últimos años ha trabajado en las “Editions du Carmel” de Toulouse (Francia) como [&hellip;]
