{"id":4631,"date":"2016-06-26T21:23:59","date_gmt":"2016-06-26T19:23:59","guid":{"rendered":"https:\/\/www.carmelitaniscalzi.com\/es\/?page_id=4631"},"modified":"2022-10-15T00:27:49","modified_gmt":"2022-10-14T22:27:49","slug":"archivero-general","status":"publish","type":"curia","link":"https:\/\/www.carmelitaniscalzi.com\/es\/curia-general\/archivero-general\/","title":{"rendered":"Archivero General"},"content":{"rendered":"<h3><span style=\"color: #444444; font-size: 16px; line-height: 1.7;\">Actividad<\/span><\/h3>\n<p>Santa Teresa daba una gran importancia a los documentos y recomendaba que en cada monasterio hubiese un sitio digno y seguro donde conservar las cartas de mayor valor administrativo. Sus hijos e hijas tuvieron en cuenta los sabios consejos de la Fundadora. El primer n\u00facleo del Archivo General se constituy\u00f3 a finales del siglo XVI en Santa Mar\u00eda de la Escala, en la Casa General de la Congregaci\u00f3n italiana. En \u00e9l fueron conservados los documentos que llegaban a dicha Casa General de todas las circunscripciones de la Orden, as\u00ed como los que ella misma produc\u00eda. De particular valor y riqueza documental es la secci\u00f3n \u201chist\u00f3rica\u201d, relativa a nuestras primeras misiones en Persia e India en los siglos XVII y XVIII. El Archivero es custodio de este patrimonio com\u00fan, asegurando su catalogaci\u00f3n y ayudando a los numerosos investigadores que todos los a\u00f1os piden poder consultar los documentos del Archivo para realizar pesquisas de distinto tipo.<\/p>\n<hr \/>\n<p><a href=\"http:\/\/agocd.com\" target=\"_blank\" rel=\"noopener\"><img loading=\"lazy\" decoding=\"async\" class=\"wp-image-6314 size-medium aligncenter\" title=\"Archivio Generale\" src=\"https:\/\/www.carmelitaniscalzi.com\/wp-content\/uploads\/2016\/02\/archivio-300x42.jpg\" alt=\"archivio\" width=\"300\" height=\"42\" srcset=\"https:\/\/www.carmelitaniscalzi.com\/wp-content\/uploads\/2016\/02\/archivio-300x42.jpg 300w, https:\/\/www.carmelitaniscalzi.com\/wp-content\/uploads\/2016\/02\/archivio-395x55.jpg 395w, https:\/\/www.carmelitaniscalzi.com\/wp-content\/uploads\/2016\/02\/archivio.jpg 460w\" sizes=\"auto, (max-width: 300px) 100vw, 300px\" \/><\/a><\/p>\n","protected":false},"featured_media":51458,"parent":4575,"menu_order":7,"template":"","format":"standard","meta":{"_acf_changed":false,"footnotes":""},"carica_cauria":[830],"class_list":["post-4631","curia","type-curia","status-publish","format-standard","has-post-thumbnail","hentry","carica_cauria-otras"],"acf":[],"yoast_head":"<!-- This site is optimized with the Yoast SEO plugin v26.3 - https:\/\/yoast.com\/wordpress\/plugins\/seo\/ -->\n<title>Archivero General - CARMELITAS DESCALZOS<\/title>\n<meta name=\"robots\" content=\"index, follow, max-snippet:-1, max-image-preview:large, max-video-preview:-1\" \/>\n<link rel=\"canonical\" href=\"https:\/\/www.carmelitaniscalzi.com\/es\/curia-general\/archivero-general\/\" \/>\n<meta property=\"og:locale\" content=\"es_ES\" \/>\n<meta property=\"og:type\" content=\"article\" \/>\n<meta property=\"og:title\" content=\"Archivero General - CARMELITAS DESCALZOS\" \/>\n<meta property=\"og:description\" content=\"Actividad Santa Teresa daba una gran importancia a los documentos y recomendaba que en cada monasterio hubiese un sitio digno y seguro donde conservar las cartas de mayor valor administrativo. Sus hijos e hijas tuvieron en cuenta los sabios consejos de la Fundadora. El primer n\u00facleo del Archivo General se constituy\u00f3 a finales del siglo [&hellip;]\" \/>\n<meta property=\"og:url\" content=\"https:\/\/www.carmelitaniscalzi.com\/es\/curia-general\/archivero-general\/\" \/>\n<meta property=\"og:site_name\" content=\"CARMELITAS DESCALZOS\" \/>\n<meta property=\"article:publisher\" content=\"https:\/\/www.facebook.com\/Curia-Generalizia-Carmelitani-Scalzi-658766940887784\/\" \/>\n<meta property=\"article:modified_time\" content=\"2022-10-14T22:27:49+00:00\" \/>\n<meta property=\"og:image\" content=\"https:\/\/www.carmelitaniscalzi.com\/wp-content\/uploads\/2016\/02\/placeholder_profile.jpg\" \/>\n\t<meta property=\"og:image:width\" content=\"600\" \/>\n\t<meta property=\"og:image:height\" content=\"600\" \/>\n\t<meta property=\"og:image:type\" content=\"image\/jpeg\" \/>\n<meta name=\"twitter:card\" content=\"summary_large_image\" \/>\n<meta name=\"twitter:site\" content=\"@ocdcuria\" \/>\n<meta name=\"twitter:label1\" content=\"Tiempo de lectura\" \/>\n\t<meta name=\"twitter:data1\" content=\"1 minuto\" \/>\n<script type=\"application\/ld+json\" class=\"yoast-schema-graph\">{\"@context\":\"https:\/\/schema.org\",\"@graph\":[{\"@type\":\"WebPage\",\"@id\":\"https:\/\/www.carmelitaniscalzi.com\/es\/curia-general\/archivero-general\/\",\"url\":\"https:\/\/www.carmelitaniscalzi.com\/es\/curia-general\/archivero-general\/\",\"name\":\"Archivero General - CARMELITAS DESCALZOS\",\"isPartOf\":{\"@id\":\"https:\/\/www.carmelitaniscalzi.com\/#website\"},\"primaryImageOfPage\":{\"@id\":\"https:\/\/www.carmelitaniscalzi.com\/es\/curia-general\/archivero-general\/#primaryimage\"},\"image\":{\"@id\":\"https:\/\/www.carmelitaniscalzi.com\/es\/curia-general\/archivero-general\/#primaryimage\"},\"thumbnailUrl\":\"https:\/\/www.carmelitaniscalzi.com\/wp-content\/uploads\/2016\/02\/placeholder_profile.jpg\",\"datePublished\":\"2016-06-26T19:23:59+00:00\",\"dateModified\":\"2022-10-14T22:27:49+00:00\",\"breadcrumb\":{\"@id\":\"https:\/\/www.carmelitaniscalzi.com\/es\/curia-general\/archivero-general\/#breadcrumb\"},\"inLanguage\":\"es\",\"potentialAction\":[{\"@type\":\"ReadAction\",\"target\":[\"https:\/\/www.carmelitaniscalzi.com\/es\/curia-general\/archivero-general\/\"]}]},{\"@type\":\"ImageObject\",\"inLanguage\":\"es\",\"@id\":\"https:\/\/www.carmelitaniscalzi.com\/es\/curia-general\/archivero-general\/#primaryimage\",\"url\":\"https:\/\/www.carmelitaniscalzi.com\/wp-content\/uploads\/2016\/02\/placeholder_profile.jpg\",\"contentUrl\":\"https:\/\/www.carmelitaniscalzi.com\/wp-content\/uploads\/2016\/02\/placeholder_profile.jpg\",\"width\":600,\"height\":600},{\"@type\":\"BreadcrumbList\",\"@id\":\"https:\/\/www.carmelitaniscalzi.com\/es\/curia-general\/archivero-general\/#breadcrumb\",\"itemListElement\":[{\"@type\":\"ListItem\",\"position\":1,\"name\":\"Home\",\"item\":\"https:\/\/www.carmelitaniscalzi.com\/es\/\"},{\"@type\":\"ListItem\",\"position\":2,\"name\":\"Curia General\",\"item\":\"https:\/\/www.carmelitaniscalzi.com\/es\/curia-general\/\"},{\"@type\":\"ListItem\",\"position\":3,\"name\":\"Archivero General\"}]},{\"@type\":\"WebSite\",\"@id\":\"https:\/\/www.carmelitaniscalzi.com\/#website\",\"url\":\"https:\/\/www.carmelitaniscalzi.com\/\",\"name\":\"CARMELITANI SCALZI - Curia Generale del Carmelo Teresiano\",\"description\":\"Curia General del Carmelo Teresiano\",\"publisher\":{\"@id\":\"https:\/\/www.carmelitaniscalzi.com\/#organization\"},\"alternateName\":\"CARMELITANI SCALZI\",\"potentialAction\":[{\"@type\":\"SearchAction\",\"target\":{\"@type\":\"EntryPoint\",\"urlTemplate\":\"https:\/\/www.carmelitaniscalzi.com\/?s={search_term_string}\"},\"query-input\":{\"@type\":\"PropertyValueSpecification\",\"valueRequired\":true,\"valueName\":\"search_term_string\"}}],\"inLanguage\":\"es\"},{\"@type\":\"Organization\",\"@id\":\"https:\/\/www.carmelitaniscalzi.com\/#organization\",\"name\":\"CARMELITANI SCALZI - Curia Generale del Carmelo Teresiano\",\"url\":\"https:\/\/www.carmelitaniscalzi.com\/\",\"logo\":{\"@type\":\"ImageObject\",\"inLanguage\":\"es\",\"@id\":\"https:\/\/www.carmelitaniscalzi.com\/#\/schema\/logo\/image\/\",\"url\":\"https:\/\/www.carmelitaniscalzi.com\/wp-content\/uploads\/2025\/11\/login-logo.png\",\"contentUrl\":\"https:\/\/www.carmelitaniscalzi.com\/wp-content\/uploads\/2025\/11\/login-logo.png\",\"width\":256,\"height\":256,\"caption\":\"CARMELITANI SCALZI - Curia Generale del Carmelo Teresiano\"},\"image\":{\"@id\":\"https:\/\/www.carmelitaniscalzi.com\/#\/schema\/logo\/image\/\"},\"sameAs\":[\"https:\/\/www.facebook.com\/Curia-Generalizia-Carmelitani-Scalzi-658766940887784\/\",\"https:\/\/x.com\/ocdcuria\",\"https:\/\/www.youtube.com\/channel\/UC2J5ZL0ycOY0qBSTCLX_NGQ\/videos\",\"https:\/\/www.instagram.com\/ocdinform\/\"]}]}<\/script>\n<!-- \/ Yoast SEO plugin. -->","yoast_head_json":{"title":"Archivero General - CARMELITAS DESCALZOS","robots":{"index":"index","follow":"follow","max-snippet":"max-snippet:-1","max-image-preview":"max-image-preview:large","max-video-preview":"max-video-preview:-1"},"canonical":"https:\/\/www.carmelitaniscalzi.com\/es\/curia-general\/archivero-general\/","og_locale":"es_ES","og_type":"article","og_title":"Archivero General - CARMELITAS DESCALZOS","og_description":"Actividad Santa Teresa daba una gran importancia a los documentos y recomendaba que en cada monasterio hubiese un sitio digno y seguro donde conservar las cartas de mayor valor administrativo. Sus hijos e hijas tuvieron en cuenta los sabios consejos de la Fundadora. El primer n\u00facleo del Archivo General se constituy\u00f3 a finales del siglo [&hellip;]","og_url":"https:\/\/www.carmelitaniscalzi.com\/es\/curia-general\/archivero-general\/","og_site_name":"CARMELITAS DESCALZOS","article_publisher":"https:\/\/www.facebook.com\/Curia-Generalizia-Carmelitani-Scalzi-658766940887784\/","article_modified_time":"2022-10-14T22:27:49+00:00","og_image":[{"width":600,"height":600,"url":"https:\/\/www.carmelitaniscalzi.com\/wp-content\/uploads\/2016\/02\/placeholder_profile.jpg","type":"image\/jpeg"}],"twitter_card":"summary_large_image","twitter_site":"@ocdcuria","twitter_misc":{"Tiempo de lectura":"1 minuto"},"schema":{"@context":"https:\/\/schema.org","@graph":[{"@type":"WebPage","@id":"https:\/\/www.carmelitaniscalzi.com\/es\/curia-general\/archivero-general\/","url":"https:\/\/www.carmelitaniscalzi.com\/es\/curia-general\/archivero-general\/","name":"Archivero General - CARMELITAS DESCALZOS","isPartOf":{"@id":"https:\/\/www.carmelitaniscalzi.com\/#website"},"primaryImageOfPage":{"@id":"https:\/\/www.carmelitaniscalzi.com\/es\/curia-general\/archivero-general\/#primaryimage"},"image":{"@id":"https:\/\/www.carmelitaniscalzi.com\/es\/curia-general\/archivero-general\/#primaryimage"},"thumbnailUrl":"https:\/\/www.carmelitaniscalzi.com\/wp-content\/uploads\/2016\/02\/placeholder_profile.jpg","datePublished":"2016-06-26T19:23:59+00:00","dateModified":"2022-10-14T22:27:49+00:00","breadcrumb":{"@id":"https:\/\/www.carmelitaniscalzi.com\/es\/curia-general\/archivero-general\/#breadcrumb"},"inLanguage":"es","potentialAction":[{"@type":"ReadAction","target":["https:\/\/www.carmelitaniscalzi.com\/es\/curia-general\/archivero-general\/"]}]},{"@type":"ImageObject","inLanguage":"es","@id":"https:\/\/www.carmelitaniscalzi.com\/es\/curia-general\/archivero-general\/#primaryimage","url":"https:\/\/www.carmelitaniscalzi.com\/wp-content\/uploads\/2016\/02\/placeholder_profile.jpg","contentUrl":"https:\/\/www.carmelitaniscalzi.com\/wp-content\/uploads\/2016\/02\/placeholder_profile.jpg","width":600,"height":600},{"@type":"BreadcrumbList","@id":"https:\/\/www.carmelitaniscalzi.com\/es\/curia-general\/archivero-general\/#breadcrumb","itemListElement":[{"@type":"ListItem","position":1,"name":"Home","item":"https:\/\/www.carmelitaniscalzi.com\/es\/"},{"@type":"ListItem","position":2,"name":"Curia General","item":"https:\/\/www.carmelitaniscalzi.com\/es\/curia-general\/"},{"@type":"ListItem","position":3,"name":"Archivero General"}]},{"@type":"WebSite","@id":"https:\/\/www.carmelitaniscalzi.com\/#website","url":"https:\/\/www.carmelitaniscalzi.com\/","name":"CARMELITANI SCALZI - Curia Generale del Carmelo Teresiano","description":"Curia General del Carmelo Teresiano","publisher":{"@id":"https:\/\/www.carmelitaniscalzi.com\/#organization"},"alternateName":"CARMELITANI SCALZI","potentialAction":[{"@type":"SearchAction","target":{"@type":"EntryPoint","urlTemplate":"https:\/\/www.carmelitaniscalzi.com\/?s={search_term_string}"},"query-input":{"@type":"PropertyValueSpecification","valueRequired":true,"valueName":"search_term_string"}}],"inLanguage":"es"},{"@type":"Organization","@id":"https:\/\/www.carmelitaniscalzi.com\/#organization","name":"CARMELITANI SCALZI - Curia Generale del Carmelo Teresiano","url":"https:\/\/www.carmelitaniscalzi.com\/","logo":{"@type":"ImageObject","inLanguage":"es","@id":"https:\/\/www.carmelitaniscalzi.com\/#\/schema\/logo\/image\/","url":"https:\/\/www.carmelitaniscalzi.com\/wp-content\/uploads\/2025\/11\/login-logo.png","contentUrl":"https:\/\/www.carmelitaniscalzi.com\/wp-content\/uploads\/2025\/11\/login-logo.png","width":256,"height":256,"caption":"CARMELITANI SCALZI - Curia Generale del Carmelo Teresiano"},"image":{"@id":"https:\/\/www.carmelitaniscalzi.com\/#\/schema\/logo\/image\/"},"sameAs":["https:\/\/www.facebook.com\/Curia-Generalizia-Carmelitani-Scalzi-658766940887784\/","https:\/\/x.com\/ocdcuria","https:\/\/www.youtube.com\/channel\/UC2J5ZL0ycOY0qBSTCLX_NGQ\/videos","https:\/\/www.instagram.com\/ocdinform\/"]}]}},"_links":{"self":[{"href":"https:\/\/www.carmelitaniscalzi.com\/es\/wp-json\/wp\/v2\/curia\/4631","targetHints":{"allow":["GET"]}}],"collection":[{"href":"https:\/\/www.carmelitaniscalzi.com\/es\/wp-json\/wp\/v2\/curia"}],"about":[{"href":"https:\/\/www.carmelitaniscalzi.com\/es\/wp-json\/wp\/v2\/types\/curia"}],"version-history":[{"count":1,"href":"https:\/\/www.carmelitaniscalzi.com\/es\/wp-json\/wp\/v2\/curia\/4631\/revisions"}],"predecessor-version":[{"id":178550,"href":"https:\/\/www.carmelitaniscalzi.com\/es\/wp-json\/wp\/v2\/curia\/4631\/revisions\/178550"}],"up":[{"embeddable":true,"href":"https:\/\/www.carmelitaniscalzi.com\/es\/wp-json\/wp\/v2\/curia\/4575"}],"wp:featuredmedia":[{"embeddable":true,"href":"https:\/\/www.carmelitaniscalzi.com\/es\/wp-json\/wp\/v2\/media\/51458"}],"wp:attachment":[{"href":"https:\/\/www.carmelitaniscalzi.com\/es\/wp-json\/wp\/v2\/media?parent=4631"}],"wp:term":[{"taxonomy":"carica_cauria","embeddable":true,"href":"https:\/\/www.carmelitaniscalzi.com\/es\/wp-json\/wp\/v2\/carica_cauria?post=4631"}],"curies":[{"name":"wp","href":"https:\/\/api.w.org\/{rel}","templated":true}]}}

<h3><span style="color: #444444; font-size: 16px; line-height: 1.7;">Actividad</span></h3>
<p>Santa Teresa daba una gran importancia a los documentos y recomendaba que en cada monasterio hubiese un sitio digno y seguro donde conservar las cartas de mayor valor administrativo. Sus hijos e hijas tuvieron en cuenta los sabios consejos de la Fundadora. El primer núcleo del Archivo General se constituyó a finales del siglo XVI en Santa María de la Escala, en la Casa General de la Congregación italiana. En él fueron conservados los documentos que llegaban a dicha Casa General de todas las circunscripciones de la Orden, así como los que ella misma producía. De particular valor y riqueza documental es la sección “histórica”, relativa a nuestras primeras misiones en Persia e India en los siglos XVII y XVIII. El Archivero es custodio de este patrimonio común, asegurando su catalogación y ayudando a los numerosos investigadores que todos los años piden poder consultar los documentos del Archivo para realizar pesquisas de distinto tipo.</p>
<hr />
<p><a href="http://agocd.com" target="_blank" rel="noopener"><img loading="lazy" decoding="async" class="wp-image-6314 size-medium aligncenter" title="Archivio Generale" src="https://www.carmelitaniscalzi.com/wp-content/uploads/2016/02/archivio-300x42.jpg" alt="archivio" width="300" height="42" srcset="https://www.carmelitaniscalzi.com/wp-content/uploads/2016/02/archivio-300x42.jpg 300w, https://www.carmelitaniscalzi.com/wp-content/uploads/2016/02/archivio-395x55.jpg 395w, https://www.carmelitaniscalzi.com/wp-content/uploads/2016/02/archivio.jpg 460w" sizes="auto, (max-width: 300px) 100vw, 300px" /></a></p>

<!-- This site is optimized with the Yoast SEO plugin v26.3 - https://yoast.com/wordpress/plugins/seo/ -->
<title>Archivero General - CARMELITAS DESCALZOS</title>
<meta name="robots" content="index, follow, max-snippet:-1, max-image-preview:large, max-video-preview:-1" />
<link rel="canonical" href="https://www.carmelitaniscalzi.com/es/curia-general/archivero-general/" />
<meta property="og:locale" content="es_ES" />
<meta property="og:type" content="article" />
<meta property="og:title" content="Archivero General - CARMELITAS DESCALZOS" />
<meta property="og:description" content="Actividad Santa Teresa daba una gran importancia a los documentos y recomendaba que en cada monasterio hubiese un sitio digno y seguro donde conservar las cartas de mayor valor administrativo. Sus hijos e hijas tuvieron en cuenta los sabios consejos de la Fundadora. El primer núcleo del Archivo General se constituyó a finales del siglo [&hellip;]" />
<meta property="og:url" content="https://www.carmelitaniscalzi.com/es/curia-general/archivero-general/" />
<meta property="og:site_name" content="CARMELITAS DESCALZOS" />
<meta property="article:publisher" content="https://www.facebook.com/Curia-Generalizia-Carmelitani-Scalzi-658766940887784/" />
<meta property="article:modified_time" content="2022-10-14T22:27:49+00:00" />
<meta property="og:image" content="https://www.carmelitaniscalzi.com/wp-content/uploads/2016/02/placeholder_profile.jpg" />
	<meta property="og:image:width" content="600" />
	<meta property="og:image:height" content="600" />
	<meta property="og:image:type" content="image/jpeg" />
<meta name="twitter:card" content="summary_large_image" />
<meta name="twitter:site" content="@ocdcuria" />
<meta name="twitter:label1" content="Tiempo de lectura" />
	<meta name="twitter:data1" content="1 minuto" />
<script type="application/ld+json" class="yoast-schema-graph">{"@context":"https://schema.org","@graph":[{"@type":"WebPage","@id":"https://www.carmelitaniscalzi.com/es/curia-general/archivero-general/","url":"https://www.carmelitaniscalzi.com/es/curia-general/archivero-general/","name":"Archivero General - CARMELITAS DESCALZOS","isPartOf":{"@id":"https://www.carmelitaniscalzi.com/#website"},"primaryImageOfPage":{"@id":"https://www.carmelitaniscalzi.com/es/curia-general/archivero-general/#primaryimage"},"image":{"@id":"https://www.carmelitaniscalzi.com/es/curia-general/archivero-general/#primaryimage"},"thumbnailUrl":"https://www.carmelitaniscalzi.com/wp-content/uploads/2016/02/placeholder_profile.jpg","datePublished":"2016-06-26T19:23:59+00:00","dateModified":"2022-10-14T22:27:49+00:00","breadcrumb":{"@id":"https://www.carmelitaniscalzi.com/es/curia-general/archivero-general/#breadcrumb"},"inLanguage":"es","potentialAction":[{"@type":"ReadAction","target":["https://www.carmelitaniscalzi.com/es/curia-general/archivero-general/"]}]},{"@type":"ImageObject","inLanguage":"es","@id":"https://www.carmelitaniscalzi.com/es/curia-general/archivero-general/#primaryimage","url":"https://www.carmelitaniscalzi.com/wp-content/uploads/2016/02/placeholder_profile.jpg","contentUrl":"https://www.carmelitaniscalzi.com/wp-content/uploads/2016/02/placeholder_profile.jpg","width":600,"height":600},{"@type":"BreadcrumbList","@id":"https://www.carmelitaniscalzi.com/es/curia-general/archivero-general/#breadcrumb","itemListElement":[{"@type":"ListItem","position":1,"name":"Home","item":"https://www.carmelitaniscalzi.com/es/"},{"@type":"ListItem","position":2,"name":"Curia General","item":"https://www.carmelitaniscalzi.com/es/curia-general/"},{"@type":"ListItem","position":3,"name":"Archivero General"}]},{"@type":"WebSite","@id":"https://www.carmelitaniscalzi.com/#website","url":"https://www.carmelitaniscalzi.com/","name":"CARMELITANI SCALZI - Curia Generale del Carmelo Teresiano","description":"Curia General del Carmelo Teresiano","publisher":{"@id":"https://www.carmelitaniscalzi.com/#organization"},"alternateName":"CARMELITANI SCALZI","potentialAction":[{"@type":"SearchAction","target":{"@type":"EntryPoint","urlTemplate":"https://www.carmelitaniscalzi.com/?s={search_term_string}"},"query-input":{"@type":"PropertyValueSpecification","valueRequired":true,"valueName":"search_term_string"}}],"inLanguage":"es"},{"@type":"Organization","@id":"https://www.carmelitaniscalzi.com/#organization","name":"CARMELITANI SCALZI - Curia Generale del Carmelo Teresiano","url":"https://www.carmelitaniscalzi.com/","logo":{"@type":"ImageObject","inLanguage":"es","@id":"https://www.carmelitaniscalzi.com/#/schema/logo/image/","url":"https://www.carmelitaniscalzi.com/wp-content/uploads/2025/11/login-logo.png","contentUrl":"https://www.carmelitaniscalzi.com/wp-content/uploads/2025/11/login-logo.png","width":256,"height":256,"caption":"CARMELITANI SCALZI - Curia Generale del Carmelo Teresiano"},"image":{"@id":"https://www.carmelitaniscalzi.com/#/schema/logo/image/"},"sameAs":["https://www.facebook.com/Curia-Generalizia-Carmelitani-Scalzi-658766940887784/","https://x.com/ocdcuria","https://www.youtube.com/channel/UC2J5ZL0ycOY0qBSTCLX_NGQ/videos","https://www.instagram.com/ocdinform/"]}]}</script>
<!-- / Yoast SEO plugin. -->

Actividad Santa Teresa daba una gran importancia a los documentos y recomendaba que en cada monasterio hubiese un sitio digno y seguro donde conservar las cartas de mayor valor administrativo. Sus hijos e hijas tuvieron en cuenta los sabios consejos de la Fundadora. El primer núcleo del Archivo General se constituyó a finales del siglo [&hellip;]
