{"id":319764,"date":"2024-02-03T09:14:03","date_gmt":"2024-02-03T08:14:03","guid":{"rendered":"https:\/\/www.carmelitaniscalzi.com\/?post_type=curia&#038;p=319764"},"modified":"2024-02-03T19:23:41","modified_gmt":"2024-02-03T18:23:41","slug":"subsecretario-general-para-las-monjas","status":"publish","type":"curia","link":"https:\/\/www.carmelitaniscalzi.com\/es\/curia-general\/subsecretario-general-para-las-monjas\/","title":{"rendered":"Subsecretario General para las Monjas"},"content":{"rendered":"<h3>Biograf\u00eda<\/h3>\n<p>Naci\u00f3 en Zacatecas (M\u00e9xico) el 26 de octubre de 1963. Entr\u00f3 en la Orden el 20 de julio de 1981. Primera profesi\u00f3n 16 de septiembre de 1982. Profesi\u00f3n solemne en octubre de 1990.<\/p>\n<p>Estudia filosof\u00eda en el Pontificio Seminario Palafoxiano (Puebla, M\u00e9x.) y teolog\u00eda en la Universidad Iberoamericana (S.I), de la Ciudad de M\u00e9xico. Es ordenado sacerdote, en Ciudad de M\u00e9xico, el 16 de noviembre de 1991.<\/p>\n<p>Realiz\u00f3 estudios de especializaci\u00f3n en el Centro de Estudios de los Valores Humanos (CEVHAC), en el Centro Internacional Teresiano-sanjuanista (\u00c1vila) y la Pontificia Universidad Gregoriana (Roma).<\/p>\n<p>De 2011 a 2023, colabor\u00f3 como Asistente Religioso y Delegado Provincial para la Federaci\u00f3n de Carmelitas Descalzas \u201cSan Jos\u00e9 de Guadalupe\u201d (en M\u00e9xico) y, a partir de 2024, se incorpora como subsecretario al Secretariado General para las Monjas Carmelitas.<\/p>\n","protected":false},"featured_media":319786,"parent":4575,"menu_order":11,"template":"","format":"standard","meta":{"_acf_changed":false,"footnotes":""},"carica_cauria":[830],"class_list":["post-319764","curia","type-curia","status-publish","format-standard","has-post-thumbnail","hentry","carica_cauria-otras"],"acf":[],"yoast_head":"<!-- This site is optimized with the Yoast SEO plugin v26.3 - https:\/\/yoast.com\/wordpress\/plugins\/seo\/ -->\n<title>Subsecretario General para las Monjas - CARMELITAS DESCALZOS<\/title>\n<meta name=\"robots\" content=\"index, follow, max-snippet:-1, max-image-preview:large, max-video-preview:-1\" \/>\n<link rel=\"canonical\" href=\"https:\/\/www.carmelitaniscalzi.com\/es\/curia-general\/subsecretario-general-para-las-monjas\/\" \/>\n<meta property=\"og:locale\" content=\"es_ES\" \/>\n<meta property=\"og:type\" content=\"article\" \/>\n<meta property=\"og:title\" content=\"Subsecretario General para las Monjas - CARMELITAS DESCALZOS\" \/>\n<meta property=\"og:description\" content=\"Biograf\u00eda Naci\u00f3 en Zacatecas (M\u00e9xico) el 26 de octubre de 1963. Entr\u00f3 en la Orden el 20 de julio de 1981. Primera profesi\u00f3n 16 de septiembre de 1982. Profesi\u00f3n solemne en octubre de 1990. Estudia filosof\u00eda en el Pontificio Seminario Palafoxiano (Puebla, M\u00e9x.) y teolog\u00eda en la Universidad Iberoamericana (S.I), de la Ciudad de M\u00e9xico. [&hellip;]\" \/>\n<meta property=\"og:url\" content=\"https:\/\/www.carmelitaniscalzi.com\/es\/curia-general\/subsecretario-general-para-las-monjas\/\" \/>\n<meta property=\"og:site_name\" content=\"CARMELITAS DESCALZOS\" \/>\n<meta property=\"article:publisher\" content=\"https:\/\/www.facebook.com\/Curia-Generalizia-Carmelitani-Scalzi-658766940887784\/\" \/>\n<meta property=\"article:modified_time\" content=\"2024-02-03T18:23:41+00:00\" \/>\n<meta property=\"og:image\" content=\"https:\/\/www.carmelitaniscalzi.com\/wp-content\/uploads\/2024\/02\/Juan_profile.jpg\" \/>\n\t<meta property=\"og:image:width\" content=\"600\" \/>\n\t<meta property=\"og:image:height\" content=\"600\" \/>\n\t<meta property=\"og:image:type\" content=\"image\/jpeg\" \/>\n<meta name=\"twitter:card\" content=\"summary_large_image\" \/>\n<meta name=\"twitter:site\" content=\"@ocdcuria\" \/>\n<meta name=\"twitter:label1\" content=\"Tiempo de lectura\" \/>\n\t<meta name=\"twitter:data1\" content=\"1 minuto\" \/>\n<script type=\"application\/ld+json\" class=\"yoast-schema-graph\">{\"@context\":\"https:\/\/schema.org\",\"@graph\":[{\"@type\":\"WebPage\",\"@id\":\"https:\/\/www.carmelitaniscalzi.com\/es\/curia-general\/subsecretario-general-para-las-monjas\/\",\"url\":\"https:\/\/www.carmelitaniscalzi.com\/es\/curia-general\/subsecretario-general-para-las-monjas\/\",\"name\":\"Subsecretario General para las Monjas - CARMELITAS DESCALZOS\",\"isPartOf\":{\"@id\":\"https:\/\/www.carmelitaniscalzi.com\/#website\"},\"primaryImageOfPage\":{\"@id\":\"https:\/\/www.carmelitaniscalzi.com\/es\/curia-general\/subsecretario-general-para-las-monjas\/#primaryimage\"},\"image\":{\"@id\":\"https:\/\/www.carmelitaniscalzi.com\/es\/curia-general\/subsecretario-general-para-las-monjas\/#primaryimage\"},\"thumbnailUrl\":\"https:\/\/www.carmelitaniscalzi.com\/wp-content\/uploads\/2024\/02\/Juan_profile.jpg\",\"datePublished\":\"2024-02-03T08:14:03+00:00\",\"dateModified\":\"2024-02-03T18:23:41+00:00\",\"breadcrumb\":{\"@id\":\"https:\/\/www.carmelitaniscalzi.com\/es\/curia-general\/subsecretario-general-para-las-monjas\/#breadcrumb\"},\"inLanguage\":\"es\",\"potentialAction\":[{\"@type\":\"ReadAction\",\"target\":[\"https:\/\/www.carmelitaniscalzi.com\/es\/curia-general\/subsecretario-general-para-las-monjas\/\"]}]},{\"@type\":\"ImageObject\",\"inLanguage\":\"es\",\"@id\":\"https:\/\/www.carmelitaniscalzi.com\/es\/curia-general\/subsecretario-general-para-las-monjas\/#primaryimage\",\"url\":\"https:\/\/www.carmelitaniscalzi.com\/wp-content\/uploads\/2024\/02\/Juan_profile.jpg\",\"contentUrl\":\"https:\/\/www.carmelitaniscalzi.com\/wp-content\/uploads\/2024\/02\/Juan_profile.jpg\",\"width\":600,\"height\":600},{\"@type\":\"BreadcrumbList\",\"@id\":\"https:\/\/www.carmelitaniscalzi.com\/es\/curia-general\/subsecretario-general-para-las-monjas\/#breadcrumb\",\"itemListElement\":[{\"@type\":\"ListItem\",\"position\":1,\"name\":\"Home\",\"item\":\"https:\/\/www.carmelitaniscalzi.com\/es\/\"},{\"@type\":\"ListItem\",\"position\":2,\"name\":\"Curia General\",\"item\":\"https:\/\/www.carmelitaniscalzi.com\/es\/curia-general\/\"},{\"@type\":\"ListItem\",\"position\":3,\"name\":\"Subsecretario General para las Monjas\"}]},{\"@type\":\"WebSite\",\"@id\":\"https:\/\/www.carmelitaniscalzi.com\/#website\",\"url\":\"https:\/\/www.carmelitaniscalzi.com\/\",\"name\":\"CARMELITANI SCALZI - Curia Generale del Carmelo Teresiano\",\"description\":\"Curia General del Carmelo Teresiano\",\"publisher\":{\"@id\":\"https:\/\/www.carmelitaniscalzi.com\/#organization\"},\"alternateName\":\"CARMELITANI SCALZI\",\"potentialAction\":[{\"@type\":\"SearchAction\",\"target\":{\"@type\":\"EntryPoint\",\"urlTemplate\":\"https:\/\/www.carmelitaniscalzi.com\/?s={search_term_string}\"},\"query-input\":{\"@type\":\"PropertyValueSpecification\",\"valueRequired\":true,\"valueName\":\"search_term_string\"}}],\"inLanguage\":\"es\"},{\"@type\":\"Organization\",\"@id\":\"https:\/\/www.carmelitaniscalzi.com\/#organization\",\"name\":\"CARMELITANI SCALZI - Curia Generale del Carmelo Teresiano\",\"url\":\"https:\/\/www.carmelitaniscalzi.com\/\",\"logo\":{\"@type\":\"ImageObject\",\"inLanguage\":\"es\",\"@id\":\"https:\/\/www.carmelitaniscalzi.com\/#\/schema\/logo\/image\/\",\"url\":\"https:\/\/www.carmelitaniscalzi.com\/wp-content\/uploads\/2025\/11\/login-logo.png\",\"contentUrl\":\"https:\/\/www.carmelitaniscalzi.com\/wp-content\/uploads\/2025\/11\/login-logo.png\",\"width\":256,\"height\":256,\"caption\":\"CARMELITANI SCALZI - Curia Generale del Carmelo Teresiano\"},\"image\":{\"@id\":\"https:\/\/www.carmelitaniscalzi.com\/#\/schema\/logo\/image\/\"},\"sameAs\":[\"https:\/\/www.facebook.com\/Curia-Generalizia-Carmelitani-Scalzi-658766940887784\/\",\"https:\/\/x.com\/ocdcuria\",\"https:\/\/www.youtube.com\/channel\/UC2J5ZL0ycOY0qBSTCLX_NGQ\/videos\",\"https:\/\/www.instagram.com\/ocdinform\/\"]}]}<\/script>\n<!-- \/ Yoast SEO plugin. -->","yoast_head_json":{"title":"Subsecretario General para las Monjas - CARMELITAS DESCALZOS","robots":{"index":"index","follow":"follow","max-snippet":"max-snippet:-1","max-image-preview":"max-image-preview:large","max-video-preview":"max-video-preview:-1"},"canonical":"https:\/\/www.carmelitaniscalzi.com\/es\/curia-general\/subsecretario-general-para-las-monjas\/","og_locale":"es_ES","og_type":"article","og_title":"Subsecretario General para las Monjas - CARMELITAS DESCALZOS","og_description":"Biograf\u00eda Naci\u00f3 en Zacatecas (M\u00e9xico) el 26 de octubre de 1963. Entr\u00f3 en la Orden el 20 de julio de 1981. Primera profesi\u00f3n 16 de septiembre de 1982. Profesi\u00f3n solemne en octubre de 1990. Estudia filosof\u00eda en el Pontificio Seminario Palafoxiano (Puebla, M\u00e9x.) y teolog\u00eda en la Universidad Iberoamericana (S.I), de la Ciudad de M\u00e9xico. [&hellip;]","og_url":"https:\/\/www.carmelitaniscalzi.com\/es\/curia-general\/subsecretario-general-para-las-monjas\/","og_site_name":"CARMELITAS DESCALZOS","article_publisher":"https:\/\/www.facebook.com\/Curia-Generalizia-Carmelitani-Scalzi-658766940887784\/","article_modified_time":"2024-02-03T18:23:41+00:00","og_image":[{"width":600,"height":600,"url":"https:\/\/www.carmelitaniscalzi.com\/wp-content\/uploads\/2024\/02\/Juan_profile.jpg","type":"image\/jpeg"}],"twitter_card":"summary_large_image","twitter_site":"@ocdcuria","twitter_misc":{"Tiempo de lectura":"1 minuto"},"schema":{"@context":"https:\/\/schema.org","@graph":[{"@type":"WebPage","@id":"https:\/\/www.carmelitaniscalzi.com\/es\/curia-general\/subsecretario-general-para-las-monjas\/","url":"https:\/\/www.carmelitaniscalzi.com\/es\/curia-general\/subsecretario-general-para-las-monjas\/","name":"Subsecretario General para las Monjas - CARMELITAS DESCALZOS","isPartOf":{"@id":"https:\/\/www.carmelitaniscalzi.com\/#website"},"primaryImageOfPage":{"@id":"https:\/\/www.carmelitaniscalzi.com\/es\/curia-general\/subsecretario-general-para-las-monjas\/#primaryimage"},"image":{"@id":"https:\/\/www.carmelitaniscalzi.com\/es\/curia-general\/subsecretario-general-para-las-monjas\/#primaryimage"},"thumbnailUrl":"https:\/\/www.carmelitaniscalzi.com\/wp-content\/uploads\/2024\/02\/Juan_profile.jpg","datePublished":"2024-02-03T08:14:03+00:00","dateModified":"2024-02-03T18:23:41+00:00","breadcrumb":{"@id":"https:\/\/www.carmelitaniscalzi.com\/es\/curia-general\/subsecretario-general-para-las-monjas\/#breadcrumb"},"inLanguage":"es","potentialAction":[{"@type":"ReadAction","target":["https:\/\/www.carmelitaniscalzi.com\/es\/curia-general\/subsecretario-general-para-las-monjas\/"]}]},{"@type":"ImageObject","inLanguage":"es","@id":"https:\/\/www.carmelitaniscalzi.com\/es\/curia-general\/subsecretario-general-para-las-monjas\/#primaryimage","url":"https:\/\/www.carmelitaniscalzi.com\/wp-content\/uploads\/2024\/02\/Juan_profile.jpg","contentUrl":"https:\/\/www.carmelitaniscalzi.com\/wp-content\/uploads\/2024\/02\/Juan_profile.jpg","width":600,"height":600},{"@type":"BreadcrumbList","@id":"https:\/\/www.carmelitaniscalzi.com\/es\/curia-general\/subsecretario-general-para-las-monjas\/#breadcrumb","itemListElement":[{"@type":"ListItem","position":1,"name":"Home","item":"https:\/\/www.carmelitaniscalzi.com\/es\/"},{"@type":"ListItem","position":2,"name":"Curia General","item":"https:\/\/www.carmelitaniscalzi.com\/es\/curia-general\/"},{"@type":"ListItem","position":3,"name":"Subsecretario General para las Monjas"}]},{"@type":"WebSite","@id":"https:\/\/www.carmelitaniscalzi.com\/#website","url":"https:\/\/www.carmelitaniscalzi.com\/","name":"CARMELITANI SCALZI - Curia Generale del Carmelo Teresiano","description":"Curia General del Carmelo Teresiano","publisher":{"@id":"https:\/\/www.carmelitaniscalzi.com\/#organization"},"alternateName":"CARMELITANI SCALZI","potentialAction":[{"@type":"SearchAction","target":{"@type":"EntryPoint","urlTemplate":"https:\/\/www.carmelitaniscalzi.com\/?s={search_term_string}"},"query-input":{"@type":"PropertyValueSpecification","valueRequired":true,"valueName":"search_term_string"}}],"inLanguage":"es"},{"@type":"Organization","@id":"https:\/\/www.carmelitaniscalzi.com\/#organization","name":"CARMELITANI SCALZI - Curia Generale del Carmelo Teresiano","url":"https:\/\/www.carmelitaniscalzi.com\/","logo":{"@type":"ImageObject","inLanguage":"es","@id":"https:\/\/www.carmelitaniscalzi.com\/#\/schema\/logo\/image\/","url":"https:\/\/www.carmelitaniscalzi.com\/wp-content\/uploads\/2025\/11\/login-logo.png","contentUrl":"https:\/\/www.carmelitaniscalzi.com\/wp-content\/uploads\/2025\/11\/login-logo.png","width":256,"height":256,"caption":"CARMELITANI SCALZI - Curia Generale del Carmelo Teresiano"},"image":{"@id":"https:\/\/www.carmelitaniscalzi.com\/#\/schema\/logo\/image\/"},"sameAs":["https:\/\/www.facebook.com\/Curia-Generalizia-Carmelitani-Scalzi-658766940887784\/","https:\/\/x.com\/ocdcuria","https:\/\/www.youtube.com\/channel\/UC2J5ZL0ycOY0qBSTCLX_NGQ\/videos","https:\/\/www.instagram.com\/ocdinform\/"]}]}},"_links":{"self":[{"href":"https:\/\/www.carmelitaniscalzi.com\/es\/wp-json\/wp\/v2\/curia\/319764","targetHints":{"allow":["GET"]}}],"collection":[{"href":"https:\/\/www.carmelitaniscalzi.com\/es\/wp-json\/wp\/v2\/curia"}],"about":[{"href":"https:\/\/www.carmelitaniscalzi.com\/es\/wp-json\/wp\/v2\/types\/curia"}],"version-history":[{"count":3,"href":"https:\/\/www.carmelitaniscalzi.com\/es\/wp-json\/wp\/v2\/curia\/319764\/revisions"}],"predecessor-version":[{"id":319800,"href":"https:\/\/www.carmelitaniscalzi.com\/es\/wp-json\/wp\/v2\/curia\/319764\/revisions\/319800"}],"up":[{"embeddable":true,"href":"https:\/\/www.carmelitaniscalzi.com\/es\/wp-json\/wp\/v2\/curia\/4575"}],"wp:featuredmedia":[{"embeddable":true,"href":"https:\/\/www.carmelitaniscalzi.com\/es\/wp-json\/wp\/v2\/media\/319786"}],"wp:attachment":[{"href":"https:\/\/www.carmelitaniscalzi.com\/es\/wp-json\/wp\/v2\/media?parent=319764"}],"wp:term":[{"taxonomy":"carica_cauria","embeddable":true,"href":"https:\/\/www.carmelitaniscalzi.com\/es\/wp-json\/wp\/v2\/carica_cauria?post=319764"}],"curies":[{"name":"wp","href":"https:\/\/api.w.org\/{rel}","templated":true}]}}

<h3>Biografía</h3>
<p>Nació en Zacatecas (México) el 26 de octubre de 1963. Entró en la Orden el 20 de julio de 1981. Primera profesión 16 de septiembre de 1982. Profesión solemne en octubre de 1990.</p>
<p>Estudia filosofía en el Pontificio Seminario Palafoxiano (Puebla, Méx.) y teología en la Universidad Iberoamericana (S.I), de la Ciudad de México. Es ordenado sacerdote, en Ciudad de México, el 16 de noviembre de 1991.</p>
<p>Realizó estudios de especialización en el Centro de Estudios de los Valores Humanos (CEVHAC), en el Centro Internacional Teresiano-sanjuanista (Ávila) y la Pontificia Universidad Gregoriana (Roma).</p>
<p>De 2011 a 2023, colaboró como Asistente Religioso y Delegado Provincial para la Federación de Carmelitas Descalzas “San José de Guadalupe” (en México) y, a partir de 2024, se incorpora como subsecretario al Secretariado General para las Monjas Carmelitas.</p>

<!-- This site is optimized with the Yoast SEO plugin v26.3 - https://yoast.com/wordpress/plugins/seo/ -->
<title>Subsecretario General para las Monjas - CARMELITAS DESCALZOS</title>
<meta name="robots" content="index, follow, max-snippet:-1, max-image-preview:large, max-video-preview:-1" />
<link rel="canonical" href="https://www.carmelitaniscalzi.com/es/curia-general/subsecretario-general-para-las-monjas/" />
<meta property="og:locale" content="es_ES" />
<meta property="og:type" content="article" />
<meta property="og:title" content="Subsecretario General para las Monjas - CARMELITAS DESCALZOS" />
<meta property="og:description" content="Biografía Nació en Zacatecas (México) el 26 de octubre de 1963. Entró en la Orden el 20 de julio de 1981. Primera profesión 16 de septiembre de 1982. Profesión solemne en octubre de 1990. Estudia filosofía en el Pontificio Seminario Palafoxiano (Puebla, Méx.) y teología en la Universidad Iberoamericana (S.I), de la Ciudad de México. [&hellip;]" />
<meta property="og:url" content="https://www.carmelitaniscalzi.com/es/curia-general/subsecretario-general-para-las-monjas/" />
<meta property="og:site_name" content="CARMELITAS DESCALZOS" />
<meta property="article:publisher" content="https://www.facebook.com/Curia-Generalizia-Carmelitani-Scalzi-658766940887784/" />
<meta property="article:modified_time" content="2024-02-03T18:23:41+00:00" />
<meta property="og:image" content="https://www.carmelitaniscalzi.com/wp-content/uploads/2024/02/Juan_profile.jpg" />
	<meta property="og:image:width" content="600" />
	<meta property="og:image:height" content="600" />
	<meta property="og:image:type" content="image/jpeg" />
<meta name="twitter:card" content="summary_large_image" />
<meta name="twitter:site" content="@ocdcuria" />
<meta name="twitter:label1" content="Tiempo de lectura" />
	<meta name="twitter:data1" content="1 minuto" />
<script type="application/ld+json" class="yoast-schema-graph">{"@context":"https://schema.org","@graph":[{"@type":"WebPage","@id":"https://www.carmelitaniscalzi.com/es/curia-general/subsecretario-general-para-las-monjas/","url":"https://www.carmelitaniscalzi.com/es/curia-general/subsecretario-general-para-las-monjas/","name":"Subsecretario General para las Monjas - CARMELITAS DESCALZOS","isPartOf":{"@id":"https://www.carmelitaniscalzi.com/#website"},"primaryImageOfPage":{"@id":"https://www.carmelitaniscalzi.com/es/curia-general/subsecretario-general-para-las-monjas/#primaryimage"},"image":{"@id":"https://www.carmelitaniscalzi.com/es/curia-general/subsecretario-general-para-las-monjas/#primaryimage"},"thumbnailUrl":"https://www.carmelitaniscalzi.com/wp-content/uploads/2024/02/Juan_profile.jpg","datePublished":"2024-02-03T08:14:03+00:00","dateModified":"2024-02-03T18:23:41+00:00","breadcrumb":{"@id":"https://www.carmelitaniscalzi.com/es/curia-general/subsecretario-general-para-las-monjas/#breadcrumb"},"inLanguage":"es","potentialAction":[{"@type":"ReadAction","target":["https://www.carmelitaniscalzi.com/es/curia-general/subsecretario-general-para-las-monjas/"]}]},{"@type":"ImageObject","inLanguage":"es","@id":"https://www.carmelitaniscalzi.com/es/curia-general/subsecretario-general-para-las-monjas/#primaryimage","url":"https://www.carmelitaniscalzi.com/wp-content/uploads/2024/02/Juan_profile.jpg","contentUrl":"https://www.carmelitaniscalzi.com/wp-content/uploads/2024/02/Juan_profile.jpg","width":600,"height":600},{"@type":"BreadcrumbList","@id":"https://www.carmelitaniscalzi.com/es/curia-general/subsecretario-general-para-las-monjas/#breadcrumb","itemListElement":[{"@type":"ListItem","position":1,"name":"Home","item":"https://www.carmelitaniscalzi.com/es/"},{"@type":"ListItem","position":2,"name":"Curia General","item":"https://www.carmelitaniscalzi.com/es/curia-general/"},{"@type":"ListItem","position":3,"name":"Subsecretario General para las Monjas"}]},{"@type":"WebSite","@id":"https://www.carmelitaniscalzi.com/#website","url":"https://www.carmelitaniscalzi.com/","name":"CARMELITANI SCALZI - Curia Generale del Carmelo Teresiano","description":"Curia General del Carmelo Teresiano","publisher":{"@id":"https://www.carmelitaniscalzi.com/#organization"},"alternateName":"CARMELITANI SCALZI","potentialAction":[{"@type":"SearchAction","target":{"@type":"EntryPoint","urlTemplate":"https://www.carmelitaniscalzi.com/?s={search_term_string}"},"query-input":{"@type":"PropertyValueSpecification","valueRequired":true,"valueName":"search_term_string"}}],"inLanguage":"es"},{"@type":"Organization","@id":"https://www.carmelitaniscalzi.com/#organization","name":"CARMELITANI SCALZI - Curia Generale del Carmelo Teresiano","url":"https://www.carmelitaniscalzi.com/","logo":{"@type":"ImageObject","inLanguage":"es","@id":"https://www.carmelitaniscalzi.com/#/schema/logo/image/","url":"https://www.carmelitaniscalzi.com/wp-content/uploads/2025/11/login-logo.png","contentUrl":"https://www.carmelitaniscalzi.com/wp-content/uploads/2025/11/login-logo.png","width":256,"height":256,"caption":"CARMELITANI SCALZI - Curia Generale del Carmelo Teresiano"},"image":{"@id":"https://www.carmelitaniscalzi.com/#/schema/logo/image/"},"sameAs":["https://www.facebook.com/Curia-Generalizia-Carmelitani-Scalzi-658766940887784/","https://x.com/ocdcuria","https://www.youtube.com/channel/UC2J5ZL0ycOY0qBSTCLX_NGQ/videos","https://www.instagram.com/ocdinform/"]}]}</script>
<!-- / Yoast SEO plugin. -->

Biografía Nació en Zacatecas (México) el 26 de octubre de 1963. Entró en la Orden el 20 de julio de 1981. Primera profesión 16 de septiembre de 1982. Profesión solemne en octubre de 1990. Estudia filosofía en el Pontificio Seminario Palafoxiano (Puebla, Méx.) y teología en la Universidad Iberoamericana (S.I), de la Ciudad de México. [&hellip;]
