{"id":4568,"date":"2016-06-26T13:16:11","date_gmt":"2016-06-26T11:16:11","guid":{"rendered":"https:\/\/www.carmelitaniscalzi.com\/es\/?page_id=4568"},"modified":"2021-06-03T21:37:36","modified_gmt":"2021-06-03T19:37:36","slug":"frailes","status":"publish","type":"chi_siamo","link":"https:\/\/www.carmelitaniscalzi.com\/es\/quienes-somos\/frailes\/","title":{"rendered":"Frailes"},"content":{"rendered":"<p>El fin primordial y principal de los Carmelitas como expresa nuestra regla, o norma de vida, es <em>Vivir en obsequio de Jesucristo d\u00eda y noche<\/em>. La oraci\u00f3n, <em>el tratar de amistad estando muchas veces a solas con quien sabemos nos ama<\/em>, en palabras de Teresa de Jes\u00fas es nuestro gran objetivo y fin. Y desde aqu\u00ed irradiamos nuestro carisma a la Iglesia con centros de Espiritualidad (casas de oraci\u00f3n, desiertos, casas convencionales\u2026). Y ayudamos a las diversas Iglesias locales de todo el mundo, desde las parroquias que atendemos pastoralmente, tanto en ciudades como en tierras de misi\u00f3n. Otro apartado de nuestro carisma es el de irradiarlo a trav\u00e9s de los escritos de espiritualidad (contamos con varias editoriales), de ejercicios espirituales, de la direcci\u00f3n espiritual\u2026<\/p>\n<p>Los Carmelitas Descalzos o Teresianos estamos esparcidos por todo el mundo. Seg\u00fan las \u00faltimas estad\u00edsticas (a\u00f1o 2012)\u00a0 somos 3994 frailes, incluyendo todos los carmelitas que est\u00e1n en la etapa formativa. El peso de la Orden ha estado desde su nacimiento en Europa, hecho que poco a poco se va desplazando\u2026 Asia, Am\u00e9rica y \u00c1frica est\u00e1n tomando el relevo. De los casi 4.000 frailes que somos, m\u00e1s de mil pertenecen a la naci\u00f3n de la India. Este hecho demuestra que el centro de gravedad de la Orden, ya no es la Europa Occidental sino Asia. En la vieja Europa estamos en un proceso de reestructuraci\u00f3n, mientras que en As\u00eda es todo lo contrario, un proceso de expansi\u00f3n.<\/p>\n<p>Cincuenta y seis son las circunscripciones en las que se divide la Orden, y su nomenclatura es: Provincias, Semi-provincias, Comisariados y Delegaciones generales. Como dato relevante expresar que son veinte los carmelitas que han sido ordenados como obispos y que desarrollan su ser carmelita en las diversas di\u00f3cesis que pastorean. La Provincia que cuenta con un mayor n\u00famero de miembros es la de Manjummel con 263 frailes y la que menos Holanda con 17 religiosos. Cifras y nombres que esconden la misi\u00f3n del Carmelita Teresiano, enamorado de Cristo y de su Iglesia y que trata desde su carisma espec\u00edfico de la oraci\u00f3n e intimidad con Dios de darlo a conocer all\u00e1 donde la Iglesia lo necesita.<\/p>\n","protected":false},"featured_media":51458,"parent":4530,"menu_order":5,"template":"","format":"standard","meta":{"_acf_changed":false,"footnotes":""},"elemento_chi_siamo":[969],"class_list":["post-4568","chi_siamo","type-chi_siamo","status-publish","format-standard","has-post-thumbnail","hentry","elemento_chi_siamo-otro"],"acf":[],"yoast_head":"<!-- This site is optimized with the Yoast SEO plugin v26.3 - https:\/\/yoast.com\/wordpress\/plugins\/seo\/ -->\n<title>Frailes - CARMELITAS DESCALZOS<\/title>\n<meta name=\"robots\" content=\"index, follow, max-snippet:-1, max-image-preview:large, max-video-preview:-1\" \/>\n<link rel=\"canonical\" href=\"https:\/\/www.carmelitaniscalzi.com\/es\/quienes-somos\/frailes\/\" \/>\n<meta property=\"og:locale\" content=\"es_ES\" \/>\n<meta property=\"og:type\" content=\"article\" \/>\n<meta property=\"og:title\" content=\"Frailes - CARMELITAS DESCALZOS\" \/>\n<meta property=\"og:description\" content=\"El fin primordial y principal de los Carmelitas como expresa nuestra regla, o norma de vida, es Vivir en obsequio de Jesucristo d\u00eda y noche. La oraci\u00f3n, el tratar de amistad estando muchas veces a solas con quien sabemos nos ama, en palabras de Teresa de Jes\u00fas es nuestro gran objetivo y fin. Y desde [&hellip;]\" \/>\n<meta property=\"og:url\" content=\"https:\/\/www.carmelitaniscalzi.com\/es\/quienes-somos\/frailes\/\" \/>\n<meta property=\"og:site_name\" content=\"CARMELITAS DESCALZOS\" \/>\n<meta property=\"article:publisher\" content=\"https:\/\/www.facebook.com\/Curia-Generalizia-Carmelitani-Scalzi-658766940887784\/\" \/>\n<meta property=\"article:modified_time\" content=\"2021-06-03T19:37:36+00:00\" \/>\n<meta property=\"og:image\" content=\"https:\/\/www.carmelitaniscalzi.com\/wp-content\/uploads\/2016\/02\/placeholder_profile.jpg\" \/>\n\t<meta property=\"og:image:width\" content=\"600\" \/>\n\t<meta property=\"og:image:height\" content=\"600\" \/>\n\t<meta property=\"og:image:type\" content=\"image\/jpeg\" \/>\n<meta name=\"twitter:card\" content=\"summary_large_image\" \/>\n<meta name=\"twitter:site\" content=\"@ocdcuria\" \/>\n<meta name=\"twitter:label1\" content=\"Tiempo de lectura\" \/>\n\t<meta name=\"twitter:data1\" content=\"2 minutos\" \/>\n<script type=\"application\/ld+json\" class=\"yoast-schema-graph\">{\"@context\":\"https:\/\/schema.org\",\"@graph\":[{\"@type\":\"WebPage\",\"@id\":\"https:\/\/www.carmelitaniscalzi.com\/es\/quienes-somos\/frailes\/\",\"url\":\"https:\/\/www.carmelitaniscalzi.com\/es\/quienes-somos\/frailes\/\",\"name\":\"Frailes - CARMELITAS DESCALZOS\",\"isPartOf\":{\"@id\":\"https:\/\/www.carmelitaniscalzi.com\/#website\"},\"primaryImageOfPage\":{\"@id\":\"https:\/\/www.carmelitaniscalzi.com\/es\/quienes-somos\/frailes\/#primaryimage\"},\"image\":{\"@id\":\"https:\/\/www.carmelitaniscalzi.com\/es\/quienes-somos\/frailes\/#primaryimage\"},\"thumbnailUrl\":\"https:\/\/www.carmelitaniscalzi.com\/wp-content\/uploads\/2016\/02\/placeholder_profile.jpg\",\"datePublished\":\"2016-06-26T11:16:11+00:00\",\"dateModified\":\"2021-06-03T19:37:36+00:00\",\"breadcrumb\":{\"@id\":\"https:\/\/www.carmelitaniscalzi.com\/es\/quienes-somos\/frailes\/#breadcrumb\"},\"inLanguage\":\"es\",\"potentialAction\":[{\"@type\":\"ReadAction\",\"target\":[\"https:\/\/www.carmelitaniscalzi.com\/es\/quienes-somos\/frailes\/\"]}]},{\"@type\":\"ImageObject\",\"inLanguage\":\"es\",\"@id\":\"https:\/\/www.carmelitaniscalzi.com\/es\/quienes-somos\/frailes\/#primaryimage\",\"url\":\"https:\/\/www.carmelitaniscalzi.com\/wp-content\/uploads\/2016\/02\/placeholder_profile.jpg\",\"contentUrl\":\"https:\/\/www.carmelitaniscalzi.com\/wp-content\/uploads\/2016\/02\/placeholder_profile.jpg\",\"width\":600,\"height\":600},{\"@type\":\"BreadcrumbList\",\"@id\":\"https:\/\/www.carmelitaniscalzi.com\/es\/quienes-somos\/frailes\/#breadcrumb\",\"itemListElement\":[{\"@type\":\"ListItem\",\"position\":1,\"name\":\"Home\",\"item\":\"https:\/\/www.carmelitaniscalzi.com\/es\/\"},{\"@type\":\"ListItem\",\"position\":2,\"name\":\"Qui\u00e9nes somos\",\"item\":\"https:\/\/www.carmelitaniscalzi.com\/es\/quienes-somos\/\"},{\"@type\":\"ListItem\",\"position\":3,\"name\":\"Frailes\"}]},{\"@type\":\"WebSite\",\"@id\":\"https:\/\/www.carmelitaniscalzi.com\/#website\",\"url\":\"https:\/\/www.carmelitaniscalzi.com\/\",\"name\":\"CARMELITANI SCALZI - Curia Generale del Carmelo Teresiano\",\"description\":\"Curia General del Carmelo Teresiano\",\"publisher\":{\"@id\":\"https:\/\/www.carmelitaniscalzi.com\/#organization\"},\"alternateName\":\"CARMELITANI SCALZI\",\"potentialAction\":[{\"@type\":\"SearchAction\",\"target\":{\"@type\":\"EntryPoint\",\"urlTemplate\":\"https:\/\/www.carmelitaniscalzi.com\/?s={search_term_string}\"},\"query-input\":{\"@type\":\"PropertyValueSpecification\",\"valueRequired\":true,\"valueName\":\"search_term_string\"}}],\"inLanguage\":\"es\"},{\"@type\":\"Organization\",\"@id\":\"https:\/\/www.carmelitaniscalzi.com\/#organization\",\"name\":\"CARMELITANI SCALZI - Curia Generale del Carmelo Teresiano\",\"url\":\"https:\/\/www.carmelitaniscalzi.com\/\",\"logo\":{\"@type\":\"ImageObject\",\"inLanguage\":\"es\",\"@id\":\"https:\/\/www.carmelitaniscalzi.com\/#\/schema\/logo\/image\/\",\"url\":\"https:\/\/www.carmelitaniscalzi.com\/wp-content\/uploads\/2025\/11\/login-logo.png\",\"contentUrl\":\"https:\/\/www.carmelitaniscalzi.com\/wp-content\/uploads\/2025\/11\/login-logo.png\",\"width\":256,\"height\":256,\"caption\":\"CARMELITANI SCALZI - Curia Generale del Carmelo Teresiano\"},\"image\":{\"@id\":\"https:\/\/www.carmelitaniscalzi.com\/#\/schema\/logo\/image\/\"},\"sameAs\":[\"https:\/\/www.facebook.com\/Curia-Generalizia-Carmelitani-Scalzi-658766940887784\/\",\"https:\/\/x.com\/ocdcuria\",\"https:\/\/www.youtube.com\/channel\/UC2J5ZL0ycOY0qBSTCLX_NGQ\/videos\",\"https:\/\/www.instagram.com\/ocdinform\/\"]}]}<\/script>\n<!-- \/ Yoast SEO plugin. -->","yoast_head_json":{"title":"Frailes - CARMELITAS DESCALZOS","robots":{"index":"index","follow":"follow","max-snippet":"max-snippet:-1","max-image-preview":"max-image-preview:large","max-video-preview":"max-video-preview:-1"},"canonical":"https:\/\/www.carmelitaniscalzi.com\/es\/quienes-somos\/frailes\/","og_locale":"es_ES","og_type":"article","og_title":"Frailes - CARMELITAS DESCALZOS","og_description":"El fin primordial y principal de los Carmelitas como expresa nuestra regla, o norma de vida, es Vivir en obsequio de Jesucristo d\u00eda y noche. La oraci\u00f3n, el tratar de amistad estando muchas veces a solas con quien sabemos nos ama, en palabras de Teresa de Jes\u00fas es nuestro gran objetivo y fin. Y desde [&hellip;]","og_url":"https:\/\/www.carmelitaniscalzi.com\/es\/quienes-somos\/frailes\/","og_site_name":"CARMELITAS DESCALZOS","article_publisher":"https:\/\/www.facebook.com\/Curia-Generalizia-Carmelitani-Scalzi-658766940887784\/","article_modified_time":"2021-06-03T19:37:36+00:00","og_image":[{"width":600,"height":600,"url":"https:\/\/www.carmelitaniscalzi.com\/wp-content\/uploads\/2016\/02\/placeholder_profile.jpg","type":"image\/jpeg"}],"twitter_card":"summary_large_image","twitter_site":"@ocdcuria","twitter_misc":{"Tiempo de lectura":"2 minutos"},"schema":{"@context":"https:\/\/schema.org","@graph":[{"@type":"WebPage","@id":"https:\/\/www.carmelitaniscalzi.com\/es\/quienes-somos\/frailes\/","url":"https:\/\/www.carmelitaniscalzi.com\/es\/quienes-somos\/frailes\/","name":"Frailes - CARMELITAS DESCALZOS","isPartOf":{"@id":"https:\/\/www.carmelitaniscalzi.com\/#website"},"primaryImageOfPage":{"@id":"https:\/\/www.carmelitaniscalzi.com\/es\/quienes-somos\/frailes\/#primaryimage"},"image":{"@id":"https:\/\/www.carmelitaniscalzi.com\/es\/quienes-somos\/frailes\/#primaryimage"},"thumbnailUrl":"https:\/\/www.carmelitaniscalzi.com\/wp-content\/uploads\/2016\/02\/placeholder_profile.jpg","datePublished":"2016-06-26T11:16:11+00:00","dateModified":"2021-06-03T19:37:36+00:00","breadcrumb":{"@id":"https:\/\/www.carmelitaniscalzi.com\/es\/quienes-somos\/frailes\/#breadcrumb"},"inLanguage":"es","potentialAction":[{"@type":"ReadAction","target":["https:\/\/www.carmelitaniscalzi.com\/es\/quienes-somos\/frailes\/"]}]},{"@type":"ImageObject","inLanguage":"es","@id":"https:\/\/www.carmelitaniscalzi.com\/es\/quienes-somos\/frailes\/#primaryimage","url":"https:\/\/www.carmelitaniscalzi.com\/wp-content\/uploads\/2016\/02\/placeholder_profile.jpg","contentUrl":"https:\/\/www.carmelitaniscalzi.com\/wp-content\/uploads\/2016\/02\/placeholder_profile.jpg","width":600,"height":600},{"@type":"BreadcrumbList","@id":"https:\/\/www.carmelitaniscalzi.com\/es\/quienes-somos\/frailes\/#breadcrumb","itemListElement":[{"@type":"ListItem","position":1,"name":"Home","item":"https:\/\/www.carmelitaniscalzi.com\/es\/"},{"@type":"ListItem","position":2,"name":"Qui\u00e9nes somos","item":"https:\/\/www.carmelitaniscalzi.com\/es\/quienes-somos\/"},{"@type":"ListItem","position":3,"name":"Frailes"}]},{"@type":"WebSite","@id":"https:\/\/www.carmelitaniscalzi.com\/#website","url":"https:\/\/www.carmelitaniscalzi.com\/","name":"CARMELITANI SCALZI - Curia Generale del Carmelo Teresiano","description":"Curia General del Carmelo Teresiano","publisher":{"@id":"https:\/\/www.carmelitaniscalzi.com\/#organization"},"alternateName":"CARMELITANI SCALZI","potentialAction":[{"@type":"SearchAction","target":{"@type":"EntryPoint","urlTemplate":"https:\/\/www.carmelitaniscalzi.com\/?s={search_term_string}"},"query-input":{"@type":"PropertyValueSpecification","valueRequired":true,"valueName":"search_term_string"}}],"inLanguage":"es"},{"@type":"Organization","@id":"https:\/\/www.carmelitaniscalzi.com\/#organization","name":"CARMELITANI SCALZI - Curia Generale del Carmelo Teresiano","url":"https:\/\/www.carmelitaniscalzi.com\/","logo":{"@type":"ImageObject","inLanguage":"es","@id":"https:\/\/www.carmelitaniscalzi.com\/#\/schema\/logo\/image\/","url":"https:\/\/www.carmelitaniscalzi.com\/wp-content\/uploads\/2025\/11\/login-logo.png","contentUrl":"https:\/\/www.carmelitaniscalzi.com\/wp-content\/uploads\/2025\/11\/login-logo.png","width":256,"height":256,"caption":"CARMELITANI SCALZI - Curia Generale del Carmelo Teresiano"},"image":{"@id":"https:\/\/www.carmelitaniscalzi.com\/#\/schema\/logo\/image\/"},"sameAs":["https:\/\/www.facebook.com\/Curia-Generalizia-Carmelitani-Scalzi-658766940887784\/","https:\/\/x.com\/ocdcuria","https:\/\/www.youtube.com\/channel\/UC2J5ZL0ycOY0qBSTCLX_NGQ\/videos","https:\/\/www.instagram.com\/ocdinform\/"]}]}},"_links":{"self":[{"href":"https:\/\/www.carmelitaniscalzi.com\/es\/wp-json\/wp\/v2\/chi_siamo\/4568","targetHints":{"allow":["GET"]}}],"collection":[{"href":"https:\/\/www.carmelitaniscalzi.com\/es\/wp-json\/wp\/v2\/chi_siamo"}],"about":[{"href":"https:\/\/www.carmelitaniscalzi.com\/es\/wp-json\/wp\/v2\/types\/chi_siamo"}],"version-history":[{"count":0,"href":"https:\/\/www.carmelitaniscalzi.com\/es\/wp-json\/wp\/v2\/chi_siamo\/4568\/revisions"}],"up":[{"embeddable":true,"href":"https:\/\/www.carmelitaniscalzi.com\/es\/wp-json\/wp\/v2\/chi_siamo\/4530"}],"wp:featuredmedia":[{"embeddable":true,"href":"https:\/\/www.carmelitaniscalzi.com\/es\/wp-json\/wp\/v2\/media\/51458"}],"wp:attachment":[{"href":"https:\/\/www.carmelitaniscalzi.com\/es\/wp-json\/wp\/v2\/media?parent=4568"}],"wp:term":[{"taxonomy":"elemento_chi_siamo","embeddable":true,"href":"https:\/\/www.carmelitaniscalzi.com\/es\/wp-json\/wp\/v2\/elemento_chi_siamo?post=4568"}],"curies":[{"name":"wp","href":"https:\/\/api.w.org\/{rel}","templated":true}]}}

<p>El fin primordial y principal de los Carmelitas como expresa nuestra regla, o norma de vida, es <em>Vivir en obsequio de Jesucristo día y noche</em>. La oración, <em>el tratar de amistad estando muchas veces a solas con quien sabemos nos ama</em>, en palabras de Teresa de Jesús es nuestro gran objetivo y fin. Y desde aquí irradiamos nuestro carisma a la Iglesia con centros de Espiritualidad (casas de oración, desiertos, casas convencionales…). Y ayudamos a las diversas Iglesias locales de todo el mundo, desde las parroquias que atendemos pastoralmente, tanto en ciudades como en tierras de misión. Otro apartado de nuestro carisma es el de irradiarlo a través de los escritos de espiritualidad (contamos con varias editoriales), de ejercicios espirituales, de la dirección espiritual…</p>
<p>Los Carmelitas Descalzos o Teresianos estamos esparcidos por todo el mundo. Según las últimas estadísticas (año 2012)  somos 3994 frailes, incluyendo todos los carmelitas que están en la etapa formativa. El peso de la Orden ha estado desde su nacimiento en Europa, hecho que poco a poco se va desplazando… Asia, América y África están tomando el relevo. De los casi 4.000 frailes que somos, más de mil pertenecen a la nación de la India. Este hecho demuestra que el centro de gravedad de la Orden, ya no es la Europa Occidental sino Asia. En la vieja Europa estamos en un proceso de reestructuración, mientras que en Asía es todo lo contrario, un proceso de expansión.</p>
<p>Cincuenta y seis son las circunscripciones en las que se divide la Orden, y su nomenclatura es: Provincias, Semi-provincias, Comisariados y Delegaciones generales. Como dato relevante expresar que son veinte los carmelitas que han sido ordenados como obispos y que desarrollan su ser carmelita en las diversas diócesis que pastorean. La Provincia que cuenta con un mayor número de miembros es la de Manjummel con 263 frailes y la que menos Holanda con 17 religiosos. Cifras y nombres que esconden la misión del Carmelita Teresiano, enamorado de Cristo y de su Iglesia y que trata desde su carisma específico de la oración e intimidad con Dios de darlo a conocer allá donde la Iglesia lo necesita.</p>

<!-- This site is optimized with the Yoast SEO plugin v26.3 - https://yoast.com/wordpress/plugins/seo/ -->
<title>Frailes - CARMELITAS DESCALZOS</title>
<meta name="robots" content="index, follow, max-snippet:-1, max-image-preview:large, max-video-preview:-1" />
<link rel="canonical" href="https://www.carmelitaniscalzi.com/es/quienes-somos/frailes/" />
<meta property="og:locale" content="es_ES" />
<meta property="og:type" content="article" />
<meta property="og:title" content="Frailes - CARMELITAS DESCALZOS" />
<meta property="og:description" content="El fin primordial y principal de los Carmelitas como expresa nuestra regla, o norma de vida, es Vivir en obsequio de Jesucristo día y noche. La oración, el tratar de amistad estando muchas veces a solas con quien sabemos nos ama, en palabras de Teresa de Jesús es nuestro gran objetivo y fin. Y desde [&hellip;]" />
<meta property="og:url" content="https://www.carmelitaniscalzi.com/es/quienes-somos/frailes/" />
<meta property="og:site_name" content="CARMELITAS DESCALZOS" />
<meta property="article:publisher" content="https://www.facebook.com/Curia-Generalizia-Carmelitani-Scalzi-658766940887784/" />
<meta property="article:modified_time" content="2021-06-03T19:37:36+00:00" />
<meta property="og:image" content="https://www.carmelitaniscalzi.com/wp-content/uploads/2016/02/placeholder_profile.jpg" />
	<meta property="og:image:width" content="600" />
	<meta property="og:image:height" content="600" />
	<meta property="og:image:type" content="image/jpeg" />
<meta name="twitter:card" content="summary_large_image" />
<meta name="twitter:site" content="@ocdcuria" />
<meta name="twitter:label1" content="Tiempo de lectura" />
	<meta name="twitter:data1" content="2 minutos" />
<script type="application/ld+json" class="yoast-schema-graph">{"@context":"https://schema.org","@graph":[{"@type":"WebPage","@id":"https://www.carmelitaniscalzi.com/es/quienes-somos/frailes/","url":"https://www.carmelitaniscalzi.com/es/quienes-somos/frailes/","name":"Frailes - CARMELITAS DESCALZOS","isPartOf":{"@id":"https://www.carmelitaniscalzi.com/#website"},"primaryImageOfPage":{"@id":"https://www.carmelitaniscalzi.com/es/quienes-somos/frailes/#primaryimage"},"image":{"@id":"https://www.carmelitaniscalzi.com/es/quienes-somos/frailes/#primaryimage"},"thumbnailUrl":"https://www.carmelitaniscalzi.com/wp-content/uploads/2016/02/placeholder_profile.jpg","datePublished":"2016-06-26T11:16:11+00:00","dateModified":"2021-06-03T19:37:36+00:00","breadcrumb":{"@id":"https://www.carmelitaniscalzi.com/es/quienes-somos/frailes/#breadcrumb"},"inLanguage":"es","potentialAction":[{"@type":"ReadAction","target":["https://www.carmelitaniscalzi.com/es/quienes-somos/frailes/"]}]},{"@type":"ImageObject","inLanguage":"es","@id":"https://www.carmelitaniscalzi.com/es/quienes-somos/frailes/#primaryimage","url":"https://www.carmelitaniscalzi.com/wp-content/uploads/2016/02/placeholder_profile.jpg","contentUrl":"https://www.carmelitaniscalzi.com/wp-content/uploads/2016/02/placeholder_profile.jpg","width":600,"height":600},{"@type":"BreadcrumbList","@id":"https://www.carmelitaniscalzi.com/es/quienes-somos/frailes/#breadcrumb","itemListElement":[{"@type":"ListItem","position":1,"name":"Home","item":"https://www.carmelitaniscalzi.com/es/"},{"@type":"ListItem","position":2,"name":"Quiénes somos","item":"https://www.carmelitaniscalzi.com/es/quienes-somos/"},{"@type":"ListItem","position":3,"name":"Frailes"}]},{"@type":"WebSite","@id":"https://www.carmelitaniscalzi.com/#website","url":"https://www.carmelitaniscalzi.com/","name":"CARMELITANI SCALZI - Curia Generale del Carmelo Teresiano","description":"Curia General del Carmelo Teresiano","publisher":{"@id":"https://www.carmelitaniscalzi.com/#organization"},"alternateName":"CARMELITANI SCALZI","potentialAction":[{"@type":"SearchAction","target":{"@type":"EntryPoint","urlTemplate":"https://www.carmelitaniscalzi.com/?s={search_term_string}"},"query-input":{"@type":"PropertyValueSpecification","valueRequired":true,"valueName":"search_term_string"}}],"inLanguage":"es"},{"@type":"Organization","@id":"https://www.carmelitaniscalzi.com/#organization","name":"CARMELITANI SCALZI - Curia Generale del Carmelo Teresiano","url":"https://www.carmelitaniscalzi.com/","logo":{"@type":"ImageObject","inLanguage":"es","@id":"https://www.carmelitaniscalzi.com/#/schema/logo/image/","url":"https://www.carmelitaniscalzi.com/wp-content/uploads/2025/11/login-logo.png","contentUrl":"https://www.carmelitaniscalzi.com/wp-content/uploads/2025/11/login-logo.png","width":256,"height":256,"caption":"CARMELITANI SCALZI - Curia Generale del Carmelo Teresiano"},"image":{"@id":"https://www.carmelitaniscalzi.com/#/schema/logo/image/"},"sameAs":["https://www.facebook.com/Curia-Generalizia-Carmelitani-Scalzi-658766940887784/","https://x.com/ocdcuria","https://www.youtube.com/channel/UC2J5ZL0ycOY0qBSTCLX_NGQ/videos","https://www.instagram.com/ocdinform/"]}]}</script>
<!-- / Yoast SEO plugin. -->

El fin primordial y principal de los Carmelitas como expresa nuestra regla, o norma de vida, es Vivir en obsequio de Jesucristo día y noche. La oración, el tratar de amistad estando muchas veces a solas con quien sabemos nos ama, en palabras de Teresa de Jesús es nuestro gran objetivo y fin. Y desde [&hellip;]

Quiénes somos
