{"version":"1.0","provider_name":"CARMELITAS DESCALZOS","provider_url":"https:\/\/www.carmelitaniscalzi.com\/es\/","title":"Togo: instalaci\u00f3n de la comunidad OCD en Lom\u00e9 - CARMELITAS DESCALZOS","type":"rich","width":600,"height":338,"html":"<blockquote class=\"wp-embedded-content\" data-secret=\"60OTAw1JJV\"><a href=\"https:\/\/www.carmelitaniscalzi.com\/es\/2025\/11\/20\/togo-instalacion-de-la-comunidad-ocd-en-lome\/\">Togo:  instalaci\u00f3n de la comunidad OCD en Lom\u00e9<\/a><\/blockquote><iframe sandbox=\"allow-scripts\" security=\"restricted\" src=\"https:\/\/www.carmelitaniscalzi.com\/es\/2025\/11\/20\/togo-instalacion-de-la-comunidad-ocd-en-lome\/embed\/#?secret=60OTAw1JJV\" width=\"600\" height=\"338\" title=\"\u00abTogo:  instalaci\u00f3n de la comunidad OCD en Lom\u00e9\u00bb \u2014 CARMELITAS DESCALZOS\" data-secret=\"60OTAw1JJV\" frameborder=\"0\" marginwidth=\"0\" marginheight=\"0\" scrolling=\"no\" class=\"wp-embedded-content\"><\/iframe><script type=\"text\/javascript\">\n\/* <![CDATA[ *\/\n\/*! This file is auto-generated *\/\n!function(d,l){\"use strict\";l.querySelector&&d.addEventListener&&\"undefined\"!=typeof URL&&(d.wp=d.wp||{},d.wp.receiveEmbedMessage||(d.wp.receiveEmbedMessage=function(e){var t=e.data;if((t||t.secret||t.message||t.value)&&!\/[^a-zA-Z0-9]\/.test(t.secret)){for(var s,r,n,a=l.querySelectorAll('iframe[data-secret=\"'+t.secret+'\"]'),o=l.querySelectorAll('blockquote[data-secret=\"'+t.secret+'\"]'),c=new RegExp(\"^https?:$\",\"i\"),i=0;i<o.length;i++)o[i].style.display=\"none\";for(i=0;i<a.length;i++)s=a[i],e.source===s.contentWindow&&(s.removeAttribute(\"style\"),\"height\"===t.message?(1e3<(r=parseInt(t.value,10))?r=1e3:~~r<200&&(r=200),s.height=r):\"link\"===t.message&&(r=new URL(s.getAttribute(\"src\")),n=new URL(t.value),c.test(n.protocol))&&n.host===r.host&&l.activeElement===s&&(d.top.location.href=t.value))}},d.addEventListener(\"message\",d.wp.receiveEmbedMessage,!1),l.addEventListener(\"DOMContentLoaded\",function(){for(var e,t,s=l.querySelectorAll(\"iframe.wp-embedded-content\"),r=0;r<s.length;r++)(t=(e=s[r]).getAttribute(\"data-secret\"))||(t=Math.random().toString(36).substring(2,12),e.src+=\"#?secret=\"+t,e.setAttribute(\"data-secret\",t)),e.contentWindow.postMessage({message:\"ready\",secret:t},\"*\")},!1)))}(window,document);\n\/\/# sourceURL=https:\/\/www.carmelitaniscalzi.com\/wp-includes\/js\/wp-embed.min.js\n\/* ]]> *\/\n<\/script>\n","thumbnail_url":"https:\/\/www.carmelitaniscalzi.com\/wp-content\/uploads\/2025\/11\/cover_togo_10.2025.jpg","thumbnail_width":1200,"thumbnail_height":800,"description":"Despu\u00e9s de haber vivido dos a\u00f1os en una casa alquilada, no lejos de la parroquia de Santa Teresa de \u00c1vila del barrio de Kognito, acabamos de instalarnos en el peque\u00f1o convento construido en el terreno de 3 hect\u00e1reas que la Orden tiene en el barrio de Apessito, tambi\u00e9n no lejos de la mencionada parroquia. Hace [&hellip;]"}

Togo: instalación de la comunidad OCD en Lomé - CARMELITAS DESCALZOS

<blockquote class="wp-embedded-content" data-secret="60OTAw1JJV"><a href="https://www.carmelitaniscalzi.com/es/2025/11/20/togo-instalacion-de-la-comunidad-ocd-en-lome/">Togo:  instalación de la comunidad OCD en Lomé</a></blockquote><iframe sandbox="allow-scripts" security="restricted" src="https://www.carmelitaniscalzi.com/es/2025/11/20/togo-instalacion-de-la-comunidad-ocd-en-lome/embed/#?secret=60OTAw1JJV" width="600" height="338" title="«Togo:  instalación de la comunidad OCD en Lomé» — CARMELITAS DESCALZOS" data-secret="60OTAw1JJV" frameborder="0" marginwidth="0" marginheight="0" scrolling="no" class="wp-embedded-content"></iframe><script type="text/javascript">
/* <![CDATA[ */
/*! This file is auto-generated */
!function(d,l){"use strict";l.querySelector&&d.addEventListener&&"undefined"!=typeof URL&&(d.wp=d.wp||{},d.wp.receiveEmbedMessage||(d.wp.receiveEmbedMessage=function(e){var t=e.data;if((t||t.secret||t.message||t.value)&&!/[^a-zA-Z0-9]/.test(t.secret)){for(var s,r,n,a=l.querySelectorAll('iframe[data-secret="'+t.secret+'"]'),o=l.querySelectorAll('blockquote[data-secret="'+t.secret+'"]'),c=new RegExp("^https?:$","i"),i=0;i<o.length;i++)o[i].style.display="none";for(i=0;i<a.length;i++)s=a[i],e.source===s.contentWindow&&(s.removeAttribute("style"),"height"===t.message?(1e3<(r=parseInt(t.value,10))?r=1e3:~~r<200&&(r=200),s.height=r):"link"===t.message&&(r=new URL(s.getAttribute("src")),n=new URL(t.value),c.test(n.protocol))&&n.host===r.host&&l.activeElement===s&&(d.top.location.href=t.value))}},d.addEventListener("message",d.wp.receiveEmbedMessage,!1),l.addEventListener("DOMContentLoaded",function(){for(var e,t,s=l.querySelectorAll("iframe.wp-embedded-content"),r=0;r<s.length;r++)(t=(e=s[r]).getAttribute("data-secret"))||(t=Math.random().toString(36).substring(2,12),e.src+="#?secret="+t,e.setAttribute("data-secret",t)),e.contentWindow.postMessage({message:"ready",secret:t},"*")},!1)))}(window,document);
//# sourceURL=https://www.carmelitaniscalzi.com/wp-includes/js/wp-embed.min.js
/* ]]> */
</script>

Después de haber vivido dos años en una casa alquilada, no lejos de la parroquia de Santa Teresa de Ávila del barrio de Kognito, acabamos de instalarnos en el pequeño convento construido en el terreno de 3 hectáreas que la Orden tiene en el barrio de Apessito, también no lejos de la mencionada parroquia. Hace [&hellip;]
