{"version":"1.0","provider_name":"CARMELITAS DESCALZOS","provider_url":"https:\/\/www.carmelitaniscalzi.com\/es\/","title":"Un lugar de oraci\u00f3n inaugurado en Benoni (Sud\u00e1frica) - CARMELITAS DESCALZOS","type":"rich","width":600,"height":338,"html":"<blockquote class=\"wp-embedded-content\" data-secret=\"kY0N6v85rc\"><a href=\"https:\/\/www.carmelitaniscalzi.com\/es\/2022\/01\/15\/un-lugar-de-oracion-inaugurado-en-benoni-sudafrica\/\">Un lugar de oraci\u00f3n inaugurado en Benoni (Sud\u00e1frica)<\/a><\/blockquote><iframe sandbox=\"allow-scripts\" security=\"restricted\" src=\"https:\/\/www.carmelitaniscalzi.com\/es\/2022\/01\/15\/un-lugar-de-oracion-inaugurado-en-benoni-sudafrica\/embed\/#?secret=kY0N6v85rc\" width=\"600\" height=\"338\" title=\"\u00abUn lugar de oraci\u00f3n inaugurado en Benoni (Sud\u00e1frica)\u00bb \u2014 CARMELITAS DESCALZOS\" data-secret=\"kY0N6v85rc\" frameborder=\"0\" marginwidth=\"0\" marginheight=\"0\" scrolling=\"no\" class=\"wp-embedded-content\"><\/iframe><script type=\"text\/javascript\">\n\/* <![CDATA[ *\/\n\/*! This file is auto-generated *\/\n!function(d,l){\"use strict\";l.querySelector&&d.addEventListener&&\"undefined\"!=typeof URL&&(d.wp=d.wp||{},d.wp.receiveEmbedMessage||(d.wp.receiveEmbedMessage=function(e){var t=e.data;if((t||t.secret||t.message||t.value)&&!\/[^a-zA-Z0-9]\/.test(t.secret)){for(var s,r,n,a=l.querySelectorAll('iframe[data-secret=\"'+t.secret+'\"]'),o=l.querySelectorAll('blockquote[data-secret=\"'+t.secret+'\"]'),c=new RegExp(\"^https?:$\",\"i\"),i=0;i<o.length;i++)o[i].style.display=\"none\";for(i=0;i<a.length;i++)s=a[i],e.source===s.contentWindow&&(s.removeAttribute(\"style\"),\"height\"===t.message?(1e3<(r=parseInt(t.value,10))?r=1e3:~~r<200&&(r=200),s.height=r):\"link\"===t.message&&(r=new URL(s.getAttribute(\"src\")),n=new URL(t.value),c.test(n.protocol))&&n.host===r.host&&l.activeElement===s&&(d.top.location.href=t.value))}},d.addEventListener(\"message\",d.wp.receiveEmbedMessage,!1),l.addEventListener(\"DOMContentLoaded\",function(){for(var e,t,s=l.querySelectorAll(\"iframe.wp-embedded-content\"),r=0;r<s.length;r++)(t=(e=s[r]).getAttribute(\"data-secret\"))||(t=Math.random().toString(36).substring(2,12),e.src+=\"#?secret=\"+t,e.setAttribute(\"data-secret\",t)),e.contentWindow.postMessage({message:\"ready\",secret:t},\"*\")},!1)))}(window,document);\n\/\/# sourceURL=https:\/\/www.carmelitaniscalzi.com\/wp-includes\/js\/wp-embed.min.js\n\/* ]]> *\/\n<\/script>\n","thumbnail_url":"https:\/\/www.carmelitaniscalzi.com\/wp-content\/uploads\/2022\/01\/cover_benoni_2021.jpg","thumbnail_width":1000,"thumbnail_height":600,"description":"Los carmelitas de la Provincia de Karnataka-Goa han erigido un jard\u00edn de oraci\u00f3n en la parroquia de Nuestra Se\u00f1ora del Monte Carmelo de Benoni, en Sud\u00e1frica. El jard\u00edn fue bendecido por el arzobispo de Johannesburgo, Mons. Buti Tlhagale, el 21 de noviembre pasado, solemnidad de Cristo Rey. Durante la eucarist\u00eda, el arzobispo agradeci\u00f3 a todos [&hellip;]"}

Un lugar de oración inaugurado en Benoni (Sudáfrica) - CARMELITAS DESCALZOS

<blockquote class="wp-embedded-content" data-secret="kY0N6v85rc"><a href="https://www.carmelitaniscalzi.com/es/2022/01/15/un-lugar-de-oracion-inaugurado-en-benoni-sudafrica/">Un lugar de oración inaugurado en Benoni (Sudáfrica)</a></blockquote><iframe sandbox="allow-scripts" security="restricted" src="https://www.carmelitaniscalzi.com/es/2022/01/15/un-lugar-de-oracion-inaugurado-en-benoni-sudafrica/embed/#?secret=kY0N6v85rc" width="600" height="338" title="«Un lugar de oración inaugurado en Benoni (Sudáfrica)» — CARMELITAS DESCALZOS" data-secret="kY0N6v85rc" frameborder="0" marginwidth="0" marginheight="0" scrolling="no" class="wp-embedded-content"></iframe><script type="text/javascript">
/* <![CDATA[ */
/*! This file is auto-generated */
!function(d,l){"use strict";l.querySelector&&d.addEventListener&&"undefined"!=typeof URL&&(d.wp=d.wp||{},d.wp.receiveEmbedMessage||(d.wp.receiveEmbedMessage=function(e){var t=e.data;if((t||t.secret||t.message||t.value)&&!/[^a-zA-Z0-9]/.test(t.secret)){for(var s,r,n,a=l.querySelectorAll('iframe[data-secret="'+t.secret+'"]'),o=l.querySelectorAll('blockquote[data-secret="'+t.secret+'"]'),c=new RegExp("^https?:$","i"),i=0;i<o.length;i++)o[i].style.display="none";for(i=0;i<a.length;i++)s=a[i],e.source===s.contentWindow&&(s.removeAttribute("style"),"height"===t.message?(1e3<(r=parseInt(t.value,10))?r=1e3:~~r<200&&(r=200),s.height=r):"link"===t.message&&(r=new URL(s.getAttribute("src")),n=new URL(t.value),c.test(n.protocol))&&n.host===r.host&&l.activeElement===s&&(d.top.location.href=t.value))}},d.addEventListener("message",d.wp.receiveEmbedMessage,!1),l.addEventListener("DOMContentLoaded",function(){for(var e,t,s=l.querySelectorAll("iframe.wp-embedded-content"),r=0;r<s.length;r++)(t=(e=s[r]).getAttribute("data-secret"))||(t=Math.random().toString(36).substring(2,12),e.src+="#?secret="+t,e.setAttribute("data-secret",t)),e.contentWindow.postMessage({message:"ready",secret:t},"*")},!1)))}(window,document);
//# sourceURL=https://www.carmelitaniscalzi.com/wp-includes/js/wp-embed.min.js
/* ]]> */
</script>

Los carmelitas de la Provincia de Karnataka-Goa han erigido un jardín de oración en la parroquia de Nuestra Señora del Monte Carmelo de Benoni, en Sudáfrica. El jardín fue bendecido por el arzobispo de Johannesburgo, Mons. Buti Tlhagale, el 21 de noviembre pasado, solemnidad de Cristo Rey. Durante la eucaristía, el arzobispo agradeció a todos [&hellip;]
