{"version":"1.0","provider_name":"CARMELITAS DESCALZOS","provider_url":"https:\/\/www.carmelitaniscalzi.com\/es\/","title":"Noticias de las Carmelitas Descalzas del Per\u00fa - CARMELITAS DESCALZOS","type":"rich","width":600,"height":338,"html":"<blockquote class=\"wp-embedded-content\" data-secret=\"JlEVZjzAmX\"><a href=\"https:\/\/www.carmelitaniscalzi.com\/es\/2019\/06\/20\/noticias-de-las-carmelitas-descalzas-del-peru\/\">Noticias de las Carmelitas Descalzas del Per\u00fa<\/a><\/blockquote><iframe sandbox=\"allow-scripts\" security=\"restricted\" src=\"https:\/\/www.carmelitaniscalzi.com\/es\/2019\/06\/20\/noticias-de-las-carmelitas-descalzas-del-peru\/embed\/#?secret=JlEVZjzAmX\" width=\"600\" height=\"338\" title=\"\u00abNoticias de las Carmelitas Descalzas del Per\u00fa\u00bb \u2014 CARMELITAS DESCALZOS\" data-secret=\"JlEVZjzAmX\" frameborder=\"0\" marginwidth=\"0\" marginheight=\"0\" scrolling=\"no\" class=\"wp-embedded-content\"><\/iframe><script type=\"text\/javascript\">\n\/* <![CDATA[ *\/\n\/*! This file is auto-generated *\/\n!function(d,l){\"use strict\";l.querySelector&&d.addEventListener&&\"undefined\"!=typeof URL&&(d.wp=d.wp||{},d.wp.receiveEmbedMessage||(d.wp.receiveEmbedMessage=function(e){var t=e.data;if((t||t.secret||t.message||t.value)&&!\/[^a-zA-Z0-9]\/.test(t.secret)){for(var s,r,n,a=l.querySelectorAll('iframe[data-secret=\"'+t.secret+'\"]'),o=l.querySelectorAll('blockquote[data-secret=\"'+t.secret+'\"]'),c=new RegExp(\"^https?:$\",\"i\"),i=0;i<o.length;i++)o[i].style.display=\"none\";for(i=0;i<a.length;i++)s=a[i],e.source===s.contentWindow&&(s.removeAttribute(\"style\"),\"height\"===t.message?(1e3<(r=parseInt(t.value,10))?r=1e3:~~r<200&&(r=200),s.height=r):\"link\"===t.message&&(r=new URL(s.getAttribute(\"src\")),n=new URL(t.value),c.test(n.protocol))&&n.host===r.host&&l.activeElement===s&&(d.top.location.href=t.value))}},d.addEventListener(\"message\",d.wp.receiveEmbedMessage,!1),l.addEventListener(\"DOMContentLoaded\",function(){for(var e,t,s=l.querySelectorAll(\"iframe.wp-embedded-content\"),r=0;r<s.length;r++)(t=(e=s[r]).getAttribute(\"data-secret\"))||(t=Math.random().toString(36).substring(2,12),e.src+=\"#?secret=\"+t,e.setAttribute(\"data-secret\",t)),e.contentWindow.postMessage({message:\"ready\",secret:t},\"*\")},!1)))}(window,document);\n\/\/# sourceURL=https:\/\/www.carmelitaniscalzi.com\/wp-includes\/js\/wp-embed.min.js\n\/* ]]> *\/\n<\/script>\n","thumbnail_url":"https:\/\/www.carmelitaniscalzi.com\/wp-content\/uploads\/2019\/06\/03-1.jpg","thumbnail_width":1025,"thumbnail_height":480,"description":"\u00abLa Asociaci\u00f3n \u201cNuestra Se\u00f1ora del Carmen\u201d, de monasterios de Carmelitas Descalzas de Per\u00fa, se reuni\u00f3 la semana del 20 al 25 de mayo del a\u00f1o en curso. Los d\u00edas 20, 21 y 22 de mayo se realiz\u00f3 el Curso para Prioras y delegadas en dos segmentos: En las ma\u00f1anas tuvimos Conferencias de formaci\u00f3n v\u00eda on [&hellip;]"}

Noticias de las Carmelitas Descalzas del Perú - CARMELITAS DESCALZOS

<blockquote class="wp-embedded-content" data-secret="JlEVZjzAmX"><a href="https://www.carmelitaniscalzi.com/es/2019/06/20/noticias-de-las-carmelitas-descalzas-del-peru/">Noticias de las Carmelitas Descalzas del Perú</a></blockquote><iframe sandbox="allow-scripts" security="restricted" src="https://www.carmelitaniscalzi.com/es/2019/06/20/noticias-de-las-carmelitas-descalzas-del-peru/embed/#?secret=JlEVZjzAmX" width="600" height="338" title="«Noticias de las Carmelitas Descalzas del Perú» — CARMELITAS DESCALZOS" data-secret="JlEVZjzAmX" frameborder="0" marginwidth="0" marginheight="0" scrolling="no" class="wp-embedded-content"></iframe><script type="text/javascript">
/* <![CDATA[ */
/*! This file is auto-generated */
!function(d,l){"use strict";l.querySelector&&d.addEventListener&&"undefined"!=typeof URL&&(d.wp=d.wp||{},d.wp.receiveEmbedMessage||(d.wp.receiveEmbedMessage=function(e){var t=e.data;if((t||t.secret||t.message||t.value)&&!/[^a-zA-Z0-9]/.test(t.secret)){for(var s,r,n,a=l.querySelectorAll('iframe[data-secret="'+t.secret+'"]'),o=l.querySelectorAll('blockquote[data-secret="'+t.secret+'"]'),c=new RegExp("^https?:$","i"),i=0;i<o.length;i++)o[i].style.display="none";for(i=0;i<a.length;i++)s=a[i],e.source===s.contentWindow&&(s.removeAttribute("style"),"height"===t.message?(1e3<(r=parseInt(t.value,10))?r=1e3:~~r<200&&(r=200),s.height=r):"link"===t.message&&(r=new URL(s.getAttribute("src")),n=new URL(t.value),c.test(n.protocol))&&n.host===r.host&&l.activeElement===s&&(d.top.location.href=t.value))}},d.addEventListener("message",d.wp.receiveEmbedMessage,!1),l.addEventListener("DOMContentLoaded",function(){for(var e,t,s=l.querySelectorAll("iframe.wp-embedded-content"),r=0;r<s.length;r++)(t=(e=s[r]).getAttribute("data-secret"))||(t=Math.random().toString(36).substring(2,12),e.src+="#?secret="+t,e.setAttribute("data-secret",t)),e.contentWindow.postMessage({message:"ready",secret:t},"*")},!1)))}(window,document);
//# sourceURL=https://www.carmelitaniscalzi.com/wp-includes/js/wp-embed.min.js
/* ]]> */
</script>

«La Asociación “Nuestra Señora del Carmen”, de monasterios de Carmelitas Descalzas de Perú, se reunió la semana del 20 al 25 de mayo del año en curso. Los días 20, 21 y 22 de mayo se realizó el Curso para Prioras y delegadas en dos segmentos: En las mañanas tuvimos Conferencias de formación vía on [&hellip;]
