{"version":"1.0","provider_name":"CARMELITAS DESCALZOS","provider_url":"https:\/\/www.carmelitaniscalzi.com\/es\/","title":"XXIV Encuentro de la OCDS de Portugal - CARMELITAS DESCALZOS","type":"rich","width":600,"height":338,"html":"<blockquote class=\"wp-embedded-content\" data-secret=\"a0OSSxJMt9\"><a href=\"https:\/\/www.carmelitaniscalzi.com\/es\/2017\/05\/14\/xxiv-encuentro-de-la-ocds-de-portugal\/\">XXIV Encuentro de la OCDS de Portugal<\/a><\/blockquote><iframe sandbox=\"allow-scripts\" security=\"restricted\" src=\"https:\/\/www.carmelitaniscalzi.com\/es\/2017\/05\/14\/xxiv-encuentro-de-la-ocds-de-portugal\/embed\/#?secret=a0OSSxJMt9\" width=\"600\" height=\"338\" title=\"\u00abXXIV Encuentro de la OCDS de Portugal\u00bb \u2014 CARMELITAS DESCALZOS\" data-secret=\"a0OSSxJMt9\" frameborder=\"0\" marginwidth=\"0\" marginheight=\"0\" scrolling=\"no\" class=\"wp-embedded-content\"><\/iframe><script type=\"text\/javascript\">\n\/* <![CDATA[ *\/\n\/*! This file is auto-generated *\/\n!function(d,l){\"use strict\";l.querySelector&&d.addEventListener&&\"undefined\"!=typeof URL&&(d.wp=d.wp||{},d.wp.receiveEmbedMessage||(d.wp.receiveEmbedMessage=function(e){var t=e.data;if((t||t.secret||t.message||t.value)&&!\/[^a-zA-Z0-9]\/.test(t.secret)){for(var s,r,n,a=l.querySelectorAll('iframe[data-secret=\"'+t.secret+'\"]'),o=l.querySelectorAll('blockquote[data-secret=\"'+t.secret+'\"]'),c=new RegExp(\"^https?:$\",\"i\"),i=0;i<o.length;i++)o[i].style.display=\"none\";for(i=0;i<a.length;i++)s=a[i],e.source===s.contentWindow&&(s.removeAttribute(\"style\"),\"height\"===t.message?(1e3<(r=parseInt(t.value,10))?r=1e3:~~r<200&&(r=200),s.height=r):\"link\"===t.message&&(r=new URL(s.getAttribute(\"src\")),n=new URL(t.value),c.test(n.protocol))&&n.host===r.host&&l.activeElement===s&&(d.top.location.href=t.value))}},d.addEventListener(\"message\",d.wp.receiveEmbedMessage,!1),l.addEventListener(\"DOMContentLoaded\",function(){for(var e,t,s=l.querySelectorAll(\"iframe.wp-embedded-content\"),r=0;r<s.length;r++)(t=(e=s[r]).getAttribute(\"data-secret\"))||(t=Math.random().toString(36).substring(2,12),e.src+=\"#?secret=\"+t,e.setAttribute(\"data-secret\",t)),e.contentWindow.postMessage({message:\"ready\",secret:t},\"*\")},!1)))}(window,document);\n\/\/# sourceURL=https:\/\/www.carmelitaniscalzi.com\/wp-includes\/js\/wp-embed.min.js\n\/* ]]> *\/\n<\/script>\n","thumbnail_url":"https:\/\/www.carmelitaniscalzi.com\/wp-content\/uploads\/2017\/05\/0.jpg","thumbnail_width":886,"thumbnail_height":592,"description":"F\u00e1tima, 28-30 de abril de 2017 El discernimiento vocacional del Carmelita Seglar \u00a0Con una participaci\u00f3n de entre 80 y 90 personas de varias comunidades de Portugal, incluida la Isla de Madeira, se celebr\u00f3 en la Domus Carmeli de F\u00e1tima el vigesimocuarto encuentro nacional de la OCDS portuguesa, con la presencia del delegado del P. General [&hellip;]"}

Fátima, 28-30 de abril de 2017 El discernimiento vocacional del Carmelita Seglar  Con una participación de entre 80 y 90 personas de varias comunidades de Portugal, incluida la Isla de Madeira, se celebró en la Domus Carmeli de Fátima el vigesimocuarto encuentro nacional de la OCDS portuguesa, con la presencia del delegado del P. General [&hellip;]
