{"version":"1.0","provider_name":"DISCALCED CARMELITES","provider_url":"https:\/\/www.carmelitaniscalzi.com\/en\/","title":"Fr. Silverio of St. Teresa - DISCALCED CARMELITES","type":"rich","width":600,"height":338,"html":"<blockquote class=\"wp-embedded-content\" data-secret=\"7vucWVBEd0\"><a href=\"https:\/\/www.carmelitaniscalzi.com\/en\/2018\/04\/09\/fr-silverio-of-st-teresa\/\">Fr. Silverio of St. Teresa<\/a><\/blockquote><iframe sandbox=\"allow-scripts\" security=\"restricted\" src=\"https:\/\/www.carmelitaniscalzi.com\/en\/2018\/04\/09\/fr-silverio-of-st-teresa\/embed\/#?secret=7vucWVBEd0\" width=\"600\" height=\"338\" title=\"&#8220;Fr. Silverio of St. Teresa&#8221; &#8212; DISCALCED CARMELITES\" data-secret=\"7vucWVBEd0\" frameborder=\"0\" marginwidth=\"0\" marginheight=\"0\" scrolling=\"no\" class=\"wp-embedded-content\"><\/iframe><script type=\"text\/javascript\">\n\/* <![CDATA[ *\/\n\/*! This file is auto-generated *\/\n!function(d,l){\"use strict\";l.querySelector&&d.addEventListener&&\"undefined\"!=typeof URL&&(d.wp=d.wp||{},d.wp.receiveEmbedMessage||(d.wp.receiveEmbedMessage=function(e){var t=e.data;if((t||t.secret||t.message||t.value)&&!\/[^a-zA-Z0-9]\/.test(t.secret)){for(var s,r,n,a=l.querySelectorAll('iframe[data-secret=\"'+t.secret+'\"]'),o=l.querySelectorAll('blockquote[data-secret=\"'+t.secret+'\"]'),c=new RegExp(\"^https?:$\",\"i\"),i=0;i<o.length;i++)o[i].style.display=\"none\";for(i=0;i<a.length;i++)s=a[i],e.source===s.contentWindow&&(s.removeAttribute(\"style\"),\"height\"===t.message?(1e3<(r=parseInt(t.value,10))?r=1e3:~~r<200&&(r=200),s.height=r):\"link\"===t.message&&(r=new URL(s.getAttribute(\"src\")),n=new URL(t.value),c.test(n.protocol))&&n.host===r.host&&l.activeElement===s&&(d.top.location.href=t.value))}},d.addEventListener(\"message\",d.wp.receiveEmbedMessage,!1),l.addEventListener(\"DOMContentLoaded\",function(){for(var e,t,s=l.querySelectorAll(\"iframe.wp-embedded-content\"),r=0;r<s.length;r++)(t=(e=s[r]).getAttribute(\"data-secret\"))||(t=Math.random().toString(36).substring(2,12),e.src+=\"#?secret=\"+t,e.setAttribute(\"data-secret\",t)),e.contentWindow.postMessage({message:\"ready\",secret:t},\"*\")},!1)))}(window,document);\n\/\/# sourceURL=https:\/\/www.carmelitaniscalzi.com\/wp-includes\/js\/wp-embed.min.js\n\/* ]]> *\/\n<\/script>\n","thumbnail_url":"https:\/\/www.carmelitaniscalzi.com\/wp-content\/uploads\/2018\/04\/01_silverio.jpg","thumbnail_width":581,"thumbnail_height":612,"description":"On 8th March, it was 140 years since the birth in Esc\u00f3bados de Arriba (Burgos, Spain) of Fr. Silverio of St. Teresa, known in the world as Juli\u00e1n G\u00f3mez Fern\u00e1ndez. Fr. Silverio of St. Teresa received the habit of Carmel in Larrea in 1895, after having studied philosophy in the Seminary of San Jer\u00f3nimo in [&hellip;]"}

On 8th March, it was 140 years since the birth in Escóbados de Arriba (Burgos, Spain) of Fr. Silverio of St. Teresa, known in the world as Julián Gómez Fernández. Fr. Silverio of St. Teresa received the habit of Carmel in Larrea in 1895, after having studied philosophy in the Seminary of San Jerónimo in [&hellip;]
