{"id":5492,"date":"2016-07-01T07:55:09","date_gmt":"2016-07-01T05:55:09","guid":{"rendered":"https:\/\/www.carmelitaniscalzi.com\/de\/?page_id=5492"},"modified":"2022-01-19T18:15:29","modified_gmt":"2022-01-19T17:15:29","slug":"vii-definitor","status":"publish","type":"curia","link":"https:\/\/www.carmelitaniscalzi.com\/de\/generalkurie\/definitoren\/vii-definitor\/","title":{"rendered":"VII Definitor \u2022 Provinz Paris"},"content":{"rendered":"<h3><\/h3>\n<h3><u><\/u>Biografie<\/h3>\n<p>Geboren am 25. November 1971 zu Avignon, Frankreich, hat er seine erste Profess am 15. August 1995 in Gommerville und am 26. September 1998 die Feierliche Profess in Avon abgelegt und wurde am 23. Juni 2002 in Fontainebleau zum Priester geweiht.<\/p>\n<p>Philosophie und Theologie hat er an der Theologischen Fakult\u00e4t in Lille studiert und 1999 mit dem Bakkalaureat abgeschlossen und 2001 das Lizentiat in Kirchenrecht an der Theologischen Fakult\u00e4t in Paris mit dem Schwerpunkt \u00d6kumenismus erworben. 2004 hat er ein Buch mit dem Titel \u201eDas Herzensgebet\u201c geschrieben.<\/p>\n<p>Von 2002-2004 war er Provinz\u00f6konom, von 2005-2008 und von 2014 bis 2020 Provinzrat, 2008-2014 Prior in Paris, 2014-2017 Prior in Lille, 2017-2020 Prior in Avon, ab 2020 Provinzial bis zu seiner Wahl zum Definitor im September 2021.<\/p>\n<p>Er ist auch zust\u00e4ndig f\u00fcr Jugendpastoral und Bewahrung der Sch\u00f6pfung.<\/p>\n<h3><\/h3>\n<p>&nbsp;<\/p>\n","protected":false},"featured_media":111584,"parent":5476,"menu_order":7,"template":"","format":"standard","meta":{"_acf_changed":false,"footnotes":""},"carica_cauria":[824],"class_list":["post-5492","curia","type-curia","status-publish","format-standard","has-post-thumbnail","hentry","carica_cauria-definitoren"],"acf":[],"yoast_head":"<!-- This site is optimized with the Yoast SEO plugin v26.3 - https:\/\/yoast.com\/wordpress\/plugins\/seo\/ -->\n<title>VII Definitor \u2022 Provinz Paris - UNBESCHUHTE KARMELITEN<\/title>\n<meta name=\"robots\" content=\"index, follow, max-snippet:-1, max-image-preview:large, max-video-preview:-1\" \/>\n<link rel=\"canonical\" href=\"https:\/\/www.carmelitaniscalzi.com\/de\/generalkurie\/definitoren\/vii-definitor\/\" \/>\n<meta property=\"og:locale\" content=\"de_DE\" \/>\n<meta property=\"og:type\" content=\"article\" \/>\n<meta property=\"og:title\" content=\"VII Definitor \u2022 Provinz Paris - UNBESCHUHTE KARMELITEN\" \/>\n<meta property=\"og:description\" content=\"Biografie Geboren am 25. November 1971 zu Avignon, Frankreich, hat er seine erste Profess am 15. August 1995 in Gommerville und am 26. September 1998 die Feierliche Profess in Avon abgelegt und wurde am 23. Juni 2002 in Fontainebleau zum Priester geweiht. Philosophie und Theologie hat er an der Theologischen Fakult\u00e4t in Lille studiert und [&hellip;]\" \/>\n<meta property=\"og:url\" content=\"https:\/\/www.carmelitaniscalzi.com\/de\/generalkurie\/definitoren\/vii-definitor\/\" \/>\n<meta property=\"og:site_name\" content=\"UNBESCHUHTE KARMELITEN\" \/>\n<meta property=\"article:publisher\" content=\"https:\/\/www.facebook.com\/Curia-Generalizia-Carmelitani-Scalzi-658766940887784\/\" \/>\n<meta property=\"article:modified_time\" content=\"2022-01-19T17:15:29+00:00\" \/>\n<meta property=\"og:image\" content=\"https:\/\/www.carmelitaniscalzi.com\/wp-content\/uploads\/2022\/01\/boudouin_profile.jpg\" \/>\n\t<meta property=\"og:image:width\" content=\"600\" \/>\n\t<meta property=\"og:image:height\" content=\"600\" \/>\n\t<meta property=\"og:image:type\" content=\"image\/jpeg\" \/>\n<meta name=\"twitter:card\" content=\"summary_large_image\" \/>\n<meta name=\"twitter:site\" content=\"@ocdcuria\" \/>\n<meta name=\"twitter:label1\" content=\"Gesch\u00e4tzte Lesezeit\" \/>\n\t<meta name=\"twitter:data1\" content=\"1\u00a0Minute\" \/>\n<script type=\"application\/ld+json\" class=\"yoast-schema-graph\">{\"@context\":\"https:\/\/schema.org\",\"@graph\":[{\"@type\":\"WebPage\",\"@id\":\"https:\/\/www.carmelitaniscalzi.com\/de\/generalkurie\/definitoren\/vii-definitor\/\",\"url\":\"https:\/\/www.carmelitaniscalzi.com\/de\/generalkurie\/definitoren\/vii-definitor\/\",\"name\":\"VII Definitor \u2022 Provinz Paris - UNBESCHUHTE KARMELITEN\",\"isPartOf\":{\"@id\":\"https:\/\/www.carmelitaniscalzi.com\/#website\"},\"primaryImageOfPage\":{\"@id\":\"https:\/\/www.carmelitaniscalzi.com\/de\/generalkurie\/definitoren\/vii-definitor\/#primaryimage\"},\"image\":{\"@id\":\"https:\/\/www.carmelitaniscalzi.com\/de\/generalkurie\/definitoren\/vii-definitor\/#primaryimage\"},\"thumbnailUrl\":\"https:\/\/www.carmelitaniscalzi.com\/wp-content\/uploads\/2022\/01\/boudouin_profile.jpg\",\"datePublished\":\"2016-07-01T05:55:09+00:00\",\"dateModified\":\"2022-01-19T17:15:29+00:00\",\"breadcrumb\":{\"@id\":\"https:\/\/www.carmelitaniscalzi.com\/de\/generalkurie\/definitoren\/vii-definitor\/#breadcrumb\"},\"inLanguage\":\"de\",\"potentialAction\":[{\"@type\":\"ReadAction\",\"target\":[\"https:\/\/www.carmelitaniscalzi.com\/de\/generalkurie\/definitoren\/vii-definitor\/\"]}]},{\"@type\":\"ImageObject\",\"inLanguage\":\"de\",\"@id\":\"https:\/\/www.carmelitaniscalzi.com\/de\/generalkurie\/definitoren\/vii-definitor\/#primaryimage\",\"url\":\"https:\/\/www.carmelitaniscalzi.com\/wp-content\/uploads\/2022\/01\/boudouin_profile.jpg\",\"contentUrl\":\"https:\/\/www.carmelitaniscalzi.com\/wp-content\/uploads\/2022\/01\/boudouin_profile.jpg\",\"width\":600,\"height\":600},{\"@type\":\"BreadcrumbList\",\"@id\":\"https:\/\/www.carmelitaniscalzi.com\/de\/generalkurie\/definitoren\/vii-definitor\/#breadcrumb\",\"itemListElement\":[{\"@type\":\"ListItem\",\"position\":1,\"name\":\"Home\",\"item\":\"https:\/\/www.carmelitaniscalzi.com\/de\/\"},{\"@type\":\"ListItem\",\"position\":2,\"name\":\"Generalkurie\",\"item\":\"https:\/\/www.carmelitaniscalzi.com\/de\/generalkurie\/\"},{\"@type\":\"ListItem\",\"position\":3,\"name\":\"Definitoren\",\"item\":\"https:\/\/www.carmelitaniscalzi.com\/de\/generalkurie\/definitoren\/\"},{\"@type\":\"ListItem\",\"position\":4,\"name\":\"VII Definitor \u2022 Provinz Paris\"}]},{\"@type\":\"WebSite\",\"@id\":\"https:\/\/www.carmelitaniscalzi.com\/#website\",\"url\":\"https:\/\/www.carmelitaniscalzi.com\/\",\"name\":\"CARMELITANI SCALZI - Curia Generale del Carmelo Teresiano\",\"description\":\"Generalkurie des Teresianischen Karmel\",\"publisher\":{\"@id\":\"https:\/\/www.carmelitaniscalzi.com\/#organization\"},\"alternateName\":\"CARMELITANI SCALZI\",\"potentialAction\":[{\"@type\":\"SearchAction\",\"target\":{\"@type\":\"EntryPoint\",\"urlTemplate\":\"https:\/\/www.carmelitaniscalzi.com\/?s={search_term_string}\"},\"query-input\":{\"@type\":\"PropertyValueSpecification\",\"valueRequired\":true,\"valueName\":\"search_term_string\"}}],\"inLanguage\":\"de\"},{\"@type\":\"Organization\",\"@id\":\"https:\/\/www.carmelitaniscalzi.com\/#organization\",\"name\":\"CARMELITANI SCALZI - Curia Generale del Carmelo Teresiano\",\"url\":\"https:\/\/www.carmelitaniscalzi.com\/\",\"logo\":{\"@type\":\"ImageObject\",\"inLanguage\":\"de\",\"@id\":\"https:\/\/www.carmelitaniscalzi.com\/#\/schema\/logo\/image\/\",\"url\":\"https:\/\/www.carmelitaniscalzi.com\/wp-content\/uploads\/2025\/11\/login-logo.png\",\"contentUrl\":\"https:\/\/www.carmelitaniscalzi.com\/wp-content\/uploads\/2025\/11\/login-logo.png\",\"width\":256,\"height\":256,\"caption\":\"CARMELITANI SCALZI - Curia Generale del Carmelo Teresiano\"},\"image\":{\"@id\":\"https:\/\/www.carmelitaniscalzi.com\/#\/schema\/logo\/image\/\"},\"sameAs\":[\"https:\/\/www.facebook.com\/Curia-Generalizia-Carmelitani-Scalzi-658766940887784\/\",\"https:\/\/x.com\/ocdcuria\",\"https:\/\/www.youtube.com\/channel\/UC2J5ZL0ycOY0qBSTCLX_NGQ\/videos\",\"https:\/\/www.instagram.com\/ocdinform\/\"]}]}<\/script>\n<!-- \/ Yoast SEO plugin. -->","yoast_head_json":{"title":"VII Definitor \u2022 Provinz Paris - UNBESCHUHTE KARMELITEN","robots":{"index":"index","follow":"follow","max-snippet":"max-snippet:-1","max-image-preview":"max-image-preview:large","max-video-preview":"max-video-preview:-1"},"canonical":"https:\/\/www.carmelitaniscalzi.com\/de\/generalkurie\/definitoren\/vii-definitor\/","og_locale":"de_DE","og_type":"article","og_title":"VII Definitor \u2022 Provinz Paris - UNBESCHUHTE KARMELITEN","og_description":"Biografie Geboren am 25. November 1971 zu Avignon, Frankreich, hat er seine erste Profess am 15. August 1995 in Gommerville und am 26. September 1998 die Feierliche Profess in Avon abgelegt und wurde am 23. Juni 2002 in Fontainebleau zum Priester geweiht. Philosophie und Theologie hat er an der Theologischen Fakult\u00e4t in Lille studiert und [&hellip;]","og_url":"https:\/\/www.carmelitaniscalzi.com\/de\/generalkurie\/definitoren\/vii-definitor\/","og_site_name":"UNBESCHUHTE KARMELITEN","article_publisher":"https:\/\/www.facebook.com\/Curia-Generalizia-Carmelitani-Scalzi-658766940887784\/","article_modified_time":"2022-01-19T17:15:29+00:00","og_image":[{"width":600,"height":600,"url":"https:\/\/www.carmelitaniscalzi.com\/wp-content\/uploads\/2022\/01\/boudouin_profile.jpg","type":"image\/jpeg"}],"twitter_card":"summary_large_image","twitter_site":"@ocdcuria","twitter_misc":{"Gesch\u00e4tzte Lesezeit":"1\u00a0Minute"},"schema":{"@context":"https:\/\/schema.org","@graph":[{"@type":"WebPage","@id":"https:\/\/www.carmelitaniscalzi.com\/de\/generalkurie\/definitoren\/vii-definitor\/","url":"https:\/\/www.carmelitaniscalzi.com\/de\/generalkurie\/definitoren\/vii-definitor\/","name":"VII Definitor \u2022 Provinz Paris - UNBESCHUHTE KARMELITEN","isPartOf":{"@id":"https:\/\/www.carmelitaniscalzi.com\/#website"},"primaryImageOfPage":{"@id":"https:\/\/www.carmelitaniscalzi.com\/de\/generalkurie\/definitoren\/vii-definitor\/#primaryimage"},"image":{"@id":"https:\/\/www.carmelitaniscalzi.com\/de\/generalkurie\/definitoren\/vii-definitor\/#primaryimage"},"thumbnailUrl":"https:\/\/www.carmelitaniscalzi.com\/wp-content\/uploads\/2022\/01\/boudouin_profile.jpg","datePublished":"2016-07-01T05:55:09+00:00","dateModified":"2022-01-19T17:15:29+00:00","breadcrumb":{"@id":"https:\/\/www.carmelitaniscalzi.com\/de\/generalkurie\/definitoren\/vii-definitor\/#breadcrumb"},"inLanguage":"de","potentialAction":[{"@type":"ReadAction","target":["https:\/\/www.carmelitaniscalzi.com\/de\/generalkurie\/definitoren\/vii-definitor\/"]}]},{"@type":"ImageObject","inLanguage":"de","@id":"https:\/\/www.carmelitaniscalzi.com\/de\/generalkurie\/definitoren\/vii-definitor\/#primaryimage","url":"https:\/\/www.carmelitaniscalzi.com\/wp-content\/uploads\/2022\/01\/boudouin_profile.jpg","contentUrl":"https:\/\/www.carmelitaniscalzi.com\/wp-content\/uploads\/2022\/01\/boudouin_profile.jpg","width":600,"height":600},{"@type":"BreadcrumbList","@id":"https:\/\/www.carmelitaniscalzi.com\/de\/generalkurie\/definitoren\/vii-definitor\/#breadcrumb","itemListElement":[{"@type":"ListItem","position":1,"name":"Home","item":"https:\/\/www.carmelitaniscalzi.com\/de\/"},{"@type":"ListItem","position":2,"name":"Generalkurie","item":"https:\/\/www.carmelitaniscalzi.com\/de\/generalkurie\/"},{"@type":"ListItem","position":3,"name":"Definitoren","item":"https:\/\/www.carmelitaniscalzi.com\/de\/generalkurie\/definitoren\/"},{"@type":"ListItem","position":4,"name":"VII Definitor \u2022 Provinz Paris"}]},{"@type":"WebSite","@id":"https:\/\/www.carmelitaniscalzi.com\/#website","url":"https:\/\/www.carmelitaniscalzi.com\/","name":"CARMELITANI SCALZI - Curia Generale del Carmelo Teresiano","description":"Generalkurie des Teresianischen Karmel","publisher":{"@id":"https:\/\/www.carmelitaniscalzi.com\/#organization"},"alternateName":"CARMELITANI SCALZI","potentialAction":[{"@type":"SearchAction","target":{"@type":"EntryPoint","urlTemplate":"https:\/\/www.carmelitaniscalzi.com\/?s={search_term_string}"},"query-input":{"@type":"PropertyValueSpecification","valueRequired":true,"valueName":"search_term_string"}}],"inLanguage":"de"},{"@type":"Organization","@id":"https:\/\/www.carmelitaniscalzi.com\/#organization","name":"CARMELITANI SCALZI - Curia Generale del Carmelo Teresiano","url":"https:\/\/www.carmelitaniscalzi.com\/","logo":{"@type":"ImageObject","inLanguage":"de","@id":"https:\/\/www.carmelitaniscalzi.com\/#\/schema\/logo\/image\/","url":"https:\/\/www.carmelitaniscalzi.com\/wp-content\/uploads\/2025\/11\/login-logo.png","contentUrl":"https:\/\/www.carmelitaniscalzi.com\/wp-content\/uploads\/2025\/11\/login-logo.png","width":256,"height":256,"caption":"CARMELITANI SCALZI - Curia Generale del Carmelo Teresiano"},"image":{"@id":"https:\/\/www.carmelitaniscalzi.com\/#\/schema\/logo\/image\/"},"sameAs":["https:\/\/www.facebook.com\/Curia-Generalizia-Carmelitani-Scalzi-658766940887784\/","https:\/\/x.com\/ocdcuria","https:\/\/www.youtube.com\/channel\/UC2J5ZL0ycOY0qBSTCLX_NGQ\/videos","https:\/\/www.instagram.com\/ocdinform\/"]}]}},"_links":{"self":[{"href":"https:\/\/www.carmelitaniscalzi.com\/de\/wp-json\/wp\/v2\/curia\/5492","targetHints":{"allow":["GET"]}}],"collection":[{"href":"https:\/\/www.carmelitaniscalzi.com\/de\/wp-json\/wp\/v2\/curia"}],"about":[{"href":"https:\/\/www.carmelitaniscalzi.com\/de\/wp-json\/wp\/v2\/types\/curia"}],"version-history":[{"count":4,"href":"https:\/\/www.carmelitaniscalzi.com\/de\/wp-json\/wp\/v2\/curia\/5492\/revisions"}],"predecessor-version":[{"id":112010,"href":"https:\/\/www.carmelitaniscalzi.com\/de\/wp-json\/wp\/v2\/curia\/5492\/revisions\/112010"}],"up":[{"embeddable":true,"href":"https:\/\/www.carmelitaniscalzi.com\/de\/wp-json\/wp\/v2\/curia\/5476"}],"wp:featuredmedia":[{"embeddable":true,"href":"https:\/\/www.carmelitaniscalzi.com\/de\/wp-json\/wp\/v2\/media\/111584"}],"wp:attachment":[{"href":"https:\/\/www.carmelitaniscalzi.com\/de\/wp-json\/wp\/v2\/media?parent=5492"}],"wp:term":[{"taxonomy":"carica_cauria","embeddable":true,"href":"https:\/\/www.carmelitaniscalzi.com\/de\/wp-json\/wp\/v2\/carica_cauria?post=5492"}],"curies":[{"name":"wp","href":"https:\/\/api.w.org\/{rel}","templated":true}]}}

<h3></h3>
<h3><u></u>Biografie</h3>
<p>Geboren am 25. November 1971 zu Avignon, Frankreich, hat er seine erste Profess am 15. August 1995 in Gommerville und am 26. September 1998 die Feierliche Profess in Avon abgelegt und wurde am 23. Juni 2002 in Fontainebleau zum Priester geweiht.</p>
<p>Philosophie und Theologie hat er an der Theologischen Fakultät in Lille studiert und 1999 mit dem Bakkalaureat abgeschlossen und 2001 das Lizentiat in Kirchenrecht an der Theologischen Fakultät in Paris mit dem Schwerpunkt Ökumenismus erworben. 2004 hat er ein Buch mit dem Titel „Das Herzensgebet“ geschrieben.</p>
<p>Von 2002-2004 war er Provinzökonom, von 2005-2008 und von 2014 bis 2020 Provinzrat, 2008-2014 Prior in Paris, 2014-2017 Prior in Lille, 2017-2020 Prior in Avon, ab 2020 Provinzial bis zu seiner Wahl zum Definitor im September 2021.</p>
<p>Er ist auch zuständig für Jugendpastoral und Bewahrung der Schöpfung.</p>
<h3></h3>
<p>&nbsp;</p>

<!-- This site is optimized with the Yoast SEO plugin v26.3 - https://yoast.com/wordpress/plugins/seo/ -->
<title>VII Definitor • Provinz Paris - UNBESCHUHTE KARMELITEN</title>
<meta name="robots" content="index, follow, max-snippet:-1, max-image-preview:large, max-video-preview:-1" />
<link rel="canonical" href="https://www.carmelitaniscalzi.com/de/generalkurie/definitoren/vii-definitor/" />
<meta property="og:locale" content="de_DE" />
<meta property="og:type" content="article" />
<meta property="og:title" content="VII Definitor • Provinz Paris - UNBESCHUHTE KARMELITEN" />
<meta property="og:description" content="Biografie Geboren am 25. November 1971 zu Avignon, Frankreich, hat er seine erste Profess am 15. August 1995 in Gommerville und am 26. September 1998 die Feierliche Profess in Avon abgelegt und wurde am 23. Juni 2002 in Fontainebleau zum Priester geweiht. Philosophie und Theologie hat er an der Theologischen Fakultät in Lille studiert und [&hellip;]" />
<meta property="og:url" content="https://www.carmelitaniscalzi.com/de/generalkurie/definitoren/vii-definitor/" />
<meta property="og:site_name" content="UNBESCHUHTE KARMELITEN" />
<meta property="article:publisher" content="https://www.facebook.com/Curia-Generalizia-Carmelitani-Scalzi-658766940887784/" />
<meta property="article:modified_time" content="2022-01-19T17:15:29+00:00" />
<meta property="og:image" content="https://www.carmelitaniscalzi.com/wp-content/uploads/2022/01/boudouin_profile.jpg" />
	<meta property="og:image:width" content="600" />
	<meta property="og:image:height" content="600" />
	<meta property="og:image:type" content="image/jpeg" />
<meta name="twitter:card" content="summary_large_image" />
<meta name="twitter:site" content="@ocdcuria" />
<meta name="twitter:label1" content="Geschätzte Lesezeit" />
	<meta name="twitter:data1" content="1 Minute" />
<script type="application/ld+json" class="yoast-schema-graph">{"@context":"https://schema.org","@graph":[{"@type":"WebPage","@id":"https://www.carmelitaniscalzi.com/de/generalkurie/definitoren/vii-definitor/","url":"https://www.carmelitaniscalzi.com/de/generalkurie/definitoren/vii-definitor/","name":"VII Definitor • Provinz Paris - UNBESCHUHTE KARMELITEN","isPartOf":{"@id":"https://www.carmelitaniscalzi.com/#website"},"primaryImageOfPage":{"@id":"https://www.carmelitaniscalzi.com/de/generalkurie/definitoren/vii-definitor/#primaryimage"},"image":{"@id":"https://www.carmelitaniscalzi.com/de/generalkurie/definitoren/vii-definitor/#primaryimage"},"thumbnailUrl":"https://www.carmelitaniscalzi.com/wp-content/uploads/2022/01/boudouin_profile.jpg","datePublished":"2016-07-01T05:55:09+00:00","dateModified":"2022-01-19T17:15:29+00:00","breadcrumb":{"@id":"https://www.carmelitaniscalzi.com/de/generalkurie/definitoren/vii-definitor/#breadcrumb"},"inLanguage":"de","potentialAction":[{"@type":"ReadAction","target":["https://www.carmelitaniscalzi.com/de/generalkurie/definitoren/vii-definitor/"]}]},{"@type":"ImageObject","inLanguage":"de","@id":"https://www.carmelitaniscalzi.com/de/generalkurie/definitoren/vii-definitor/#primaryimage","url":"https://www.carmelitaniscalzi.com/wp-content/uploads/2022/01/boudouin_profile.jpg","contentUrl":"https://www.carmelitaniscalzi.com/wp-content/uploads/2022/01/boudouin_profile.jpg","width":600,"height":600},{"@type":"BreadcrumbList","@id":"https://www.carmelitaniscalzi.com/de/generalkurie/definitoren/vii-definitor/#breadcrumb","itemListElement":[{"@type":"ListItem","position":1,"name":"Home","item":"https://www.carmelitaniscalzi.com/de/"},{"@type":"ListItem","position":2,"name":"Generalkurie","item":"https://www.carmelitaniscalzi.com/de/generalkurie/"},{"@type":"ListItem","position":3,"name":"Definitoren","item":"https://www.carmelitaniscalzi.com/de/generalkurie/definitoren/"},{"@type":"ListItem","position":4,"name":"VII Definitor • Provinz Paris"}]},{"@type":"WebSite","@id":"https://www.carmelitaniscalzi.com/#website","url":"https://www.carmelitaniscalzi.com/","name":"CARMELITANI SCALZI - Curia Generale del Carmelo Teresiano","description":"Generalkurie des Teresianischen Karmel","publisher":{"@id":"https://www.carmelitaniscalzi.com/#organization"},"alternateName":"CARMELITANI SCALZI","potentialAction":[{"@type":"SearchAction","target":{"@type":"EntryPoint","urlTemplate":"https://www.carmelitaniscalzi.com/?s={search_term_string}"},"query-input":{"@type":"PropertyValueSpecification","valueRequired":true,"valueName":"search_term_string"}}],"inLanguage":"de"},{"@type":"Organization","@id":"https://www.carmelitaniscalzi.com/#organization","name":"CARMELITANI SCALZI - Curia Generale del Carmelo Teresiano","url":"https://www.carmelitaniscalzi.com/","logo":{"@type":"ImageObject","inLanguage":"de","@id":"https://www.carmelitaniscalzi.com/#/schema/logo/image/","url":"https://www.carmelitaniscalzi.com/wp-content/uploads/2025/11/login-logo.png","contentUrl":"https://www.carmelitaniscalzi.com/wp-content/uploads/2025/11/login-logo.png","width":256,"height":256,"caption":"CARMELITANI SCALZI - Curia Generale del Carmelo Teresiano"},"image":{"@id":"https://www.carmelitaniscalzi.com/#/schema/logo/image/"},"sameAs":["https://www.facebook.com/Curia-Generalizia-Carmelitani-Scalzi-658766940887784/","https://x.com/ocdcuria","https://www.youtube.com/channel/UC2J5ZL0ycOY0qBSTCLX_NGQ/videos","https://www.instagram.com/ocdinform/"]}]}</script>
<!-- / Yoast SEO plugin. -->

Biografie Geboren am 25. November 1971 zu Avignon, Frankreich, hat er seine erste Profess am 15. August 1995 in Gommerville und am 26. September 1998 die Feierliche Profess in Avon abgelegt und wurde am 23. Juni 2002 in Fontainebleau zum Priester geweiht. Philosophie und Theologie hat er an der Theologischen Fakultät in Lille studiert und [&hellip;]
