{"id":5474,"date":"2016-07-01T07:27:20","date_gmt":"2016-07-01T05:27:20","guid":{"rendered":"https:\/\/www.carmelitaniscalzi.com\/de\/?page_id=5474"},"modified":"2021-10-15T05:09:16","modified_gmt":"2021-10-15T03:09:16","slug":"generaloberer","status":"publish","type":"curia","link":"https:\/\/www.carmelitaniscalzi.com\/de\/generalkurie\/generaloberer\/","title":{"rendered":"Generaloberer"},"content":{"rendered":"<h3>Biografia<\/h3>\n<p>P. MIGUEL DE S. MAR\u00cdA M\u00c1RQUEZ CALLE wurde 1965 in Plasencia (C\u00e1ceres) in Spanien geboren, legte 1985 seine Profss ab und wurde 1990 in Medina del Campo zum Priester geweiht. An der Universit\u00e4t Comillas in Madrid promovierte er mit einer Arbeit \u00fcber das Gottesbild im Magificat.<\/p>\n<p>In seiner Provinz Kastilien und dann Ib\u00e9rica hatte er mehrere \u00c4mter inne. So war er von 1999-2002 Povinzrat, von 2002-2008 Provinzvikar, schlie\u00dflich Provinzial vonKastilien. Er war auch sechs Jahre lang Ausbildungsleiter der Ordenstudenten in Salamanca. 2015 wurde er zum ersten Provinzial der durch die Fusion der bisherigen Provinzen Kastilien, Burgos, Andalusien, Aragonien-Valencia und Katalonien entstandenen Provinz Ib\u00e9rica gew\u00e4hlt und 2017 in diesem Amt best\u00e4tigt.<\/p>\n<p>Er ist Verfasser zahlreicher Publikationen zu Theologie und Spiritualit\u00e4t und Mitarbeiter diverser Zeitschriften. Er war Professor am CITeS in \u00c1vila und bei den Fortbildungskursen auf dem Berg Karmel, sowie auch am Institut f\u00fcr Spiritualit\u00e4t in Santo Domingo.<\/p>\n<p>P. Miguel ist ein bekannter Exerztienmeister und Leiter von Einkehrtagen und Begleiter zahlreicher Gebetsgruppen, und ein gesuchter geistlicher Begleiter f\u00fcr Priester, Ordensleute und Laien.<\/p>\n<h3>Attivit\u00e0<\/h3>\n<p>Compete al Preposito Generale governare tutto l\u2019Ordine, assicurare il bene comune, promuovere la vitalit\u00e0 della nostra Famiglia e favorire la collaborazione tra le Province e il Governo centrale.<\/p>\n<p>Per meglio conseguire tale scopo, manterr\u00e0 una frequente comunicazione con le Province e far\u00e0, personalmente o per mezzo di un suo delegato, la visita pastorale durante il sessennio (C 173).<\/p>\n<p>La parte preponderante della sua attivit\u00e0 consiste nelle visite pastorali e fraterne, per conoscere la realt\u00e0, creare comunione ed esortare i confratelli e le consorelle nella loro vocazione e missione. La sua attivit\u00e0 si completa con la partecipazione a riunioni, congressi e celebrazioni. Le visite riguardano pure i monasteri delle Monache della regione, o le riunioni di monasteri della zona, come le assemblee delle Associazioni e Federazioni. Quasi sempre hanno luogo, in tali occasioni, incontri con le comunit\u00e0 del Carmelo secolare e di altri gruppi carmelitani, innanzi tutto quelle appartenenti agli Istituti affiliati.<\/p>\n<p>Il lavoro continuo nella Curia di Roma e durante i viaggi ha come scopo soprattutto l\u2019espansione dell\u2019Ordine e la formazione, risolvere le difficolt\u00e0 delle Province, dei Monasteri o delle persone, rivolgere particolare attenzione ai Centri direttamente dipendenti dalla Casa Generalizia, mantenere le relazioni con la Santa Sede (normalmente tramite il Procuratore Generale) per le questioni che sono di competenza di essa. Tutto ci\u00f2 comporta l\u2019ascolto e il consiglio dei Definitori e ufficiali della Casa Generalizia. Il dinamismo della vita moderna ha moltiplicato la corrispondenza attraverso i mezzi tradizionali e quelli moderni. L\u2019espansione in nuove regioni e culture presenta nuove sfide. La crisi vocazionale nelle antiche province provoca altri problemi. Infine, non pu\u00f2 essere disatteso l\u2019aspetto finanziario, a volte critico, di queste molteplici attivit\u00e0.<\/p>\n","protected":false},"featured_media":0,"parent":5472,"menu_order":1,"template":"","format":"standard","meta":{"_acf_changed":false,"footnotes":""},"carica_cauria":[823],"class_list":["post-5474","curia","type-curia","status-publish","format-standard","hentry","carica_cauria-generaloberer"],"acf":[],"yoast_head":"<!-- This site is optimized with the Yoast SEO plugin v26.3 - https:\/\/yoast.com\/wordpress\/plugins\/seo\/ -->\n<title>Generaloberer - UNBESCHUHTE KARMELITEN<\/title>\n<meta name=\"robots\" content=\"index, follow, max-snippet:-1, max-image-preview:large, max-video-preview:-1\" \/>\n<link rel=\"canonical\" href=\"https:\/\/www.carmelitaniscalzi.com\/de\/generalkurie\/generaloberer\/\" \/>\n<meta property=\"og:locale\" content=\"de_DE\" \/>\n<meta property=\"og:type\" content=\"article\" \/>\n<meta property=\"og:title\" content=\"Generaloberer - UNBESCHUHTE KARMELITEN\" \/>\n<meta property=\"og:description\" content=\"Biografia P. MIGUEL DE S. MAR\u00cdA M\u00c1RQUEZ CALLE wurde 1965 in Plasencia (C\u00e1ceres) in Spanien geboren, legte 1985 seine Profss ab und wurde 1990 in Medina del Campo zum Priester geweiht. An der Universit\u00e4t Comillas in Madrid promovierte er mit einer Arbeit \u00fcber das Gottesbild im Magificat. In seiner Provinz Kastilien und dann Ib\u00e9rica hatte [&hellip;]\" \/>\n<meta property=\"og:url\" content=\"https:\/\/www.carmelitaniscalzi.com\/de\/generalkurie\/generaloberer\/\" \/>\n<meta property=\"og:site_name\" content=\"UNBESCHUHTE KARMELITEN\" \/>\n<meta property=\"article:publisher\" content=\"https:\/\/www.facebook.com\/Curia-Generalizia-Carmelitani-Scalzi-658766940887784\/\" \/>\n<meta property=\"article:modified_time\" content=\"2021-10-15T03:09:16+00:00\" \/>\n<meta property=\"og:image\" content=\"https:\/\/www.carmelitaniscalzi.com\/wp-content\/uploads\/2025\/11\/login-logo.png\" \/>\n\t<meta property=\"og:image:width\" content=\"256\" \/>\n\t<meta property=\"og:image:height\" content=\"256\" \/>\n\t<meta property=\"og:image:type\" content=\"image\/png\" \/>\n<meta name=\"twitter:card\" content=\"summary_large_image\" \/>\n<meta name=\"twitter:site\" content=\"@ocdcuria\" \/>\n<meta name=\"twitter:label1\" content=\"Gesch\u00e4tzte Lesezeit\" \/>\n\t<meta name=\"twitter:data1\" content=\"2\u00a0Minuten\" \/>\n<script type=\"application\/ld+json\" class=\"yoast-schema-graph\">{\"@context\":\"https:\/\/schema.org\",\"@graph\":[{\"@type\":\"WebPage\",\"@id\":\"https:\/\/www.carmelitaniscalzi.com\/de\/generalkurie\/generaloberer\/\",\"url\":\"https:\/\/www.carmelitaniscalzi.com\/de\/generalkurie\/generaloberer\/\",\"name\":\"Generaloberer - UNBESCHUHTE KARMELITEN\",\"isPartOf\":{\"@id\":\"https:\/\/www.carmelitaniscalzi.com\/#website\"},\"datePublished\":\"2016-07-01T05:27:20+00:00\",\"dateModified\":\"2021-10-15T03:09:16+00:00\",\"breadcrumb\":{\"@id\":\"https:\/\/www.carmelitaniscalzi.com\/de\/generalkurie\/generaloberer\/#breadcrumb\"},\"inLanguage\":\"de\",\"potentialAction\":[{\"@type\":\"ReadAction\",\"target\":[\"https:\/\/www.carmelitaniscalzi.com\/de\/generalkurie\/generaloberer\/\"]}]},{\"@type\":\"BreadcrumbList\",\"@id\":\"https:\/\/www.carmelitaniscalzi.com\/de\/generalkurie\/generaloberer\/#breadcrumb\",\"itemListElement\":[{\"@type\":\"ListItem\",\"position\":1,\"name\":\"Home\",\"item\":\"https:\/\/www.carmelitaniscalzi.com\/de\/\"},{\"@type\":\"ListItem\",\"position\":2,\"name\":\"Generalkurie\",\"item\":\"https:\/\/www.carmelitaniscalzi.com\/de\/generalkurie\/\"},{\"@type\":\"ListItem\",\"position\":3,\"name\":\"Generaloberer\"}]},{\"@type\":\"WebSite\",\"@id\":\"https:\/\/www.carmelitaniscalzi.com\/#website\",\"url\":\"https:\/\/www.carmelitaniscalzi.com\/\",\"name\":\"CARMELITANI SCALZI - Curia Generale del Carmelo Teresiano\",\"description\":\"Generalkurie des Teresianischen Karmel\",\"publisher\":{\"@id\":\"https:\/\/www.carmelitaniscalzi.com\/#organization\"},\"alternateName\":\"CARMELITANI SCALZI\",\"potentialAction\":[{\"@type\":\"SearchAction\",\"target\":{\"@type\":\"EntryPoint\",\"urlTemplate\":\"https:\/\/www.carmelitaniscalzi.com\/?s={search_term_string}\"},\"query-input\":{\"@type\":\"PropertyValueSpecification\",\"valueRequired\":true,\"valueName\":\"search_term_string\"}}],\"inLanguage\":\"de\"},{\"@type\":\"Organization\",\"@id\":\"https:\/\/www.carmelitaniscalzi.com\/#organization\",\"name\":\"CARMELITANI SCALZI - Curia Generale del Carmelo Teresiano\",\"url\":\"https:\/\/www.carmelitaniscalzi.com\/\",\"logo\":{\"@type\":\"ImageObject\",\"inLanguage\":\"de\",\"@id\":\"https:\/\/www.carmelitaniscalzi.com\/#\/schema\/logo\/image\/\",\"url\":\"https:\/\/www.carmelitaniscalzi.com\/wp-content\/uploads\/2025\/11\/login-logo.png\",\"contentUrl\":\"https:\/\/www.carmelitaniscalzi.com\/wp-content\/uploads\/2025\/11\/login-logo.png\",\"width\":256,\"height\":256,\"caption\":\"CARMELITANI SCALZI - Curia Generale del Carmelo Teresiano\"},\"image\":{\"@id\":\"https:\/\/www.carmelitaniscalzi.com\/#\/schema\/logo\/image\/\"},\"sameAs\":[\"https:\/\/www.facebook.com\/Curia-Generalizia-Carmelitani-Scalzi-658766940887784\/\",\"https:\/\/x.com\/ocdcuria\",\"https:\/\/www.youtube.com\/channel\/UC2J5ZL0ycOY0qBSTCLX_NGQ\/videos\",\"https:\/\/www.instagram.com\/ocdinform\/\"]}]}<\/script>\n<!-- \/ Yoast SEO plugin. -->","yoast_head_json":{"title":"Generaloberer - UNBESCHUHTE KARMELITEN","robots":{"index":"index","follow":"follow","max-snippet":"max-snippet:-1","max-image-preview":"max-image-preview:large","max-video-preview":"max-video-preview:-1"},"canonical":"https:\/\/www.carmelitaniscalzi.com\/de\/generalkurie\/generaloberer\/","og_locale":"de_DE","og_type":"article","og_title":"Generaloberer - UNBESCHUHTE KARMELITEN","og_description":"Biografia P. MIGUEL DE S. MAR\u00cdA M\u00c1RQUEZ CALLE wurde 1965 in Plasencia (C\u00e1ceres) in Spanien geboren, legte 1985 seine Profss ab und wurde 1990 in Medina del Campo zum Priester geweiht. An der Universit\u00e4t Comillas in Madrid promovierte er mit einer Arbeit \u00fcber das Gottesbild im Magificat. In seiner Provinz Kastilien und dann Ib\u00e9rica hatte [&hellip;]","og_url":"https:\/\/www.carmelitaniscalzi.com\/de\/generalkurie\/generaloberer\/","og_site_name":"UNBESCHUHTE KARMELITEN","article_publisher":"https:\/\/www.facebook.com\/Curia-Generalizia-Carmelitani-Scalzi-658766940887784\/","article_modified_time":"2021-10-15T03:09:16+00:00","og_image":[{"width":256,"height":256,"url":"https:\/\/www.carmelitaniscalzi.com\/wp-content\/uploads\/2025\/11\/login-logo.png","type":"image\/png"}],"twitter_card":"summary_large_image","twitter_site":"@ocdcuria","twitter_misc":{"Gesch\u00e4tzte Lesezeit":"2\u00a0Minuten"},"schema":{"@context":"https:\/\/schema.org","@graph":[{"@type":"WebPage","@id":"https:\/\/www.carmelitaniscalzi.com\/de\/generalkurie\/generaloberer\/","url":"https:\/\/www.carmelitaniscalzi.com\/de\/generalkurie\/generaloberer\/","name":"Generaloberer - UNBESCHUHTE KARMELITEN","isPartOf":{"@id":"https:\/\/www.carmelitaniscalzi.com\/#website"},"datePublished":"2016-07-01T05:27:20+00:00","dateModified":"2021-10-15T03:09:16+00:00","breadcrumb":{"@id":"https:\/\/www.carmelitaniscalzi.com\/de\/generalkurie\/generaloberer\/#breadcrumb"},"inLanguage":"de","potentialAction":[{"@type":"ReadAction","target":["https:\/\/www.carmelitaniscalzi.com\/de\/generalkurie\/generaloberer\/"]}]},{"@type":"BreadcrumbList","@id":"https:\/\/www.carmelitaniscalzi.com\/de\/generalkurie\/generaloberer\/#breadcrumb","itemListElement":[{"@type":"ListItem","position":1,"name":"Home","item":"https:\/\/www.carmelitaniscalzi.com\/de\/"},{"@type":"ListItem","position":2,"name":"Generalkurie","item":"https:\/\/www.carmelitaniscalzi.com\/de\/generalkurie\/"},{"@type":"ListItem","position":3,"name":"Generaloberer"}]},{"@type":"WebSite","@id":"https:\/\/www.carmelitaniscalzi.com\/#website","url":"https:\/\/www.carmelitaniscalzi.com\/","name":"CARMELITANI SCALZI - Curia Generale del Carmelo Teresiano","description":"Generalkurie des Teresianischen Karmel","publisher":{"@id":"https:\/\/www.carmelitaniscalzi.com\/#organization"},"alternateName":"CARMELITANI SCALZI","potentialAction":[{"@type":"SearchAction","target":{"@type":"EntryPoint","urlTemplate":"https:\/\/www.carmelitaniscalzi.com\/?s={search_term_string}"},"query-input":{"@type":"PropertyValueSpecification","valueRequired":true,"valueName":"search_term_string"}}],"inLanguage":"de"},{"@type":"Organization","@id":"https:\/\/www.carmelitaniscalzi.com\/#organization","name":"CARMELITANI SCALZI - Curia Generale del Carmelo Teresiano","url":"https:\/\/www.carmelitaniscalzi.com\/","logo":{"@type":"ImageObject","inLanguage":"de","@id":"https:\/\/www.carmelitaniscalzi.com\/#\/schema\/logo\/image\/","url":"https:\/\/www.carmelitaniscalzi.com\/wp-content\/uploads\/2025\/11\/login-logo.png","contentUrl":"https:\/\/www.carmelitaniscalzi.com\/wp-content\/uploads\/2025\/11\/login-logo.png","width":256,"height":256,"caption":"CARMELITANI SCALZI - Curia Generale del Carmelo Teresiano"},"image":{"@id":"https:\/\/www.carmelitaniscalzi.com\/#\/schema\/logo\/image\/"},"sameAs":["https:\/\/www.facebook.com\/Curia-Generalizia-Carmelitani-Scalzi-658766940887784\/","https:\/\/x.com\/ocdcuria","https:\/\/www.youtube.com\/channel\/UC2J5ZL0ycOY0qBSTCLX_NGQ\/videos","https:\/\/www.instagram.com\/ocdinform\/"]}]}},"_links":{"self":[{"href":"https:\/\/www.carmelitaniscalzi.com\/de\/wp-json\/wp\/v2\/curia\/5474","targetHints":{"allow":["GET"]}}],"collection":[{"href":"https:\/\/www.carmelitaniscalzi.com\/de\/wp-json\/wp\/v2\/curia"}],"about":[{"href":"https:\/\/www.carmelitaniscalzi.com\/de\/wp-json\/wp\/v2\/types\/curia"}],"version-history":[{"count":3,"href":"https:\/\/www.carmelitaniscalzi.com\/de\/wp-json\/wp\/v2\/curia\/5474\/revisions"}],"predecessor-version":[{"id":88264,"href":"https:\/\/www.carmelitaniscalzi.com\/de\/wp-json\/wp\/v2\/curia\/5474\/revisions\/88264"}],"up":[{"embeddable":true,"href":"https:\/\/www.carmelitaniscalzi.com\/de\/wp-json\/wp\/v2\/curia\/5472"}],"wp:attachment":[{"href":"https:\/\/www.carmelitaniscalzi.com\/de\/wp-json\/wp\/v2\/media?parent=5474"}],"wp:term":[{"taxonomy":"carica_cauria","embeddable":true,"href":"https:\/\/www.carmelitaniscalzi.com\/de\/wp-json\/wp\/v2\/carica_cauria?post=5474"}],"curies":[{"name":"wp","href":"https:\/\/api.w.org\/{rel}","templated":true}]}}

<h3>Biografia</h3>
<p>P. MIGUEL DE S. MARÍA MÁRQUEZ CALLE wurde 1965 in Plasencia (Cáceres) in Spanien geboren, legte 1985 seine Profss ab und wurde 1990 in Medina del Campo zum Priester geweiht. An der Universität Comillas in Madrid promovierte er mit einer Arbeit über das Gottesbild im Magificat.</p>
<p>In seiner Provinz Kastilien und dann Ibérica hatte er mehrere Ämter inne. So war er von 1999-2002 Povinzrat, von 2002-2008 Provinzvikar, schließlich Provinzial vonKastilien. Er war auch sechs Jahre lang Ausbildungsleiter der Ordenstudenten in Salamanca. 2015 wurde er zum ersten Provinzial der durch die Fusion der bisherigen Provinzen Kastilien, Burgos, Andalusien, Aragonien-Valencia und Katalonien entstandenen Provinz Ibérica gewählt und 2017 in diesem Amt bestätigt.</p>
<p>Er ist Verfasser zahlreicher Publikationen zu Theologie und Spiritualität und Mitarbeiter diverser Zeitschriften. Er war Professor am CITeS in Ávila und bei den Fortbildungskursen auf dem Berg Karmel, sowie auch am Institut für Spiritualität in Santo Domingo.</p>
<p>P. Miguel ist ein bekannter Exerztienmeister und Leiter von Einkehrtagen und Begleiter zahlreicher Gebetsgruppen, und ein gesuchter geistlicher Begleiter für Priester, Ordensleute und Laien.</p>
<h3>Attività</h3>
<p>Compete al Preposito Generale governare tutto l’Ordine, assicurare il bene comune, promuovere la vitalità della nostra Famiglia e favorire la collaborazione tra le Province e il Governo centrale.</p>
<p>Per meglio conseguire tale scopo, manterrà una frequente comunicazione con le Province e farà, personalmente o per mezzo di un suo delegato, la visita pastorale durante il sessennio (C 173).</p>
<p>La parte preponderante della sua attività consiste nelle visite pastorali e fraterne, per conoscere la realtà, creare comunione ed esortare i confratelli e le consorelle nella loro vocazione e missione. La sua attività si completa con la partecipazione a riunioni, congressi e celebrazioni. Le visite riguardano pure i monasteri delle Monache della regione, o le riunioni di monasteri della zona, come le assemblee delle Associazioni e Federazioni. Quasi sempre hanno luogo, in tali occasioni, incontri con le comunità del Carmelo secolare e di altri gruppi carmelitani, innanzi tutto quelle appartenenti agli Istituti affiliati.</p>
<p>Il lavoro continuo nella Curia di Roma e durante i viaggi ha come scopo soprattutto l’espansione dell’Ordine e la formazione, risolvere le difficoltà delle Province, dei Monasteri o delle persone, rivolgere particolare attenzione ai Centri direttamente dipendenti dalla Casa Generalizia, mantenere le relazioni con la Santa Sede (normalmente tramite il Procuratore Generale) per le questioni che sono di competenza di essa. Tutto ciò comporta l’ascolto e il consiglio dei Definitori e ufficiali della Casa Generalizia. Il dinamismo della vita moderna ha moltiplicato la corrispondenza attraverso i mezzi tradizionali e quelli moderni. L’espansione in nuove regioni e culture presenta nuove sfide. La crisi vocazionale nelle antiche province provoca altri problemi. Infine, non può essere disatteso l’aspetto finanziario, a volte critico, di queste molteplici attività.</p>

<!-- This site is optimized with the Yoast SEO plugin v26.3 - https://yoast.com/wordpress/plugins/seo/ -->
<title>Generaloberer - UNBESCHUHTE KARMELITEN</title>
<meta name="robots" content="index, follow, max-snippet:-1, max-image-preview:large, max-video-preview:-1" />
<link rel="canonical" href="https://www.carmelitaniscalzi.com/de/generalkurie/generaloberer/" />
<meta property="og:locale" content="de_DE" />
<meta property="og:type" content="article" />
<meta property="og:title" content="Generaloberer - UNBESCHUHTE KARMELITEN" />
<meta property="og:description" content="Biografia P. MIGUEL DE S. MARÍA MÁRQUEZ CALLE wurde 1965 in Plasencia (Cáceres) in Spanien geboren, legte 1985 seine Profss ab und wurde 1990 in Medina del Campo zum Priester geweiht. An der Universität Comillas in Madrid promovierte er mit einer Arbeit über das Gottesbild im Magificat. In seiner Provinz Kastilien und dann Ibérica hatte [&hellip;]" />
<meta property="og:url" content="https://www.carmelitaniscalzi.com/de/generalkurie/generaloberer/" />
<meta property="og:site_name" content="UNBESCHUHTE KARMELITEN" />
<meta property="article:publisher" content="https://www.facebook.com/Curia-Generalizia-Carmelitani-Scalzi-658766940887784/" />
<meta property="article:modified_time" content="2021-10-15T03:09:16+00:00" />
<meta property="og:image" content="https://www.carmelitaniscalzi.com/wp-content/uploads/2025/11/login-logo.png" />
	<meta property="og:image:width" content="256" />
	<meta property="og:image:height" content="256" />
	<meta property="og:image:type" content="image/png" />
<meta name="twitter:card" content="summary_large_image" />
<meta name="twitter:site" content="@ocdcuria" />
<meta name="twitter:label1" content="Geschätzte Lesezeit" />
	<meta name="twitter:data1" content="2 Minuten" />
<script type="application/ld+json" class="yoast-schema-graph">{"@context":"https://schema.org","@graph":[{"@type":"WebPage","@id":"https://www.carmelitaniscalzi.com/de/generalkurie/generaloberer/","url":"https://www.carmelitaniscalzi.com/de/generalkurie/generaloberer/","name":"Generaloberer - UNBESCHUHTE KARMELITEN","isPartOf":{"@id":"https://www.carmelitaniscalzi.com/#website"},"datePublished":"2016-07-01T05:27:20+00:00","dateModified":"2021-10-15T03:09:16+00:00","breadcrumb":{"@id":"https://www.carmelitaniscalzi.com/de/generalkurie/generaloberer/#breadcrumb"},"inLanguage":"de","potentialAction":[{"@type":"ReadAction","target":["https://www.carmelitaniscalzi.com/de/generalkurie/generaloberer/"]}]},{"@type":"BreadcrumbList","@id":"https://www.carmelitaniscalzi.com/de/generalkurie/generaloberer/#breadcrumb","itemListElement":[{"@type":"ListItem","position":1,"name":"Home","item":"https://www.carmelitaniscalzi.com/de/"},{"@type":"ListItem","position":2,"name":"Generalkurie","item":"https://www.carmelitaniscalzi.com/de/generalkurie/"},{"@type":"ListItem","position":3,"name":"Generaloberer"}]},{"@type":"WebSite","@id":"https://www.carmelitaniscalzi.com/#website","url":"https://www.carmelitaniscalzi.com/","name":"CARMELITANI SCALZI - Curia Generale del Carmelo Teresiano","description":"Generalkurie des Teresianischen Karmel","publisher":{"@id":"https://www.carmelitaniscalzi.com/#organization"},"alternateName":"CARMELITANI SCALZI","potentialAction":[{"@type":"SearchAction","target":{"@type":"EntryPoint","urlTemplate":"https://www.carmelitaniscalzi.com/?s={search_term_string}"},"query-input":{"@type":"PropertyValueSpecification","valueRequired":true,"valueName":"search_term_string"}}],"inLanguage":"de"},{"@type":"Organization","@id":"https://www.carmelitaniscalzi.com/#organization","name":"CARMELITANI SCALZI - Curia Generale del Carmelo Teresiano","url":"https://www.carmelitaniscalzi.com/","logo":{"@type":"ImageObject","inLanguage":"de","@id":"https://www.carmelitaniscalzi.com/#/schema/logo/image/","url":"https://www.carmelitaniscalzi.com/wp-content/uploads/2025/11/login-logo.png","contentUrl":"https://www.carmelitaniscalzi.com/wp-content/uploads/2025/11/login-logo.png","width":256,"height":256,"caption":"CARMELITANI SCALZI - Curia Generale del Carmelo Teresiano"},"image":{"@id":"https://www.carmelitaniscalzi.com/#/schema/logo/image/"},"sameAs":["https://www.facebook.com/Curia-Generalizia-Carmelitani-Scalzi-658766940887784/","https://x.com/ocdcuria","https://www.youtube.com/channel/UC2J5ZL0ycOY0qBSTCLX_NGQ/videos","https://www.instagram.com/ocdinform/"]}]}</script>
<!-- / Yoast SEO plugin. -->

Biografia P. MIGUEL DE S. MARÍA MÁRQUEZ CALLE wurde 1965 in Plasencia (Cáceres) in Spanien geboren, legte 1985 seine Profss ab und wurde 1990 in Medina del Campo zum Priester geweiht. An der Universität Comillas in Madrid promovierte er mit einer Arbeit über das Gottesbild im Magificat. In seiner Provinz Kastilien und dann Ibérica hatte [&hellip;]
