{"version":"1.0","provider_name":"UNBESCHUHTE KARMELITEN","provider_url":"https:\/\/www.carmelitaniscalzi.com\/de\/","title":"Zweites Noviziat in Brasilien - UNBESCHUHTE KARMELITEN","type":"rich","width":600,"height":338,"html":"<blockquote class=\"wp-embedded-content\" data-secret=\"yhzuYgQ5Gy\"><a href=\"https:\/\/www.carmelitaniscalzi.com\/de\/2024\/09\/18\/zweites-noviziat-in-brasilien\/\">Zweites Noviziat in Brasilien<\/a><\/blockquote><iframe sandbox=\"allow-scripts\" security=\"restricted\" src=\"https:\/\/www.carmelitaniscalzi.com\/de\/2024\/09\/18\/zweites-noviziat-in-brasilien\/embed\/#?secret=yhzuYgQ5Gy\" width=\"600\" height=\"338\" title=\"&#8222;Zweites Noviziat in Brasilien&#8220; &#8211; UNBESCHUHTE KARMELITEN\" data-secret=\"yhzuYgQ5Gy\" frameborder=\"0\" marginwidth=\"0\" marginheight=\"0\" scrolling=\"no\" class=\"wp-embedded-content\"><\/iframe><script type=\"text\/javascript\">\n\/* <![CDATA[ *\/\n\/*! This file is auto-generated *\/\n!function(d,l){\"use strict\";l.querySelector&&d.addEventListener&&\"undefined\"!=typeof URL&&(d.wp=d.wp||{},d.wp.receiveEmbedMessage||(d.wp.receiveEmbedMessage=function(e){var t=e.data;if((t||t.secret||t.message||t.value)&&!\/[^a-zA-Z0-9]\/.test(t.secret)){for(var s,r,n,a=l.querySelectorAll('iframe[data-secret=\"'+t.secret+'\"]'),o=l.querySelectorAll('blockquote[data-secret=\"'+t.secret+'\"]'),c=new RegExp(\"^https?:$\",\"i\"),i=0;i<o.length;i++)o[i].style.display=\"none\";for(i=0;i<a.length;i++)s=a[i],e.source===s.contentWindow&&(s.removeAttribute(\"style\"),\"height\"===t.message?(1e3<(r=parseInt(t.value,10))?r=1e3:~~r<200&&(r=200),s.height=r):\"link\"===t.message&&(r=new URL(s.getAttribute(\"src\")),n=new URL(t.value),c.test(n.protocol))&&n.host===r.host&&l.activeElement===s&&(d.top.location.href=t.value))}},d.addEventListener(\"message\",d.wp.receiveEmbedMessage,!1),l.addEventListener(\"DOMContentLoaded\",function(){for(var e,t,s=l.querySelectorAll(\"iframe.wp-embedded-content\"),r=0;r<s.length;r++)(t=(e=s[r]).getAttribute(\"data-secret\"))||(t=Math.random().toString(36).substring(2,12),e.src+=\"#?secret=\"+t,e.setAttribute(\"data-secret\",t)),e.contentWindow.postMessage({message:\"ready\",secret:t},\"*\")},!1)))}(window,document);\n\/\/# sourceURL=https:\/\/www.carmelitaniscalzi.com\/wp-includes\/js\/wp-embed.min.js\n\/* ]]> *\/\n<\/script>\n","thumbnail_url":"https:\/\/www.carmelitaniscalzi.com\/wp-content\/uploads\/2024\/08\/cover_america_sud_08.2024.jpg","thumbnail_width":1200,"thumbnail_height":800,"description":"Die Gemeinschaft von Curitiba mit dem Ausbildungsteam und der Pfarrgemeinde war vom 15. Juli bis zum 15. August Gastgeber f\u00fcr unser zweites Noviziat. Dank Ausbildungskursen zu verschiedenen Themen und Ausfl\u00fcgen in der Stadt Curitiba lernten wir uns kennen: C\u00e9sar de San Jos\u00e9 und Yeison de Santa Teresa de los Andes aus der Provinz Kolumbien, Luis [&hellip;]"}

Die Gemeinschaft von Curitiba mit dem Ausbildungsteam und der Pfarrgemeinde war vom 15. Juli bis zum 15. August Gastgeber für unser zweites Noviziat. Dank Ausbildungskursen zu verschiedenen Themen und Ausflügen in der Stadt Curitiba lernten wir uns kennen: César de San José und Yeison de Santa Teresa de los Andes aus der Provinz Kolumbien, Luis [&hellip;]
