{"version":"1.0","provider_name":"UNBESCHUHTE KARMELITEN","provider_url":"https:\/\/www.carmelitaniscalzi.com\/de\/","title":"Philippinen: 75 Jahre Pr\u00e4senz unsres Ordens - UNBESCHUHTE KARMELITEN","type":"rich","width":600,"height":338,"html":"<blockquote class=\"wp-embedded-content\" data-secret=\"yMfiz0SonA\"><a href=\"https:\/\/www.carmelitaniscalzi.com\/de\/2022\/07\/23\/philippinen-75-jahre-praesenz-unsres-ordens\/\">Philippinen: 75 Jahre Pr\u00e4senz unsres Ordens<\/a><\/blockquote><iframe sandbox=\"allow-scripts\" security=\"restricted\" src=\"https:\/\/www.carmelitaniscalzi.com\/de\/2022\/07\/23\/philippinen-75-jahre-praesenz-unsres-ordens\/embed\/#?secret=yMfiz0SonA\" width=\"600\" height=\"338\" title=\"&#8222;Philippinen: 75 Jahre Pr\u00e4senz unsres Ordens&#8220; &#8211; UNBESCHUHTE KARMELITEN\" data-secret=\"yMfiz0SonA\" frameborder=\"0\" marginwidth=\"0\" marginheight=\"0\" scrolling=\"no\" class=\"wp-embedded-content\"><\/iframe><script type=\"text\/javascript\">\n\/* <![CDATA[ *\/\n\/*! This file is auto-generated *\/\n!function(d,l){\"use strict\";l.querySelector&&d.addEventListener&&\"undefined\"!=typeof URL&&(d.wp=d.wp||{},d.wp.receiveEmbedMessage||(d.wp.receiveEmbedMessage=function(e){var t=e.data;if((t||t.secret||t.message||t.value)&&!\/[^a-zA-Z0-9]\/.test(t.secret)){for(var s,r,n,a=l.querySelectorAll('iframe[data-secret=\"'+t.secret+'\"]'),o=l.querySelectorAll('blockquote[data-secret=\"'+t.secret+'\"]'),c=new RegExp(\"^https?:$\",\"i\"),i=0;i<o.length;i++)o[i].style.display=\"none\";for(i=0;i<a.length;i++)s=a[i],e.source===s.contentWindow&&(s.removeAttribute(\"style\"),\"height\"===t.message?(1e3<(r=parseInt(t.value,10))?r=1e3:~~r<200&&(r=200),s.height=r):\"link\"===t.message&&(r=new URL(s.getAttribute(\"src\")),n=new URL(t.value),c.test(n.protocol))&&n.host===r.host&&l.activeElement===s&&(d.top.location.href=t.value))}},d.addEventListener(\"message\",d.wp.receiveEmbedMessage,!1),l.addEventListener(\"DOMContentLoaded\",function(){for(var e,t,s=l.querySelectorAll(\"iframe.wp-embedded-content\"),r=0;r<s.length;r++)(t=(e=s[r]).getAttribute(\"data-secret\"))||(t=Math.random().toString(36).substring(2,12),e.src+=\"#?secret=\"+t,e.setAttribute(\"data-secret\",t)),e.contentWindow.postMessage({message:\"ready\",secret:t},\"*\")},!1)))}(window,document);\n\/\/# sourceURL=https:\/\/www.carmelitaniscalzi.com\/wp-includes\/js\/wp-embed.min.js\n\/* ]]> *\/\n<\/script>\n","thumbnail_url":"https:\/\/www.carmelitaniscalzi.com\/wp-content\/uploads\/2022\/07\/Cover_Filippine_06.2022.jpg","thumbnail_width":1200,"thumbnail_height":800,"description":"W\u00e4hrend die Weltkirche am 6. Juni das Hochheilige Pfingstfest feierte, beging die Provinz zur hl. Teresa von Jesus in gro\u00dfer Dankbarkeit den 75. Jahrestag der Anwesenheit der Karmeliten auf den Philippinen. Alles begann im Jahr 1947, als sechs Mitbr\u00fcder der Provinz Washington in den &#8222;vernachl\u00e4ssigtsten&#8220; Gemeinden der Pr\u00e4fektur Infanta ihre Arbeit aufnahmen. Einige Zeit sp\u00e4ter [&hellip;]"}

Philippinen: 75 Jahre Präsenz unsres Ordens - UNBESCHUHTE KARMELITEN

<blockquote class="wp-embedded-content" data-secret="yMfiz0SonA"><a href="https://www.carmelitaniscalzi.com/de/2022/07/23/philippinen-75-jahre-praesenz-unsres-ordens/">Philippinen: 75 Jahre Präsenz unsres Ordens</a></blockquote><iframe sandbox="allow-scripts" security="restricted" src="https://www.carmelitaniscalzi.com/de/2022/07/23/philippinen-75-jahre-praesenz-unsres-ordens/embed/#?secret=yMfiz0SonA" width="600" height="338" title="&#8222;Philippinen: 75 Jahre Präsenz unsres Ordens&#8220; &#8211; UNBESCHUHTE KARMELITEN" data-secret="yMfiz0SonA" frameborder="0" marginwidth="0" marginheight="0" scrolling="no" class="wp-embedded-content"></iframe><script type="text/javascript">
/* <![CDATA[ */
/*! This file is auto-generated */
!function(d,l){"use strict";l.querySelector&&d.addEventListener&&"undefined"!=typeof URL&&(d.wp=d.wp||{},d.wp.receiveEmbedMessage||(d.wp.receiveEmbedMessage=function(e){var t=e.data;if((t||t.secret||t.message||t.value)&&!/[^a-zA-Z0-9]/.test(t.secret)){for(var s,r,n,a=l.querySelectorAll('iframe[data-secret="'+t.secret+'"]'),o=l.querySelectorAll('blockquote[data-secret="'+t.secret+'"]'),c=new RegExp("^https?:$","i"),i=0;i<o.length;i++)o[i].style.display="none";for(i=0;i<a.length;i++)s=a[i],e.source===s.contentWindow&&(s.removeAttribute("style"),"height"===t.message?(1e3<(r=parseInt(t.value,10))?r=1e3:~~r<200&&(r=200),s.height=r):"link"===t.message&&(r=new URL(s.getAttribute("src")),n=new URL(t.value),c.test(n.protocol))&&n.host===r.host&&l.activeElement===s&&(d.top.location.href=t.value))}},d.addEventListener("message",d.wp.receiveEmbedMessage,!1),l.addEventListener("DOMContentLoaded",function(){for(var e,t,s=l.querySelectorAll("iframe.wp-embedded-content"),r=0;r<s.length;r++)(t=(e=s[r]).getAttribute("data-secret"))||(t=Math.random().toString(36).substring(2,12),e.src+="#?secret="+t,e.setAttribute("data-secret",t)),e.contentWindow.postMessage({message:"ready",secret:t},"*")},!1)))}(window,document);
//# sourceURL=https://www.carmelitaniscalzi.com/wp-includes/js/wp-embed.min.js
/* ]]> */
</script>

Während die Weltkirche am 6. Juni das Hochheilige Pfingstfest feierte, beging die Provinz zur hl. Teresa von Jesus in großer Dankbarkeit den 75. Jahrestag der Anwesenheit der Karmeliten auf den Philippinen. Alles begann im Jahr 1947, als sechs Mitbrüder der Provinz Washington in den &#8222;vernachlässigtsten&#8220; Gemeinden der Präfektur Infanta ihre Arbeit aufnahmen. Einige Zeit später [&hellip;]
