{"version":"1.0","provider_name":"UNBESCHUHTE KARMELITEN","provider_url":"https:\/\/www.carmelitaniscalzi.com\/de\/","title":"Therese von Lisieux bei der UNESCO - UNBESCHUHTE KARMELITEN","type":"rich","width":600,"height":338,"html":"<blockquote class=\"wp-embedded-content\" data-secret=\"RkUWUaUMfP\"><a href=\"https:\/\/www.carmelitaniscalzi.com\/de\/2021\/05\/31\/therese-von-lisieux-bei-der-unesco\/\">Therese von Lisieux bei der UNESCO<\/a><\/blockquote><iframe sandbox=\"allow-scripts\" security=\"restricted\" src=\"https:\/\/www.carmelitaniscalzi.com\/de\/2021\/05\/31\/therese-von-lisieux-bei-der-unesco\/embed\/#?secret=RkUWUaUMfP\" width=\"600\" height=\"338\" title=\"&#8222;Therese von Lisieux bei der UNESCO&#8220; &#8211; UNBESCHUHTE KARMELITEN\" data-secret=\"RkUWUaUMfP\" frameborder=\"0\" marginwidth=\"0\" marginheight=\"0\" scrolling=\"no\" class=\"wp-embedded-content\"><\/iframe><script type=\"text\/javascript\">\n\/* <![CDATA[ *\/\n\/*! This file is auto-generated *\/\n!function(d,l){\"use strict\";l.querySelector&&d.addEventListener&&\"undefined\"!=typeof URL&&(d.wp=d.wp||{},d.wp.receiveEmbedMessage||(d.wp.receiveEmbedMessage=function(e){var t=e.data;if((t||t.secret||t.message||t.value)&&!\/[^a-zA-Z0-9]\/.test(t.secret)){for(var s,r,n,a=l.querySelectorAll('iframe[data-secret=\"'+t.secret+'\"]'),o=l.querySelectorAll('blockquote[data-secret=\"'+t.secret+'\"]'),c=new RegExp(\"^https?:$\",\"i\"),i=0;i<o.length;i++)o[i].style.display=\"none\";for(i=0;i<a.length;i++)s=a[i],e.source===s.contentWindow&&(s.removeAttribute(\"style\"),\"height\"===t.message?(1e3<(r=parseInt(t.value,10))?r=1e3:~~r<200&&(r=200),s.height=r):\"link\"===t.message&&(r=new URL(s.getAttribute(\"src\")),n=new URL(t.value),c.test(n.protocol))&&n.host===r.host&&l.activeElement===s&&(d.top.location.href=t.value))}},d.addEventListener(\"message\",d.wp.receiveEmbedMessage,!1),l.addEventListener(\"DOMContentLoaded\",function(){for(var e,t,s=l.querySelectorAll(\"iframe.wp-embedded-content\"),r=0;r<s.length;r++)(t=(e=s[r]).getAttribute(\"data-secret\"))||(t=Math.random().toString(36).substring(2,12),e.src+=\"#?secret=\"+t,e.setAttribute(\"data-secret\",t)),e.contentWindow.postMessage({message:\"ready\",secret:t},\"*\")},!1)))}(window,document);\n\/\/# sourceURL=https:\/\/www.carmelitaniscalzi.com\/wp-includes\/js\/wp-embed.min.js\n\/* ]]> *\/\n<\/script>\n","thumbnail_url":"https:\/\/www.carmelitaniscalzi.com\/wp-content\/uploads\/2021\/07\/copert_thl.jpg","thumbnail_width":848,"thumbnail_height":600,"description":"Am 16. April hat der Exekutivrat der UNESCO anl\u00e4sslich des 150j\u00e4hrigen Geburtstags die Kandidatur Thereses von Lisieux f\u00fcr die Biennale 2022\/2023 approbiert, was mit der Hundertjahrfeier ihrer Seligsprechung (29.4.1923) zusammenf\u00e4llt. Pr\u00e4sentiert wurde diese Kandidatur vom franz\u00f6sischen Staat und der Basilika von Lisieux. Mit der Biennale m\u00f6chte die UNESCO \u201edas Andenken an Menschen ehren, die sich [&hellip;]"}

Am 16. April hat der Exekutivrat der UNESCO anlässlich des 150jährigen Geburtstags die Kandidatur Thereses von Lisieux für die Biennale 2022/2023 approbiert, was mit der Hundertjahrfeier ihrer Seligsprechung (29.4.1923) zusammenfällt. Präsentiert wurde diese Kandidatur vom französischen Staat und der Basilika von Lisieux. Mit der Biennale möchte die UNESCO „das Andenken an Menschen ehren, die sich [&hellip;]
