{"version":"1.0","provider_name":"UNBESCHUHTE KARMELITEN","provider_url":"https:\/\/www.carmelitaniscalzi.com\/de\/","title":"Seligsprechung von \u201cChiquitunga\u201d - UNBESCHUHTE KARMELITEN","type":"rich","width":600,"height":338,"html":"<blockquote class=\"wp-embedded-content\" data-secret=\"yVO7xVGi1P\"><a href=\"https:\/\/www.carmelitaniscalzi.com\/de\/2018\/04\/17\/seligsprechung-von-chiquitunga\/\">Seligsprechung von \u201cChiquitunga\u201d<\/a><\/blockquote><iframe sandbox=\"allow-scripts\" security=\"restricted\" src=\"https:\/\/www.carmelitaniscalzi.com\/de\/2018\/04\/17\/seligsprechung-von-chiquitunga\/embed\/#?secret=yVO7xVGi1P\" width=\"600\" height=\"338\" title=\"&#8222;Seligsprechung von \u201cChiquitunga\u201d&#8220; &#8211; UNBESCHUHTE KARMELITEN\" data-secret=\"yVO7xVGi1P\" frameborder=\"0\" marginwidth=\"0\" marginheight=\"0\" scrolling=\"no\" class=\"wp-embedded-content\"><\/iframe><script type=\"text\/javascript\">\n\/* <![CDATA[ *\/\n\/*! This file is auto-generated *\/\n!function(d,l){\"use strict\";l.querySelector&&d.addEventListener&&\"undefined\"!=typeof URL&&(d.wp=d.wp||{},d.wp.receiveEmbedMessage||(d.wp.receiveEmbedMessage=function(e){var t=e.data;if((t||t.secret||t.message||t.value)&&!\/[^a-zA-Z0-9]\/.test(t.secret)){for(var s,r,n,a=l.querySelectorAll('iframe[data-secret=\"'+t.secret+'\"]'),o=l.querySelectorAll('blockquote[data-secret=\"'+t.secret+'\"]'),c=new RegExp(\"^https?:$\",\"i\"),i=0;i<o.length;i++)o[i].style.display=\"none\";for(i=0;i<a.length;i++)s=a[i],e.source===s.contentWindow&&(s.removeAttribute(\"style\"),\"height\"===t.message?(1e3<(r=parseInt(t.value,10))?r=1e3:~~r<200&&(r=200),s.height=r):\"link\"===t.message&&(r=new URL(s.getAttribute(\"src\")),n=new URL(t.value),c.test(n.protocol))&&n.host===r.host&&l.activeElement===s&&(d.top.location.href=t.value))}},d.addEventListener(\"message\",d.wp.receiveEmbedMessage,!1),l.addEventListener(\"DOMContentLoaded\",function(){for(var e,t,s=l.querySelectorAll(\"iframe.wp-embedded-content\"),r=0;r<s.length;r++)(t=(e=s[r]).getAttribute(\"data-secret\"))||(t=Math.random().toString(36).substring(2,12),e.src+=\"#?secret=\"+t,e.setAttribute(\"data-secret\",t)),e.contentWindow.postMessage({message:\"ready\",secret:t},\"*\")},!1)))}(window,document);\n\/\/# sourceURL=https:\/\/www.carmelitaniscalzi.com\/wp-includes\/js\/wp-embed.min.js\n\/* ]]> *\/\n<\/script>\n","thumbnail_url":"https:\/\/www.carmelitaniscalzi.com\/wp-content\/uploads\/2018\/04\/Chiquitunga-6.jpeg","thumbnail_width":1280,"thumbnail_height":1000,"description":"Am 6. M\u00e4rz 2018 hat der Hl. Vater durch den Pr\u00e4fekten der Kongregation f\u00fcr die Causen\u00a0 der Seligen und Heiligen die Erlaubnis gegeben, das Dekret mit der Approbation des der Ehrw\u00fcrdigen Dienerin Gottes Mar\u00eda Felicia von Jesus im Sakrament zugeschriebenen Wunders zu promulgieren. Sp\u00e4ter hat Bischof Valenzuela von Asunci\u00f3n, Paraguay, das Datum f\u00fcr die Seligsprechung [&hellip;]"}

Am 6. März 2018 hat der Hl. Vater durch den Präfekten der Kongregation für die Causen  der Seligen und Heiligen die Erlaubnis gegeben, das Dekret mit der Approbation des der Ehrwürdigen Dienerin Gottes María Felicia von Jesus im Sakrament zugeschriebenen Wunders zu promulgieren. Später hat Bischof Valenzuela von Asunción, Paraguay, das Datum für die Seligsprechung [&hellip;]
