{"version":"1.0","provider_name":"UNBESCHUHTE KARMELITEN","provider_url":"https:\/\/www.carmelitaniscalzi.com\/de\/","title":"P. Saverio beim Hausfest des Teresianum - UNBESCHUHTE KARMELITEN","type":"rich","width":600,"height":338,"html":"<blockquote class=\"wp-embedded-content\" data-secret=\"ZEIJOSDOQu\"><a href=\"https:\/\/www.carmelitaniscalzi.com\/de\/2018\/03\/28\/p-saverio-beim-hausfest-des-teresianum\/\">P. Saverio beim Hausfest des Teresianum<\/a><\/blockquote><iframe sandbox=\"allow-scripts\" security=\"restricted\" src=\"https:\/\/www.carmelitaniscalzi.com\/de\/2018\/03\/28\/p-saverio-beim-hausfest-des-teresianum\/embed\/#?secret=ZEIJOSDOQu\" width=\"600\" height=\"338\" title=\"&#8222;P. Saverio beim Hausfest des Teresianum&#8220; &#8211; UNBESCHUHTE KARMELITEN\" data-secret=\"ZEIJOSDOQu\" frameborder=\"0\" marginwidth=\"0\" marginheight=\"0\" scrolling=\"no\" class=\"wp-embedded-content\"><\/iframe><script type=\"text\/javascript\">\n\/* <![CDATA[ *\/\n\/*! This file is auto-generated *\/\n!function(d,l){\"use strict\";l.querySelector&&d.addEventListener&&\"undefined\"!=typeof URL&&(d.wp=d.wp||{},d.wp.receiveEmbedMessage||(d.wp.receiveEmbedMessage=function(e){var t=e.data;if((t||t.secret||t.message||t.value)&&!\/[^a-zA-Z0-9]\/.test(t.secret)){for(var s,r,n,a=l.querySelectorAll('iframe[data-secret=\"'+t.secret+'\"]'),o=l.querySelectorAll('blockquote[data-secret=\"'+t.secret+'\"]'),c=new RegExp(\"^https?:$\",\"i\"),i=0;i<o.length;i++)o[i].style.display=\"none\";for(i=0;i<a.length;i++)s=a[i],e.source===s.contentWindow&&(s.removeAttribute(\"style\"),\"height\"===t.message?(1e3<(r=parseInt(t.value,10))?r=1e3:~~r<200&&(r=200),s.height=r):\"link\"===t.message&&(r=new URL(s.getAttribute(\"src\")),n=new URL(t.value),c.test(n.protocol))&&n.host===r.host&&l.activeElement===s&&(d.top.location.href=t.value))}},d.addEventListener(\"message\",d.wp.receiveEmbedMessage,!1),l.addEventListener(\"DOMContentLoaded\",function(){for(var e,t,s=l.querySelectorAll(\"iframe.wp-embedded-content\"),r=0;r<s.length;r++)(t=(e=s[r]).getAttribute(\"data-secret\"))||(t=Math.random().toString(36).substring(2,12),e.src+=\"#?secret=\"+t,e.setAttribute(\"data-secret\",t)),e.contentWindow.postMessage({message:\"ready\",secret:t},\"*\")},!1)))}(window,document);\n\/\/# sourceURL=https:\/\/www.carmelitaniscalzi.com\/wp-includes\/js\/wp-embed.min.js\n\/* ]]> *\/\n<\/script>\n","thumbnail_url":"https:\/\/www.carmelitaniscalzi.com\/wp-content\/uploads\/2018\/03\/01-4.jpg","thumbnail_width":1440,"thumbnail_height":1080,"description":"In seiner Zeit als Rektor des Teresianum hat P. Antoine-Marie Zacharie Igirukwayo vor einigen Jahren, jeweils am 12. M\u00e4rz, dem Jahrestag der Heiligsprechung Teresas, ein eigenes \u201eHausfest\u201c f\u00fcr das Teresianum eingef\u00fchrt. Am 396. Jahrestag dieser erhebenden Feier nahm P. General teil und er\u00f6ffnete das Fest mit einer konzelebrierten Messe der Kapelle des Teresianum. In seiner [&hellip;]"}

In seiner Zeit als Rektor des Teresianum hat P. Antoine-Marie Zacharie Igirukwayo vor einigen Jahren, jeweils am 12. März, dem Jahrestag der Heiligsprechung Teresas, ein eigenes „Hausfest“ für das Teresianum eingeführt. Am 396. Jahrestag dieser erhebenden Feier nahm P. General teil und eröffnete das Fest mit einer konzelebrierten Messe der Kapelle des Teresianum. In seiner [&hellip;]
