{"version":"1.0","provider_name":"UNBESCHUHTE KARMELITEN","provider_url":"https:\/\/www.carmelitaniscalzi.com\/de\/","title":"Treffen der Karmeliten unseres Ordens in Indien - UNBESCHUHTE KARMELITEN","type":"rich","width":600,"height":338,"html":"<blockquote class=\"wp-embedded-content\" data-secret=\"bjGb37aKfd\"><a href=\"https:\/\/www.carmelitaniscalzi.com\/de\/2018\/03\/05\/treffen-der-karmeliten-unseres-ordens-indien\/\">Treffen der Karmeliten unseres Ordens in Indien<\/a><\/blockquote><iframe sandbox=\"allow-scripts\" security=\"restricted\" src=\"https:\/\/www.carmelitaniscalzi.com\/de\/2018\/03\/05\/treffen-der-karmeliten-unseres-ordens-indien\/embed\/#?secret=bjGb37aKfd\" width=\"600\" height=\"338\" title=\"&#8222;Treffen der Karmeliten unseres Ordens in Indien&#8220; &#8211; UNBESCHUHTE KARMELITEN\" data-secret=\"bjGb37aKfd\" frameborder=\"0\" marginwidth=\"0\" marginheight=\"0\" scrolling=\"no\" class=\"wp-embedded-content\"><\/iframe><script type=\"text\/javascript\">\n\/* <![CDATA[ *\/\n\/*! This file is auto-generated *\/\n!function(d,l){\"use strict\";l.querySelector&&d.addEventListener&&\"undefined\"!=typeof URL&&(d.wp=d.wp||{},d.wp.receiveEmbedMessage||(d.wp.receiveEmbedMessage=function(e){var t=e.data;if((t||t.secret||t.message||t.value)&&!\/[^a-zA-Z0-9]\/.test(t.secret)){for(var s,r,n,a=l.querySelectorAll('iframe[data-secret=\"'+t.secret+'\"]'),o=l.querySelectorAll('blockquote[data-secret=\"'+t.secret+'\"]'),c=new RegExp(\"^https?:$\",\"i\"),i=0;i<o.length;i++)o[i].style.display=\"none\";for(i=0;i<a.length;i++)s=a[i],e.source===s.contentWindow&&(s.removeAttribute(\"style\"),\"height\"===t.message?(1e3<(r=parseInt(t.value,10))?r=1e3:~~r<200&&(r=200),s.height=r):\"link\"===t.message&&(r=new URL(s.getAttribute(\"src\")),n=new URL(t.value),c.test(n.protocol))&&n.host===r.host&&l.activeElement===s&&(d.top.location.href=t.value))}},d.addEventListener(\"message\",d.wp.receiveEmbedMessage,!1),l.addEventListener(\"DOMContentLoaded\",function(){for(var e,t,s=l.querySelectorAll(\"iframe.wp-embedded-content\"),r=0;r<s.length;r++)(t=(e=s[r]).getAttribute(\"data-secret\"))||(t=Math.random().toString(36).substring(2,12),e.src+=\"#?secret=\"+t,e.setAttribute(\"data-secret\",t)),e.contentWindow.postMessage({message:\"ready\",secret:t},\"*\")},!1)))}(window,document);\n\/\/# sourceURL=https:\/\/www.carmelitaniscalzi.com\/wp-includes\/js\/wp-embed.min.js\n\/* ]]> *\/\n<\/script>\n","thumbnail_url":"https:\/\/www.carmelitaniscalzi.com\/wp-content\/uploads\/2018\/03\/00.jpg","thumbnail_width":640,"thumbnail_height":316,"description":"Am vergangenen 2. Februar traf sich P. Saverio Cannistr\u00e0 in Begleitung von P. Johannes Gorantla, dem f\u00fcr S\u00fcdasien zust\u00e4ndigen Definitor, mit der Generalversammlung der IPCI, zu der die sieben Provinzi\u00e4le mit jeweils einem Provinzrat, drei Regionlvikariate und zwei Provinzdelegate in Indien geh\u00f6ren. Ziel war es, sich mit P. General \u00fcber aktuelle Themen des Ordens in [&hellip;]"}

Am vergangenen 2. Februar traf sich P. Saverio Cannistrà in Begleitung von P. Johannes Gorantla, dem für Südasien zuständigen Definitor, mit der Generalversammlung der IPCI, zu der die sieben Provinziäle mit jeweils einem Provinzrat, drei Regionlvikariate und zwei Provinzdelegate in Indien gehören. Ziel war es, sich mit P. General über aktuelle Themen des Ordens in [&hellip;]
