{"version":"1.0","provider_name":"UNBESCHUHTE KARMELITEN","provider_url":"https:\/\/www.carmelitaniscalzi.com\/de\/","title":"Ein neuer Kardinal f\u00fcr unseren Orden - UNBESCHUHTE KARMELITEN","type":"rich","width":600,"height":338,"html":"<blockquote class=\"wp-embedded-content\" data-secret=\"6DPjZVPrpX\"><a href=\"https:\/\/www.carmelitaniscalzi.com\/de\/2017\/06\/01\/ein-neuer-kardinal-fuer-unseren-orden\/\">Ein neuer Kardinal f\u00fcr unseren Orden<\/a><\/blockquote><iframe sandbox=\"allow-scripts\" security=\"restricted\" src=\"https:\/\/www.carmelitaniscalzi.com\/de\/2017\/06\/01\/ein-neuer-kardinal-fuer-unseren-orden\/embed\/#?secret=6DPjZVPrpX\" width=\"600\" height=\"338\" title=\"&#8222;Ein neuer Kardinal f\u00fcr unseren Orden&#8220; &#8211; UNBESCHUHTE KARMELITEN\" data-secret=\"6DPjZVPrpX\" frameborder=\"0\" marginwidth=\"0\" marginheight=\"0\" scrolling=\"no\" class=\"wp-embedded-content\"><\/iframe><script type=\"text\/javascript\">\n\/* <![CDATA[ *\/\n\/*! This file is auto-generated *\/\n!function(d,l){\"use strict\";l.querySelector&&d.addEventListener&&\"undefined\"!=typeof URL&&(d.wp=d.wp||{},d.wp.receiveEmbedMessage||(d.wp.receiveEmbedMessage=function(e){var t=e.data;if((t||t.secret||t.message||t.value)&&!\/[^a-zA-Z0-9]\/.test(t.secret)){for(var s,r,n,a=l.querySelectorAll('iframe[data-secret=\"'+t.secret+'\"]'),o=l.querySelectorAll('blockquote[data-secret=\"'+t.secret+'\"]'),c=new RegExp(\"^https?:$\",\"i\"),i=0;i<o.length;i++)o[i].style.display=\"none\";for(i=0;i<a.length;i++)s=a[i],e.source===s.contentWindow&&(s.removeAttribute(\"style\"),\"height\"===t.message?(1e3<(r=parseInt(t.value,10))?r=1e3:~~r<200&&(r=200),s.height=r):\"link\"===t.message&&(r=new URL(s.getAttribute(\"src\")),n=new URL(t.value),c.test(n.protocol))&&n.host===r.host&&l.activeElement===s&&(d.top.location.href=t.value))}},d.addEventListener(\"message\",d.wp.receiveEmbedMessage,!1),l.addEventListener(\"DOMContentLoaded\",function(){for(var e,t,s=l.querySelectorAll(\"iframe.wp-embedded-content\"),r=0;r<s.length;r++)(t=(e=s[r]).getAttribute(\"data-secret\"))||(t=Math.random().toString(36).substring(2,12),e.src+=\"#?secret=\"+t,e.setAttribute(\"data-secret\",t)),e.contentWindow.postMessage({message:\"ready\",secret:t},\"*\")},!1)))}(window,document);\n\/\/# sourceURL=https:\/\/www.carmelitaniscalzi.com\/wp-includes\/js\/wp-embed.min.js\n\/* ]]> *\/\n<\/script>\n","thumbnail_url":"https:\/\/www.carmelitaniscalzi.com\/wp-content\/uploads\/2017\/06\/0.jpg","thumbnail_width":2228,"thumbnail_height":2941,"description":"Am 21. Mai hat Papst Franziskus bei seiner Ansprache zum Regina Coeli verk\u00fcndet, dass er am kommenden 28. Juni ein Konsistorium einberufen wird, bei dem er f\u00fcnf neue Kardin\u00e4le kreiert. Unter ihnen befindet sich unser Mitbruder Anders Arborelius, seit 1998 Bischof von Stockholm. Geboren am 24. September 1949 in Sorengo (Schweiz) in einer nichtpraktizierenden lutherischen [&hellip;]"}

Ein neuer Kardinal für unseren Orden - UNBESCHUHTE KARMELITEN

<blockquote class="wp-embedded-content" data-secret="6DPjZVPrpX"><a href="https://www.carmelitaniscalzi.com/de/2017/06/01/ein-neuer-kardinal-fuer-unseren-orden/">Ein neuer Kardinal für unseren Orden</a></blockquote><iframe sandbox="allow-scripts" security="restricted" src="https://www.carmelitaniscalzi.com/de/2017/06/01/ein-neuer-kardinal-fuer-unseren-orden/embed/#?secret=6DPjZVPrpX" width="600" height="338" title="&#8222;Ein neuer Kardinal für unseren Orden&#8220; &#8211; UNBESCHUHTE KARMELITEN" data-secret="6DPjZVPrpX" frameborder="0" marginwidth="0" marginheight="0" scrolling="no" class="wp-embedded-content"></iframe><script type="text/javascript">
/* <![CDATA[ */
/*! This file is auto-generated */
!function(d,l){"use strict";l.querySelector&&d.addEventListener&&"undefined"!=typeof URL&&(d.wp=d.wp||{},d.wp.receiveEmbedMessage||(d.wp.receiveEmbedMessage=function(e){var t=e.data;if((t||t.secret||t.message||t.value)&&!/[^a-zA-Z0-9]/.test(t.secret)){for(var s,r,n,a=l.querySelectorAll('iframe[data-secret="'+t.secret+'"]'),o=l.querySelectorAll('blockquote[data-secret="'+t.secret+'"]'),c=new RegExp("^https?:$","i"),i=0;i<o.length;i++)o[i].style.display="none";for(i=0;i<a.length;i++)s=a[i],e.source===s.contentWindow&&(s.removeAttribute("style"),"height"===t.message?(1e3<(r=parseInt(t.value,10))?r=1e3:~~r<200&&(r=200),s.height=r):"link"===t.message&&(r=new URL(s.getAttribute("src")),n=new URL(t.value),c.test(n.protocol))&&n.host===r.host&&l.activeElement===s&&(d.top.location.href=t.value))}},d.addEventListener("message",d.wp.receiveEmbedMessage,!1),l.addEventListener("DOMContentLoaded",function(){for(var e,t,s=l.querySelectorAll("iframe.wp-embedded-content"),r=0;r<s.length;r++)(t=(e=s[r]).getAttribute("data-secret"))||(t=Math.random().toString(36).substring(2,12),e.src+="#?secret="+t,e.setAttribute("data-secret",t)),e.contentWindow.postMessage({message:"ready",secret:t},"*")},!1)))}(window,document);
//# sourceURL=https://www.carmelitaniscalzi.com/wp-includes/js/wp-embed.min.js
/* ]]> */
</script>

Am 21. Mai hat Papst Franziskus bei seiner Ansprache zum Regina Coeli verkündet, dass er am kommenden 28. Juni ein Konsistorium einberufen wird, bei dem er fünf neue Kardinäle kreiert. Unter ihnen befindet sich unser Mitbruder Anders Arborelius, seit 1998 Bischof von Stockholm. Geboren am 24. September 1949 in Sorengo (Schweiz) in einer nichtpraktizierenden lutherischen [&hellip;]
